-- https://www.phpmyadmin.net/
--
-- Servidor: 127.0.0.1
-- Tiempo de generación: 06-06-2026 a las 04:09:28
-- Versión del servidor: 10.4.32-MariaDB
-- Versión de PHP: 8.2.12

START TRANSACTION;



--
-- Base de datos: `portaljdch_newdb`
--

-- --------------------------------------------------------

--
-- Estructura de tabla para la tabla `admision_cronograma`
--

CREATE TABLE `admision_cronograma` (
  `id` int(11) NOT NULL,
  `titulo` varchar(150) NOT NULL,
  `fecha` varchar(199) NOT NULL,
  `descripcion` text DEFAULT NULL,
  `icono` varchar(100) DEFAULT NULL,
  `is_active` tinyint(1) DEFAULT 1,
  `created_at` timestamp NOT NULL DEFAULT current_timestamp(),
  `updated_at` timestamp NOT NULL DEFAULT current_timestamp() ON UPDATE current_timestamp(),
  `deleted_at` timestamp NULL DEFAULT NULL
) ENGINE=InnoDB DEFAULT CHARSET=utf8mb4 COLLATE=utf8mb4_general_ci;

--
-- Volcado de datos para la tabla `admision_cronograma`
--

INSERT INTO `admision_cronograma` (`id`, `titulo`, `fecha`, `descripcion`, `icono`, `is_active`, `created_at`, `updated_at`, `deleted_at`) VALUES
(11, 'EXONERADOS', '20/03/2026', '8:00a.m . - 02:00p.m.', 'fa-solid fa-calendar-days', 1, '2025-11-28 15:28:34', '2026-04-14 14:51:11', NULL),
(12, 'ORDINARIOS', '18/04/2026', '8:00 a.m. - 1:00 p.m.', 'fa-solid fa-calendar', 1, '2025-12-04 15:10:52', '2026-04-14 14:51:42', NULL);

-- --------------------------------------------------------

--
-- Estructura de tabla para la tabla `admision_documentos`
--

CREATE TABLE `admision_documentos` (
  `id` int(11) NOT NULL,
  `nombre` varchar(150) NOT NULL,
  `is_active` tinyint(1) DEFAULT 1,
  `created_at` timestamp NOT NULL DEFAULT current_timestamp(),
  `updated_at` timestamp NOT NULL DEFAULT current_timestamp() ON UPDATE current_timestamp(),
  `deleted_at` timestamp NULL DEFAULT NULL
) ENGINE=InnoDB DEFAULT CHARSET=utf8mb4 COLLATE=utf8mb4_general_ci;

--
-- Volcado de datos para la tabla `admision_documentos`
--

INSERT INTO `admision_documentos` (`id`, `nombre`, `is_active`, `created_at`, `updated_at`, `deleted_at`) VALUES
(1, 'Documentos Obligatorios', 1, '2025-09-01 22:52:50', '2025-09-01 22:52:50', NULL),
(2, 'Documentos Adicionales', 1, '2025-09-01 22:52:50', '2025-09-01 22:52:50', NULL);

-- --------------------------------------------------------

--
-- Estructura de tabla para la tabla `admision_exonerados`
--

CREATE TABLE `admision_exonerados` (
  `id` int(11) NOT NULL,
  `titulo` varchar(150) NOT NULL,
  `descripcion` text DEFAULT NULL,
  `icono` varchar(100) DEFAULT NULL,
  `is_active` tinyint(1) DEFAULT 1,
  `created_at` timestamp NOT NULL DEFAULT current_timestamp(),
  `updated_at` timestamp NOT NULL DEFAULT current_timestamp() ON UPDATE current_timestamp(),
  `deleted_at` timestamp NULL DEFAULT NULL
) ENGINE=InnoDB DEFAULT CHARSET=utf8mb4 COLLATE=utf8mb4_general_ci;

--
-- Volcado de datos para la tabla `admision_exonerados`
--

INSERT INTO `admision_exonerados` (`id`, `titulo`, `descripcion`, `icono`, `is_active`, `created_at`, `updated_at`, `deleted_at`) VALUES
(9, 'POR EXCELENCIA ACADÉMICA', 'Haber obtenido el primer y segundo lugar puesto de la educación básica nivel secundario en cualquier de sus modalidades.', 'fa-solid fa-trophy', 1, '2025-10-22 17:23:36', '2025-11-28 15:07:25', NULL),
(10, 'SER DEPORTISTA CALIFICADO', 'El alumno debe ser acreditado por una constancia del instituto peruano del deporte', 'fa-solid fa-medal', 1, '2025-11-28 14:58:49', '2025-11-28 14:58:49', NULL),
(11, 'BENEFICIOS DE PROGRAMA (PIR)', 'Beneficios del programa de reparaciones en el sector educación, mediante el plan integral de reparaciones (PIR) autorizado mediante la ley Nº 28592.', 'fa-solid fa-award', 1, '2025-11-28 15:03:27', '2025-11-28 15:03:27', NULL),
(12, 'CONADIS', 'Profesionales o profesionales técnicos de alguna especialidad distinta.', 'fa-solid fa-award', 1, '2025-11-28 15:05:10', '2025-11-28 15:05:10', NULL);

-- --------------------------------------------------------

--
-- Estructura de tabla para la tabla `admision_modalidades`
--

CREATE TABLE `admision_modalidades` (
  `id` int(11) NOT NULL,
  `titulo` varchar(150) NOT NULL,
  `descripcion` text DEFAULT NULL,
  `icono` varchar(100) DEFAULT NULL,
  `is_active` tinyint(1) DEFAULT 1,
  `created_at` timestamp NOT NULL DEFAULT current_timestamp(),
  `updated_at` timestamp NOT NULL DEFAULT current_timestamp() ON UPDATE current_timestamp(),
  `deleted_at` timestamp NULL DEFAULT NULL
) ENGINE=InnoDB DEFAULT CHARSET=utf8mb4 COLLATE=utf8mb4_general_ci;

--
-- Volcado de datos para la tabla `admision_modalidades`
--

INSERT INTO `admision_modalidades` (`id`, `titulo`, `descripcion`, `icono`, `is_active`, `created_at`, `updated_at`, `deleted_at`) VALUES
(8, 'MODALIDAD EXONERADOS', '10 VACANTES', 'fa-solid fa-users', 1, '2025-12-04 15:03:56', '2026-04-14 14:54:30', NULL),
(9, 'MODALIDAD ORDINARIA', '70 VACANTES', 'fa-solid fa-users', 1, '2025-12-04 15:04:54', '2026-04-14 14:54:46', NULL);

-- --------------------------------------------------------

--
-- Estructura de tabla para la tabla `admision_pasos`
--

CREATE TABLE `admision_pasos` (
  `id` int(11) NOT NULL,
  `paso` varchar(100) NOT NULL,
  `icono` varchar(100) DEFAULT NULL,
  `is_active` tinyint(1) DEFAULT 1,
  `created_at` timestamp NOT NULL DEFAULT current_timestamp(),
  `updated_at` timestamp NOT NULL DEFAULT current_timestamp() ON UPDATE current_timestamp(),
  `deleted_at` timestamp NULL DEFAULT NULL
) ENGINE=InnoDB DEFAULT CHARSET=utf8mb4 COLLATE=utf8mb4_general_ci;

--
-- Volcado de datos para la tabla `admision_pasos`
--

INSERT INTO `admision_pasos` (`id`, `paso`, `icono`, `is_active`, `created_at`, `updated_at`, `deleted_at`) VALUES
(9, 'Elige un instituto: revisa ubicación, carreras y fechas de admisión.', 'fa-solid fa-user-plus', 1, '2025-12-02 16:37:16', '2025-12-03 14:08:21', NULL),
(10, 'Prepárate: estudia el balotario y verifica vacantes y puntajes.', 'fa-solid fa-user-plus', 1, '2025-12-02 16:37:17', '2025-12-03 14:04:35', NULL),
(11, 'Inscríbete: presenta tus documentos en línea o presencial.', 'fa-solid fa-user-plus', 1, '2025-12-03 14:05:06', '2025-12-03 14:05:06', NULL),
(12, 'Paga el examen: cancela en banco o caja y guarda el recibo.', 'fa-solid fa-user-plus', 1, '2025-12-03 14:05:38', '2025-12-03 14:05:38', NULL),
(13, 'Paga el examen: cancela en banco o caja y guarda el recibo.', 'fa-solid fa-user-plus', 1, '2025-12-03 14:06:51', '2025-12-03 14:07:06', '2025-12-03 14:07:06'),
(14, 'Rinde el examen: asiste o conéctate en la fecha y hora indicada.', 'fa-solid fa-user-plus', 1, '2025-12-03 14:07:46', '2025-12-03 14:07:46', NULL);

-- --------------------------------------------------------

--
-- Estructura de tabla para la tabla `admision_proceso`
--

CREATE TABLE `admision_proceso` (
  `id` int(11) NOT NULL,
  `admision_paso_id` int(11) NOT NULL,
  `descripcion` text NOT NULL,
  `is_active` tinyint(1) DEFAULT 1,
  `created_at` timestamp NOT NULL DEFAULT current_timestamp(),
  `updated_at` timestamp NOT NULL DEFAULT current_timestamp() ON UPDATE current_timestamp(),
  `deleted_at` timestamp NULL DEFAULT NULL
) ENGINE=InnoDB DEFAULT CHARSET=utf8mb4 COLLATE=utf8mb4_general_ci;

-- --------------------------------------------------------

--
-- Estructura de tabla para la tabla `admision_requisitos`
--

CREATE TABLE `admision_requisitos` (
  `id` int(11) NOT NULL,
  `admision_documentos_id` int(11) NOT NULL,
  `titulo` varchar(150) NOT NULL,
  `descripcion` text DEFAULT NULL,
  `is_active` tinyint(1) DEFAULT 1,
  `created_at` timestamp NOT NULL DEFAULT current_timestamp(),
  `updated_at` timestamp NOT NULL DEFAULT current_timestamp() ON UPDATE current_timestamp(),
  `deleted_at` timestamp NULL DEFAULT NULL
) ENGINE=InnoDB DEFAULT CHARSET=utf8mb4 COLLATE=utf8mb4_general_ci;

--
-- Volcado de datos para la tabla `admision_requisitos`
--

INSERT INTO `admision_requisitos` (`id`, `admision_documentos_id`, `titulo`, `descripcion`, `is_active`, `created_at`, `updated_at`, `deleted_at`) VALUES
(13, 1, 'Pago de admisión(s/ 100)', 'Presentar el recibo de Pago', 1, '2025-10-22 17:22:09', '2026-04-14 14:56:33', NULL),
(14, 1, 'solicitud', 'solicitud  de inscripcion ( segundo formato)', 1, '2025-11-27 16:07:42', '2025-11-27 16:07:42', NULL),
(15, 1, 'Incripcion', 'ficha de inscripcion ( segundo formato)', 1, '2025-11-27 16:14:52', '2025-11-27 16:14:52', NULL),
(16, 1, 'Declaracion', 'declaracion jurada (segundo formato)', 1, '2025-11-27 16:17:00', '2025-11-27 16:17:00', NULL),
(17, 1, 'Copias de DNI', 'fotocopias de de DNI  o portida de nacimiento ( en caso de mejnor de edad )', 1, '2025-11-27 16:20:09', '2025-11-27 16:20:09', NULL),
(18, 1, 'Certificado de estudios', 'certificado de estudios secundarioas originales de haber cuncluido su educacion basica regular', 1, '2025-11-27 16:22:16', '2025-11-27 16:22:16', NULL),
(20, 1, 'Recibo de pago', 'recibo de pago por derecho de carpeta de postulantes e inscripcion', 1, '2025-11-27 16:23:59', '2025-11-27 16:23:59', NULL),
(23, 1, 'Fotografias  tamaño carnet', '02 fotografias tamaño carnet de frente a colores y actualizado con fondo blanco', 1, '2025-11-27 16:30:55', '2025-11-27 16:30:55', NULL);

-- --------------------------------------------------------

--
-- Estructura de tabla para la tabla `admision_resultados`
--

CREATE TABLE `admision_resultados` (
  `id` int(11) NOT NULL,
  `programa_id` int(11) NOT NULL,
  `turno_id` int(11) NOT NULL,
  `documento` varchar(255) NOT NULL,
  `is_active` tinyint(1) DEFAULT 1,
  `created_at` timestamp NOT NULL DEFAULT current_timestamp(),
  `updated_at` timestamp NOT NULL DEFAULT current_timestamp() ON UPDATE current_timestamp(),
  `deleted_at` timestamp NULL DEFAULT NULL
) ENGINE=InnoDB DEFAULT CHARSET=utf8mb4 COLLATE=utf8mb4_general_ci;

--
-- Volcado de datos para la tabla `admision_resultados`
--

INSERT INTO `admision_resultados` (`id`, `programa_id`, `turno_id`, `documento`, `is_active`, `created_at`, `updated_at`, `deleted_at`) VALUES
(9, 18, 1, 'assets/1764274983_ingresantes (1).pdf', 1, '2025-11-27 14:46:06', '2025-11-27 15:23:03', NULL),
(10, 18, 2, 'assets/1764878495_1000008519 (1).pdf', 1, '2025-12-04 15:01:35', '2025-12-04 15:01:35', NULL);

-- --------------------------------------------------------

--
-- Estructura de tabla para la tabla `admision_titulo`
--

CREATE TABLE `admision_titulo` (
  `id` int(11) NOT NULL,
  `titulo` varchar(200) NOT NULL,
  `descripcion` text DEFAULT NULL,
  `imagen` varchar(255) DEFAULT NULL,
  `is_active` tinyint(1) DEFAULT 1,
  `created_at` timestamp NOT NULL DEFAULT current_timestamp(),
  `updated_at` timestamp NOT NULL DEFAULT current_timestamp() ON UPDATE current_timestamp(),
  `deleted_at` timestamp NULL DEFAULT NULL
) ENGINE=InnoDB DEFAULT CHARSET=utf8mb4 COLLATE=utf8mb4_general_ci;

-- --------------------------------------------------------

--
-- Estructura de tabla para la tabla `admision_vacantes`
--

CREATE TABLE `admision_vacantes` (
  `id` int(11) NOT NULL,
  `programa_estudio_id` int(11) NOT NULL,
  `vacantes` int(11) NOT NULL,
  `is_active` tinyint(1) DEFAULT 1,
  `created_at` timestamp NOT NULL DEFAULT current_timestamp(),
  `updated_at` timestamp NOT NULL DEFAULT current_timestamp() ON UPDATE current_timestamp(),
  `deleted_at` timestamp NULL DEFAULT NULL
) ENGINE=InnoDB DEFAULT CHARSET=utf8mb4 COLLATE=utf8mb4_general_ci;

--
-- Volcado de datos para la tabla `admision_vacantes`
--

INSERT INTO `admision_vacantes` (`id`, `programa_estudio_id`, `vacantes`, `is_active`, `created_at`, `updated_at`, `deleted_at`) VALUES
(9, 18, 50, 1, '2025-10-22 17:22:50', '2025-12-04 16:08:13', NULL);

-- --------------------------------------------------------

--
-- Estructura de tabla para la tabla `anio_estadistico`
--

CREATE TABLE `anio_estadistico` (
  `id` int(11) NOT NULL,
  `anio` year(4) NOT NULL,
  `is_active` tinyint(1) DEFAULT 1,
  `created_at` timestamp NOT NULL DEFAULT current_timestamp(),
  `updated_at` timestamp NOT NULL DEFAULT current_timestamp() ON UPDATE current_timestamp(),
  `deleted_at` timestamp NULL DEFAULT NULL
) ENGINE=InnoDB DEFAULT CHARSET=utf8mb4 COLLATE=utf8mb4_general_ci;

--
-- Volcado de datos para la tabla `anio_estadistico`
--

INSERT INTO `anio_estadistico` (`id`, `anio`, `is_active`, `created_at`, `updated_at`, `deleted_at`) VALUES
(1, '2020', 1, '2025-09-04 19:34:14', '2025-09-04 19:34:14', NULL),
(2, '2021', 1, '2025-09-04 19:34:14', '2025-09-04 19:34:14', NULL),
(3, '2022', 1, '2025-09-04 19:34:14', '2025-09-04 19:34:14', NULL),
(4, '2023', 1, '2025-09-04 19:34:14', '2025-09-04 19:34:14', NULL),
(5, '2024', 1, '2025-09-04 19:34:14', '2025-09-04 19:34:14', NULL),
(6, '2025', 1, '2025-09-04 19:34:14', '2025-09-04 19:34:14', NULL);

-- --------------------------------------------------------

--
-- Estructura de tabla para la tabla `becas_beneficiario`
--

CREATE TABLE `becas_beneficiario` (
  `id` int(11) NOT NULL,
  `programa_id` int(11) NOT NULL,
  `tipo_beca_id` int(11) NOT NULL,
  `nombre` varchar(150) NOT NULL,
  `is_active` tinyint(1) DEFAULT 1,
  `created_at` timestamp NOT NULL DEFAULT current_timestamp(),
  `updated_at` timestamp NOT NULL DEFAULT current_timestamp() ON UPDATE current_timestamp(),
  `deleted_at` timestamp NULL DEFAULT NULL
) ENGINE=InnoDB DEFAULT CHARSET=utf8mb4 COLLATE=utf8mb4_general_ci;

--
-- Volcado de datos para la tabla `becas_beneficiario`
--

INSERT INTO `becas_beneficiario` (`id`, `programa_id`, `tipo_beca_id`, `nombre`, `is_active`, `created_at`, `updated_at`, `deleted_at`) VALUES
(27, 18, 9, 'ROQUE QUISPE, Juan Dulio', 1, '2025-10-22 17:25:28', '2025-10-22 17:25:28', NULL),
(28, 18, 8, 'HERENCIA MAYTA, Diego', 1, '2025-10-22 17:25:45', '2025-10-22 17:25:45', NULL);

-- --------------------------------------------------------

--
-- Estructura de tabla para la tabla `becas_proceso`
--

CREATE TABLE `becas_proceso` (
  `id` int(11) NOT NULL,
  `nro_paso` int(11) NOT NULL,
  `titulo` varchar(150) NOT NULL,
  `descripcion` text DEFAULT NULL,
  `is_active` tinyint(1) DEFAULT 1,
  `created_at` timestamp NOT NULL DEFAULT current_timestamp(),
  `updated_at` timestamp NOT NULL DEFAULT current_timestamp() ON UPDATE current_timestamp(),
  `deleted_at` timestamp NULL DEFAULT NULL
) ENGINE=InnoDB DEFAULT CHARSET=utf8mb4 COLLATE=utf8mb4_general_ci;

--
-- Volcado de datos para la tabla `becas_proceso`
--

INSERT INTO `becas_proceso` (`id`, `nro_paso`, `titulo`, `descripcion`, `is_active`, `created_at`, `updated_at`, `deleted_at`) VALUES
(6, 1, 'mesa de partes', 'Presentar  siguiente documento:  \r\nHistorial de notas del estudiante', 1, '2025-11-28 14:43:23', '2025-11-28 14:44:40', NULL);

-- --------------------------------------------------------

--
-- Estructura de tabla para la tabla `becas_tipo`
--

CREATE TABLE `becas_tipo` (
  `id` int(11) NOT NULL,
  `titulo` varchar(150) NOT NULL,
  `descripcion` text DEFAULT NULL,
  `requisito` text DEFAULT NULL,
  `icono` varchar(100) DEFAULT NULL,
  `is_active` tinyint(1) DEFAULT 1,
  `created_at` timestamp NOT NULL DEFAULT current_timestamp(),
  `updated_at` timestamp NOT NULL DEFAULT current_timestamp() ON UPDATE current_timestamp(),
  `deleted_at` timestamp NULL DEFAULT NULL
) ENGINE=InnoDB DEFAULT CHARSET=utf8mb4 COLLATE=utf8mb4_general_ci;

--
-- Volcado de datos para la tabla `becas_tipo`
--

INSERT INTO `becas_tipo` (`id`, `titulo`, `descripcion`, `requisito`, `icono`, `is_active`, `created_at`, `updated_at`, `deleted_at`) VALUES
(8, 'Beca Mérito Académico – Segundo Puesto', '50% de descuento en la matrícula del semestre siguiente. No aplica a pensiones. Mantener promedio ≥ 15/20 y conducta intachable. Válido 1 vez por semestre.', 'Haber obtenido el 2.º puesto del semestre anterior como alumno regular.', 'fa-solid fa-star', 1, '2025-10-14 22:21:19', '2025-10-20 15:46:44', NULL),
(9, 'Beca Mérito Académico – Primer Puesto', '100% de descuento en la matrícula del semestre siguiente. No aplica a pensiones. Mantener promedio ≥ 15/20 y conducta intachable. Válido 1 vez por semestre.', 'Haber obtenido el 1.er puesto del semestre anterior como alumno regular', 'fa-solid fa-trophy', 1, '2025-10-20 15:46:17', '2025-10-20 15:46:17', NULL);

-- --------------------------------------------------------

--
-- Estructura de tabla para la tabla `colores`
--

CREATE TABLE `colores` (
  `id` int(11) NOT NULL,
  `clave` varchar(50) NOT NULL,
  `valor` varchar(10) NOT NULL,
  `created_at` timestamp NULL DEFAULT NULL,
  `updated_at` timestamp NULL DEFAULT NULL
) ENGINE=InnoDB DEFAULT CHARSET=utf8mb4 COLLATE=utf8mb4_unicode_ci;

--
-- Volcado de datos para la tabla `colores`
--

INSERT INTO `colores` (`id`, `clave`, `valor`, `created_at`, `updated_at`) VALUES
(1, 'color-primario-p1', '#000700', '2025-09-30 20:08:31', '2025-11-07 15:29:01'),
(2, 'color-primario-p2', '#21a4b5', '2025-09-30 20:08:31', '2026-04-14 08:51:03'),
(3, 'color-primario-p3', '#243036', '2025-09-30 20:08:31', '2025-10-23 10:30:25'),
(4, 'color-secundario-s1', '#1ea6c8', '2025-09-30 20:08:31', '2026-04-14 08:48:30'),
(5, 'color-neutral', '#2c79b5', '2025-09-30 20:08:31', '2026-04-14 08:50:02');

-- --------------------------------------------------------

--
-- Estructura de tabla para la tabla `datos_academicos`
--

CREATE TABLE `datos_academicos` (
  `id` int(11) NOT NULL,
  `docente_id` int(11) NOT NULL,
  `grado` varchar(100) NOT NULL,
  `situacion_academica` varchar(100) DEFAULT NULL,
  `especialidad` varchar(150) DEFAULT NULL,
  `institucion_educativa` varchar(200) DEFAULT NULL,
  `fecha_emision` date DEFAULT NULL,
  `registro` varchar(100) DEFAULT NULL,
  `is_active` tinyint(1) DEFAULT 1,
  `created_at` timestamp NOT NULL DEFAULT current_timestamp(),
  `updated_at` timestamp NOT NULL DEFAULT current_timestamp() ON UPDATE current_timestamp(),
  `deleted_at` timestamp NULL DEFAULT NULL
) ENGINE=InnoDB DEFAULT CHARSET=utf8mb4 COLLATE=utf8mb4_general_ci;

--
-- Volcado de datos para la tabla `datos_academicos`
--

INSERT INTO `datos_academicos` (`id`, `docente_id`, `grado`, `situacion_academica`, `especialidad`, `institucion_educativa`, `fecha_emision`, `registro`, `is_active`, `created_at`, `updated_at`, `deleted_at`) VALUES
(1, 90, 'Ing.', 'Universitaria', 'Ingeniero de sistemas', 'U', '2014-09-15', 'F', 1, '2025-11-17 13:39:12', '2025-11-17 13:39:12', NULL);

-- --------------------------------------------------------

--
-- Estructura de tabla para la tabla `datos_laborales`
--

CREATE TABLE `datos_laborales` (
  `id` int(11) NOT NULL,
  `docente_id` int(11) NOT NULL,
  `institucion` varchar(200) NOT NULL,
  `cargo` varchar(150) NOT NULL,
  `experiencia` text DEFAULT NULL,
  `inicio_labor` date DEFAULT NULL,
  `termino_labor` date DEFAULT NULL,
  `tiempo_cargo` varchar(50) DEFAULT NULL,
  `is_active` tinyint(1) DEFAULT 1,
  `created_at` timestamp NOT NULL DEFAULT current_timestamp(),
  `updated_at` timestamp NOT NULL DEFAULT current_timestamp() ON UPDATE current_timestamp(),
  `deleted_at` timestamp NULL DEFAULT NULL
) ENGINE=InnoDB DEFAULT CHARSET=utf8mb4 COLLATE=utf8mb4_general_ci;

--
-- Volcado de datos para la tabla `datos_laborales`
--

INSERT INTO `datos_laborales` (`id`, `docente_id`, `institucion`, `cargo`, `experiencia`, `inicio_labor`, `termino_labor`, `tiempo_cargo`, `is_active`, `created_at`, `updated_at`, `deleted_at`) VALUES
(1, 93, 'INSTITUTO DE EDUCACION SUPERIOR TECNOLOGICO PUBLICO JOSE DOMINGO CHOQUEHUANCA', 'Cordinador de area de calidad/ docente', 'IESTP JOSE DOMINGOP CHOQUEHUANCA', '2025-05-23', '2025-12-31', '7 meses', 1, '2025-12-04 14:39:15', '2025-12-04 14:39:15', NULL);

-- --------------------------------------------------------

--
-- Estructura de tabla para la tabla `datos_personales`
--

CREATE TABLE `datos_personales` (
  `id` int(11) NOT NULL,
  `docente_id` int(11) NOT NULL,
  `nombres` varchar(150) NOT NULL,
  `apellidos` varchar(150) NOT NULL,
  `correo` varchar(150) DEFAULT NULL,
  `telefono` varchar(20) DEFAULT NULL,
  `is_active` tinyint(1) DEFAULT 1,
  `created_at` timestamp NOT NULL DEFAULT current_timestamp(),
  `updated_at` timestamp NOT NULL DEFAULT current_timestamp() ON UPDATE current_timestamp(),
  `deleted_at` timestamp NULL DEFAULT NULL
) ENGINE=InnoDB DEFAULT CHARSET=utf8mb4 COLLATE=utf8mb4_general_ci;

--
-- Volcado de datos para la tabla `datos_personales`
--

INSERT INTO `datos_personales` (`id`, `docente_id`, `nombres`, `apellidos`, `correo`, `telefono`, `is_active`, `created_at`, `updated_at`, `deleted_at`) VALUES
(1, 90, 'Jose Humberto', 'Quispe Marce', 'docente.jose.qm@iesjdch.edu.pe', '984330100', 1, '2025-11-05 16:02:32', '2025-11-05 16:02:32', NULL),
(4, 90, 'Jose Humberto', 'Quispe Marce', 'jose@gmail.com', '984330100', 1, '2025-11-05 16:05:01', '2025-11-05 16:05:01', NULL);

-- --------------------------------------------------------

--
-- Estructura de tabla para la tabla `derechos_consumidor`
--

CREATE TABLE `derechos_consumidor` (
  `id` int(11) NOT NULL,
  `titulo` varchar(120) NOT NULL,
  `descripcion` varchar(255) NOT NULL,
  `icono` varchar(100) NOT NULL,
  `is_active` tinyint(1) NOT NULL DEFAULT 1,
  `created_at` timestamp NULL DEFAULT current_timestamp(),
  `updated_at` timestamp NULL DEFAULT current_timestamp() ON UPDATE current_timestamp()
) ENGINE=InnoDB DEFAULT CHARSET=utf8mb4 COLLATE=utf8mb4_unicode_ci;

--
-- Volcado de datos para la tabla `derechos_consumidor`
--

INSERT INTO `derechos_consumidor` (`id`, `titulo`, `descripcion`, `icono`, `is_active`, `created_at`, `updated_at`) VALUES
(7, 'Derecho de Protección de Datos', 'Datos confidenciales', 'fa-solid fa-circle-info', 1, '2025-10-14 22:47:11', '2025-10-14 22:47:11'),
(8, 'Derecho a la Información Clara y Transparente', 'El usuario tiene derecho a recibir información veraz, actualizada y comprensible sobre los servicios, trámites y contenidos ofrecidos en el sitio web.', 'fa-solid fa-triangle-exclamation', 1, '2025-12-04 16:07:22', '2025-12-04 16:07:22'),
(9, 'Derecho a la Seguridad Digital', 'El usuario tiene derecho a navegar en un entorno seguro, protegido por medidas tecnológicas que salvaguarden la integridad de su información.', 'fa-solid fa-shield-halved', 1, '2025-12-04 16:07:58', '2025-12-04 16:07:58'),
(10, 'Derecho a la Accesibilidad Digital', 'El usuario tiene derecho a acceder al contenido del sitio sin barreras injustificadas y con recursos que faciliten su uso, especialmente para personas con discapacidades.', 'fa-solid fa-book', 1, '2025-12-04 16:08:40', '2025-12-04 16:08:40'),
(11, 'Derecho a la Atención y Comunicación Institucional', 'El usuario tiene derecho a recibir orientación y respuestas oportunas a sus consultas, reclamos o solicitudes a través de los canales oficiales.', 'fa-solid fa-book', 1, '2025-12-04 16:09:12', '2025-12-04 16:09:12'),
(12, 'Derecho a la No Discriminación', 'El usuario tiene derecho a un trato igualitario y respetuoso, sin ningún tipo de discriminación por razón personal, social o cultural.', 'fa-solid fa-scale-balanced', 1, '2025-12-04 16:09:56', '2025-12-04 16:09:56'),
(13, 'Derecho a la Propiedad Intelectual', 'El usuario tiene derecho a que sus contenidos personales o académicos no sean utilizados sin su autorización y a que se respeten los créditos correspondientes.', 'fa-solid fa-user-shield', 1, '2025-12-04 16:10:35', '2025-12-04 16:10:35'),
(14, 'Derecho a la Libre Decisión y Uso de Servicios Digitales', 'El usuario tiene derecho a decidir libremente si desea registrarse, participar o utilizar los servicios digitales del sitio, pudiendo retirarse cuando lo considere necesario.', 'fa-solid fa-file-lines', 1, '2025-12-04 16:11:08', '2025-12-04 16:11:08');

-- --------------------------------------------------------

--
-- Estructura de tabla para la tabla `documentos_gestion`
--

CREATE TABLE `documentos_gestion` (
  `id` int(11) NOT NULL,
  `nombre` varchar(150) NOT NULL,
  `descripcion` text DEFAULT NULL,
  `documento` varchar(255) NOT NULL,
  `is_active` tinyint(1) DEFAULT 1,
  `created_at` timestamp NOT NULL DEFAULT current_timestamp(),
  `updated_at` timestamp NOT NULL DEFAULT current_timestamp() ON UPDATE current_timestamp(),
  `deleted_at` timestamp NULL DEFAULT NULL
) ENGINE=InnoDB DEFAULT CHARSET=utf8mb4 COLLATE=utf8mb4_general_ci;

--
-- Volcado de datos para la tabla `documentos_gestion`
--

INSERT INTO `documentos_gestion` (`id`, `nombre`, `descripcion`, `documento`, `is_active`, `created_at`, `updated_at`, `deleted_at`) VALUES
(9, 'Manual de Procesos de Régimen Académico - MAPRO', 'Establece los procedimientos y normas académicas clave, desde la matrícula hasta la evaluación.', 'assets/2ae7160b-f576-464a-a566-409815a7e401_mapro.pdf', 1, '2025-10-14 22:43:30', '2025-10-22 17:28:39', NULL),
(10, 'Proyecto Educativo Institucional - PEI', 'Documento rector que define la identidad, misión, visión y objetivos estratégicos del instituto.', 'assets/3125137b-c93b-4721-8de4-ba695e889b1b_pei.pdf', 1, '2025-10-17 10:34:10', '2025-10-22 17:29:18', NULL),
(11, 'Plan Anual de Trabajo - PAT', 'Descripción de cargos y funciones del personal: misión del puesto, requisitos, competencias, responsabilidades y criterios de evaluación del desempeño.', 'assets/cb8177ff-7255-49d6-80e7-3fcc7ad167f9_plan-anual-de-trabajo.pdf', 1, '2025-10-17 10:35:34', '2025-10-22 17:29:49', NULL),
(12, 'PEFSRT - APSTI', 'Es el documento que organiza las prácticas formativas del programa Arquitectura de Plataformas y Servicios de TI en contextos reales: empresa, proyectos con clientes o simulaciones fieles.', 'assets/75d70b55-8a81-40c5-9229-fe312c05605e_portada-de-pefsrt-apsti.pdf', 1, '2025-10-17 10:36:59', '2025-10-20 15:53:12', '2025-10-20 15:53:12'),
(13, 'PEFSRT - Enfermería Técnica', 'El PEFSRT en Enfermería Técnica es el documento que organiza y guía las prácticas clínicas del estudiante durante el año, definiendo las competencias a lograr, las actividades y horas por servicio, los escenarios y tutores responsables.', 'assets/ccb17225-4d45-4a1e-99b5-6713ec0dd34b_portada-de-pefsrt-enfermeria-tecnica.pdf', 1, '2025-10-17 10:38:15', '2025-10-20 15:53:06', '2025-10-20 15:53:06'),
(14, 'PEI', 'El PEI es el documento estratégico que, de manera participativa, define la identidad, diagnóstico, misión, visión, valores, objetivos, modelo pedagógico, organización y uso de recursos de una institución educativa para varios años.', 'assets/247539dc-91c7-4cd8-888e-f7c2ee843ba7_portada-de-pei.pdf', 1, '2025-10-17 10:40:09', '2025-10-20 15:53:01', '2025-10-20 15:53:01'),
(15, 'PIIL', 'El PIIL es el documento que organiza, para un periodo anual, las acciones de empleabilidad de una institución: diagnóstico del mercado, desarrollo de competencias, orientación y bolsa de trabajo, prácticas/pasantías, convenios con empresas, ferias y seguimiento a egresados', 'assets/1d3871e3-ed7b-4637-9bf7-b7f978c904ef_portada-de-piil.pdf', 1, '2025-10-17 10:41:12', '2025-10-20 15:52:55', '2025-10-20 15:52:55'),
(16, 'PM', 'Es el documento que programa y controla las tareas preventivas y correctivas, frecuencias, responsables, recursos/repuestos, registros e indicadores para asegurar su disponibilidad, seguridad y cumplimiento.', 'assets/dfdef2c1-74dd-411d-82f4-14cbeb44e288_portada-de-pm.pdf', 1, '2025-10-17 10:42:10', '2025-10-20 15:52:50', '2025-10-20 15:52:50'),
(17, 'PS - Aulas', 'El PS – Protocolos de Seguridad en las Aulas es el conjunto de normas y procedimientos que establecen cómo prevenir riesgos y actuar ante incidentes o emergencias dentro del aula: roles y responsabilidades, medidas de bioseguridad y orden.', 'assets/19641856-19b6-4421-9e54-09c20018375d_portada-de-ps-aulas.pdf', 1, '2025-10-17 10:43:37', '2025-10-20 15:52:44', '2025-10-20 15:52:44'),
(18, 'PS - Laboratorios de Enfermería', 'El PS es el documento que establece normas y procedimientos para prevenir riesgos y actuar ante emergencias en aulas y laboratorios de Enfermería', 'assets/7c275f43-ef29-4ab8-9061-ef9afdada08a_portada-de-ps-laboratorios-de-enfermeria.pdf', 1, '2025-10-17 10:45:02', '2025-10-20 15:52:06', '2025-10-20 15:52:06'),
(19, 'PS - Sala de Computo', 'El PS es el documento que define normas y procedimientos para prevenir riesgos y responder a emergencias en estos ambientes.', 'assets/f0edcb4b-3048-4023-afda-4d143d654d96_portada-de-ps-sala-de-computo.pdf', 1, '2025-10-17 10:47:20', '2025-10-20 15:52:14', '2025-10-20 15:52:14'),
(20, 'PS - Taller de Reparaciones', 'Es el PS del Taller de Reparación de Equipos de Cómputo: un documento que establece normas y pasos para trabajar de forma segura en reparaciones de hardware, cubriendo control ESD, riesgos eléctricos, uso de herramientas y soldadura.', 'assets/ed0f30ab-e833-4dc0-a98d-3ad07ad78c40_portada-de-ps-taller-de-reparaciones.pdf', 1, '2025-10-17 10:48:32', '2025-10-20 15:52:19', '2025-10-20 15:52:19'),
(21, 'PS - Tópico', 'Es el PS: documento que regula la atención segura en el servicio de tópico de una institución (escolar o laboral), estableciendo bioseguridad y EPP, triaje y flujo de atención, manejo y almacenamiento de medicamentos', 'assets/64e39414-4429-48fd-9958-088e9375a3c6_portada-de-ps-topico.pdf', 1, '2025-10-17 10:49:50', '2025-10-20 15:52:24', '2025-10-20 15:52:24'),
(22, 'PSE', 'El PSE es el documento que organiza cómo la institución registra y mantiene contacto con sus egresados, monitorea su inserción laboral y trayectoria profesional', 'assets/7749eb41-0f4b-49ae-a90c-64ddb0166cd7_portada-de-pse.pdf', 1, '2025-10-17 10:50:34', '2025-10-20 15:52:29', '2025-10-20 15:52:29'),
(23, 'PSVI', 'El PSVI es el documento que define cómo la institución protege a personas, activos e información: diagnóstico de riesgos, objetivos, controles de acceso, rondas y CCTV', 'assets/5c7f4998-6297-412f-b90c-8cafe55fcec7_portada-de-psvi.pdf', 1, '2025-10-17 10:51:20', '2025-10-20 15:52:34', '2025-10-20 15:52:34'),
(24, 'RI', 'El RI es el documento normativo que establece las reglas, derechos, deberes y sanciones para estudiantes, docentes y personal de la institución; define convivencia, asistencia y evaluación', 'assets/043b6f39-e7ee-449d-b450-7ac11c2c4be3_portada-de-ri.pdf', 1, '2025-10-17 10:52:09', '2025-10-20 15:52:39', '2025-10-20 15:52:39'),
(25, 'Reglamento Institucional - RI', 'Compendio de las normas de convivencia, derechos y deberes de toda la comunidad educativa.', 'assets/fedbb402-3087-44e2-aec8-054ef4ff5783_ri.pdf', 1, '2025-10-22 17:30:18', '2025-10-22 17:30:18', NULL),
(26, 'ARTICULO INFORMATIVO', 'Articulo Informativo del Instituto José Domingo Choquehuanca', 'assets/ffb20e5b-76df-49bf-903d-af142a658eb0_2-revista-jdch-compressed.pdf', 1, '2026-05-22 09:18:30', '2026-05-22 14:19:13', NULL);

-- --------------------------------------------------------

--
-- Estructura de tabla para la tabla `estadistica`
--

CREATE TABLE `estadistica` (
  `id` int(11) NOT NULL,
  `tema_estadistico_id` int(11) NOT NULL,
  `programa_estudio_id` int(11) NOT NULL,
  `anio_estadistico_id` int(11) NOT NULL,
  `cantidad` int(11) NOT NULL,
  `is_active` tinyint(1) DEFAULT 1,
  `created_at` timestamp NOT NULL DEFAULT current_timestamp(),
  `updated_at` timestamp NOT NULL DEFAULT current_timestamp() ON UPDATE current_timestamp(),
  `deleted_at` timestamp NULL DEFAULT NULL
) ENGINE=InnoDB DEFAULT CHARSET=utf8mb4 COLLATE=utf8mb4_general_ci;

--
-- Volcado de datos para la tabla `estadistica`
--

INSERT INTO `estadistica` (`id`, `tema_estadistico_id`, `programa_estudio_id`, `anio_estadistico_id`, `cantidad`, `is_active`, `created_at`, `updated_at`, `deleted_at`) VALUES
(107, 2, 18, 1, 28, 1, '2025-10-22 17:37:31', '2025-12-04 16:01:47', NULL),
(108, 1, 18, 1, 30, 1, '2025-10-24 01:06:21', '2025-12-04 16:01:08', NULL),
(109, 2, 18, 5, 37, 1, '2025-12-03 15:22:09', '2025-12-03 15:22:09', NULL),
(110, 2, 18, 4, 34, 1, '2025-12-03 15:49:28', '2025-12-03 15:49:28', NULL),
(111, 3, 18, 5, 37, 1, '2025-12-03 15:56:50', '2025-12-03 15:56:50', NULL),
(112, 1, 18, 6, 44, 1, '2025-12-03 16:08:27', '2025-12-03 16:08:27', NULL),
(113, 1, 18, 4, 52, 1, '2025-12-03 16:23:59', '2025-12-03 16:23:59', NULL),
(114, 1, 18, 2, 43, 1, '2025-12-04 15:33:10', '2025-12-04 15:33:10', NULL),
(115, 1, 18, 3, 40, 1, '2025-12-04 15:33:50', '2025-12-04 15:38:05', NULL),
(116, 1, 18, 5, 64, 1, '2025-12-04 15:34:42', '2025-12-04 15:34:42', NULL),
(117, 2, 18, 3, 22, 1, '2025-12-04 15:36:46', '2025-12-04 15:36:46', NULL),
(118, 4, 18, 3, 38, 1, '2025-12-04 15:37:28', '2025-12-04 15:37:28', NULL),
(119, 2, 18, 2, 20, 1, '2025-12-04 15:39:22', '2025-12-04 15:39:22', NULL),
(120, 4, 18, 4, 50, 1, '2025-12-04 15:41:47', '2025-12-04 15:41:47', NULL),
(121, 4, 18, 5, 51, 1, '2025-12-04 15:42:39', '2025-12-04 15:45:26', NULL),
(122, 4, 18, 6, 36, 1, '2025-12-04 15:43:56', '2025-12-04 15:43:56', NULL),
(123, 4, 18, 1, 20, 1, '2025-12-04 15:46:17', '2025-12-04 15:46:17', NULL),
(124, 4, 18, 2, 30, 1, '2025-12-04 15:46:39', '2025-12-04 15:46:39', NULL),
(125, 3, 18, 3, 19, 1, '2025-12-04 15:48:02', '2025-12-04 16:00:07', NULL),
(126, 3, 18, 4, 30, 1, '2025-12-04 15:49:06', '2025-12-04 15:49:06', NULL),
(127, 3, 18, 2, 20, 1, '2025-12-04 15:55:53', '2025-12-04 15:55:53', NULL),
(128, 3, 18, 1, 17, 1, '2025-12-04 15:59:45', '2025-12-04 15:59:45', NULL);

-- --------------------------------------------------------

--
-- Estructura de tabla para la tabla `estado_reclamo`
--

CREATE TABLE `estado_reclamo` (
  `id` int(11) NOT NULL,
  `nombre` varchar(50) NOT NULL,
  `descripcion` varchar(150) DEFAULT NULL,
  `is_final` tinyint(1) NOT NULL DEFAULT 0,
  `is_active` tinyint(1) NOT NULL DEFAULT 1,
  `created_at` timestamp NULL DEFAULT current_timestamp(),
  `updated_at` timestamp NULL DEFAULT current_timestamp() ON UPDATE current_timestamp()
) ENGINE=InnoDB DEFAULT CHARSET=utf8mb4 COLLATE=utf8mb4_unicode_ci;

--
-- Volcado de datos para la tabla `estado_reclamo`
--

INSERT INTO `estado_reclamo` (`id`, `nombre`, `descripcion`, `is_final`, `is_active`, `created_at`, `updated_at`) VALUES
(1, 'Pendiente', 'Reclamo recibido, en cola inicial', 0, 1, '2025-09-17 22:37:20', '2025-09-17 22:37:20'),
(2, 'En proceso', 'Caso en evaluación/gestión', 0, 1, '2025-09-17 22:37:20', '2025-09-17 22:37:20'),
(3, 'Resuelto', 'Se brindó respuesta/solución', 1, 1, '2025-09-17 22:37:20', '2025-09-17 22:37:20'),
(4, 'Cerrado', 'Caso concluido sin acciones adicionales', 1, 1, '2025-09-17 22:37:20', '2025-09-17 22:37:20');

-- --------------------------------------------------------

--
-- Estructura de tabla para la tabla `header`
--

CREATE TABLE `header` (
  `id` bigint(20) UNSIGNED NOT NULL,
  `nombre` varchar(255) NOT NULL,
  `is_active` tinyint(1) NOT NULL DEFAULT 0,
  `created_at` timestamp NULL DEFAULT current_timestamp(),
  `updated_at` timestamp NULL DEFAULT current_timestamp() ON UPDATE current_timestamp(),
  `deleted_at` timestamp NULL DEFAULT NULL
) ENGINE=InnoDB DEFAULT CHARSET=utf8mb4 COLLATE=utf8mb4_unicode_ci;

--
-- Volcado de datos para la tabla `header`
--

INSERT INTO `header` (`id`, `nombre`, `is_active`, `created_at`, `updated_at`, `deleted_at`) VALUES
(1, 'Inicio', 1, '2025-09-29 20:23:36', '2025-10-24 00:32:09', NULL),
(2, 'Nosotros', 1, '2025-09-29 20:23:36', '2025-09-29 21:01:26', NULL),
(3, 'Programas de estudio', 1, '2025-09-29 20:23:36', '2025-09-29 20:23:36', NULL),
(4, 'Admisión y matrícula', 1, '2025-09-29 20:23:36', '2025-10-14 22:33:33', NULL),
(5, 'Transparencia', 1, '2025-09-29 20:23:36', '2025-09-29 21:02:45', NULL),
(6, 'Trámite', 1, '2025-09-29 20:23:36', '2025-09-29 20:23:36', NULL),
(7, 'Servicios', 1, '2025-09-29 20:23:36', '2025-09-29 20:23:36', NULL),
(8, 'Otras páginas', 1, '2025-09-29 20:23:36', '2025-09-29 20:23:36', NULL),
(9, 'Contáctanos', 1, '2025-09-29 20:23:36', '2025-09-29 20:23:36', NULL);

-- --------------------------------------------------------

--
-- Estructura de tabla para la tabla `horario_atencion`
--

CREATE TABLE `horario_atencion` (
  `id` int(11) NOT NULL,
  `servicio_complementario_id` int(11) NOT NULL,
  `lunes_viernes` varchar(100) DEFAULT NULL,
  `sabados` varchar(100) DEFAULT NULL,
  `domingos` varchar(100) DEFAULT NULL,
  `contacto` varchar(150) DEFAULT NULL,
  `is_active` tinyint(1) DEFAULT 1,
  `created_at` timestamp NOT NULL DEFAULT current_timestamp(),
  `updated_at` timestamp NOT NULL DEFAULT current_timestamp() ON UPDATE current_timestamp(),
  `deleted_at` timestamp NULL DEFAULT NULL
) ENGINE=InnoDB DEFAULT CHARSET=utf8mb4 COLLATE=utf8mb4_general_ci;

--
-- Volcado de datos para la tabla `horario_atencion`
--

INSERT INTO `horario_atencion` (`id`, `servicio_complementario_id`, `lunes_viernes`, `sabados`, `domingos`, `contacto`, `is_active`, `created_at`, `updated_at`, `deleted_at`) VALUES
(8, 10, 'Mañanas De: 7:45 A.M. – 1: 20 P.M. - Tardes De: 3:30 – 5:00 P.M.', 'Cerrado', 'Cerrado', '-', 1, '2025-10-20 16:17:47', '2025-10-23 12:54:45', NULL),
(9, 11, 'Mañanas De: 7:45 A.M. – 1: 20 P.M. Tardes De: 3:30 – 5:00 P.M', 'Cerrado', 'Cerrado', '-', 1, '2025-10-20 16:18:34', '2025-10-23 12:54:54', NULL);

-- --------------------------------------------------------

--
-- Estructura de tabla para la tabla `informacion_contacto`
--

CREATE TABLE `informacion_contacto` (
  `id` int(11) NOT NULL,
  `telefono_principal` varchar(20) DEFAULT NULL,
  `whatsapp` varchar(20) DEFAULT NULL,
  `correo` varchar(150) DEFAULT NULL,
  `emergencia` varchar(20) DEFAULT NULL,
  `direccion` varchar(255) DEFAULT NULL,
  `is_active` tinyint(1) DEFAULT 1,
  `created_at` timestamp NOT NULL DEFAULT current_timestamp(),
  `updated_at` timestamp NOT NULL DEFAULT current_timestamp() ON UPDATE current_timestamp(),
  `deleted_at` timestamp NULL DEFAULT NULL
) ENGINE=InnoDB DEFAULT CHARSET=utf8mb4 COLLATE=utf8mb4_general_ci;

--
-- Volcado de datos para la tabla `informacion_contacto`
--

INSERT INTO `informacion_contacto` (`id`, `telefono_principal`, `whatsapp`, `correo`, `emergencia`, `direccion`, `is_active`, `created_at`, `updated_at`, `deleted_at`) VALUES
(1, '941041872', '959106420', 'tecnojdch21@gmaiI.com', '959106420', 'Jr. Cusco s/n salida tirapata al costado del comisaria', 1, '2025-09-04 20:43:04', '2025-10-22 18:00:08', NULL);

-- --------------------------------------------------------

--
-- Estructura de tabla para la tabla `info_importante`
--

CREATE TABLE `info_importante` (
  `id` int(11) NOT NULL,
  `titulo` varchar(100) NOT NULL,
  `descripcion` varchar(255) NOT NULL,
  `is_active` tinyint(1) NOT NULL DEFAULT 1,
  `created_at` timestamp NULL DEFAULT current_timestamp(),
  `updated_at` timestamp NULL DEFAULT current_timestamp() ON UPDATE current_timestamp()
) ENGINE=InnoDB DEFAULT CHARSET=utf8mb4 COLLATE=utf8mb4_unicode_ci;

--
-- Volcado de datos para la tabla `info_importante`
--

INSERT INTO `info_importante` (`id`, `titulo`, `descripcion`, `is_active`, `created_at`, `updated_at`) VALUES
(7, 'Transparencia', 'Todo proceso es transparente y justo', 1, '2025-10-14 22:44:50', '2025-10-14 22:44:50');

-- --------------------------------------------------------

--
-- Estructura de tabla para la tabla `inicio_beneficios`
--

CREATE TABLE `inicio_beneficios` (
  `id` int(11) NOT NULL,
  `nombre` varchar(150) NOT NULL,
  `descripcion` text DEFAULT NULL,
  `icono` varchar(100) DEFAULT NULL,
  `is_active` tinyint(1) DEFAULT 1,
  `created_at` timestamp NOT NULL DEFAULT current_timestamp(),
  `updated_at` timestamp NOT NULL DEFAULT current_timestamp() ON UPDATE current_timestamp(),
  `deleted_at` timestamp NULL DEFAULT NULL
) ENGINE=InnoDB DEFAULT CHARSET=utf8mb4 COLLATE=utf8mb4_general_ci;

--
-- Volcado de datos para la tabla `inicio_beneficios`
--

INSERT INTO `inicio_beneficios` (`id`, `nombre`, `descripcion`, `icono`, `is_active`, `created_at`, `updated_at`, `deleted_at`) VALUES
(8, 'Nombre', 'Descripción', 'fa-solid fa-lightbulb', 0, '2025-10-07 15:03:47', '2025-10-14 21:41:04', '2025-10-14 21:41:04'),
(9, 'Título Profesional Técnico', 'Al egresar obtienes un título reconocido que te habilita para trabajar de inmediato y convalidar estudios si deseas continuar.', 'fa-solid fa-graduation-cap', 1, '2025-10-10 17:01:06', '2025-10-20 09:20:17', NULL),
(10, 'Perspectiva Global', 'Preparamos a nuestros estudiantes para un mundo interconectado, con programas de intercambio y colaboraciones internacionales.', 'fa-solid fa-globe', 1, '2025-10-10 17:01:16', '2025-10-20 09:19:17', '2025-10-20 09:19:17'),
(11, 'Tecnología de Vanguardia', 'Nuestras instalaciones cuentan con la última tecnología educativa, desde realidad virtual hasta laboratorios de fabricación digital.', 'fa-solid fa-rocket', 1, '2025-10-10 17:01:28', '2025-10-20 09:19:13', '2025-10-20 09:19:13'),
(12, 'Comunidad Vibrante', 'Formamos una comunidad diversa y colaborativa donde cada estudiante puede desarrollar su potencial único.', 'fa-solid fa-user-group', 1, '2025-10-10 17:01:40', '2025-10-20 09:19:09', '2025-10-20 09:19:09'),
(13, 'Aprendizaje Personalizado', 'Adaptamos la experiencia educativa a las necesidades, intereses y ritmo de cada estudiante.', 'fa-solid fa-bolt', 1, '2025-10-10 17:01:51', '2025-10-20 09:19:01', '2025-10-20 09:19:01'),
(14, 'Conexión con la Industria', 'Mantenemos alianzas estratégicas con empresas líderes que participan activamente en la formación de nuestros estudiantes.', 'fa-solid fa-briefcase', 1, '2025-10-10 17:02:03', '2025-10-20 09:19:05', '2025-10-20 09:19:05'),
(15, 'Docentes ampliamente calificados', 'Profesores con experiencia académica y en la industria que te guían con metodologías actuales y asesoría personalizada.', 'fa-solid fa-bolt', 1, '2025-10-20 09:19:35', '2025-10-20 09:21:38', NULL),
(16, 'Laboratorios equipados y modernos', 'Espacios con tecnología y software vigentes para aprender haciendo, simular procesos reales y desarrollar proyectos.', 'fa-solid fa-rocket', 1, '2025-10-20 09:19:53', '2025-10-20 09:21:43', NULL),
(17, 'Bolsa de Trabajo Exclusiva', 'Acceso preferente a prácticas y empleos gracias a convenios con empresas y ferias laborales para estudiantes y egresados.', 'fa-solid fa-briefcase', 1, '2025-10-20 09:20:11', '2025-10-20 09:21:48', NULL),
(18, 'Certificación Modular Progresiva', 'Recibes certificados por módulos/competencias a lo largo de la carrera, sumando valor a tu CV sin esperar al título final.', 'fa-solid fa-award', 1, '2025-10-20 09:20:30', '2025-10-20 09:21:52', NULL),
(19, 'Experiencias Formativas Reales', 'Proyectos con empresas, casos reales y prácticas preprofesionales que fortalecen tu portafolio y empleabilidad.', 'fa-solid fa-user-group', 1, '2025-10-20 09:20:45', '2025-10-20 09:21:58', NULL),
(20, 'Formación para la empleabilidad y emprendimiento', 'Talleres de habilidades blandas, preparación para entrevistas y apoyo para diseñar y lanzar tu propio negocio.', 'fa-solid fa-book', 1, '2025-10-20 09:21:00', '2025-10-20 09:22:04', NULL),
(21, 'Talleres complementarios: Inglés e Informática', 'Refuerzo en idiomas y herramientas digitales para comunicarte mejor y ser más productivo en cualquier entorno laboral.', 'fa-solid fa-lightbulb', 1, '2025-10-20 09:21:16', '2025-10-20 09:22:10', NULL),
(22, 'Certificado de egresado', 'Recibes un certificado de ingres, al ingresar al Instituto', 'fa-solid fa-award', 0, '2025-12-19 05:49:55', '2025-12-19 05:49:55', NULL),
(23, 'Certificado de egresado', 'Recibes un certificado de ingres, al ingresar al Instituto', 'fa-solid fa-award', 0, '2025-12-19 05:49:56', '2025-12-19 05:50:17', '2025-12-19 05:50:17'),
(24, 'certificado de modular profesional', 'Recibes un certificado modular que acredita que un estudiante ha adquirido las capacidades o competencias correspondientes a un módulo formativo.', 'fa-solid fa-rocket', 0, '2025-12-19 14:10:21', '2025-12-19 14:10:21', NULL);

-- --------------------------------------------------------

--
-- Estructura de tabla para la tabla `inicio_carrusel`
--

CREATE TABLE `inicio_carrusel` (
  `id` int(10) UNSIGNED NOT NULL,
  `foto` varchar(255) NOT NULL,
  `created_at` timestamp NULL DEFAULT NULL,
  `updated_at` timestamp NULL DEFAULT NULL
) ENGINE=InnoDB DEFAULT CHARSET=utf8mb4 COLLATE=utf8mb4_unicode_ci;

-- --------------------------------------------------------

--
-- Estructura de tabla para la tabla `inicio_estadistica`
--

CREATE TABLE `inicio_estadistica` (
  `id` int(11) NOT NULL,
  `icono` varchar(100) DEFAULT NULL,
  `descripcion` varchar(150) NOT NULL,
  `cantidad` int(11) NOT NULL,
  `is_active` tinyint(1) DEFAULT 1,
  `created_at` timestamp NOT NULL DEFAULT current_timestamp(),
  `updated_at` timestamp NOT NULL DEFAULT current_timestamp() ON UPDATE current_timestamp(),
  `deleted_at` timestamp NULL DEFAULT NULL
) ENGINE=InnoDB DEFAULT CHARSET=utf8mb4 COLLATE=utf8mb4_general_ci;

--
-- Volcado de datos para la tabla `inicio_estadistica`
--

INSERT INTO `inicio_estadistica` (`id`, `icono`, `descripcion`, `cantidad`, `is_active`, `created_at`, `updated_at`, `deleted_at`) VALUES
(1, 'fa-solid fa-user-group', 'Estudiantes Activos', 5000, 1, '2025-08-29 19:30:12', '2025-10-03 00:20:30', '2025-10-03 00:20:30'),
(2, 'fa-solid fa-graduation-cap', 'Egresados', 12500, 1, '2025-08-29 19:30:12', '2025-10-03 00:20:27', '2025-10-03 00:20:27'),
(3, 'fa-solid fa-award', 'Años de Servicio', 10, 1, '2025-08-29 19:30:12', '2025-10-03 00:20:23', '2025-10-03 00:20:23'),
(4, 'fa-solid fa-briefcase', 'Programas', 5, 1, '2025-08-29 19:30:12', '2025-10-03 00:20:19', '2025-10-03 00:20:19'),
(6, 'fa-solid fa-book', 'Estudio', 6, 1, '2025-09-19 20:22:27', '2025-10-03 00:20:16', '2025-10-03 00:20:16'),
(7, 'fa-solid fa-graduation-cap', '123', 123, 1, '2025-09-19 20:50:41', '2025-09-19 20:53:23', '2025-09-19 20:53:23'),
(8, 'fa-solid fa-briefcase', 'Programas', 1, 1, '2025-10-10 16:48:37', '2025-10-22 15:32:14', NULL),
(9, 'fa-solid fa-user-group', 'Estudiantes', 120, 1, '2025-10-10 16:49:03', '2025-10-22 15:32:30', NULL),
(10, 'fa-solid fa-award', 'Años de servicio', 17, 1, '2025-10-10 16:49:20', '2025-10-22 15:33:03', NULL),
(11, 'fa-solid fa-briefcase', 'Programas', 6, 1, '2025-10-10 16:49:38', '2025-10-22 15:33:09', '2025-10-22 15:33:09'),
(12, 'fa-solid fa-building', 'Edificio', 2, 1, '2025-10-14 21:40:31', '2025-10-14 21:40:41', '2025-10-14 21:40:41');

-- --------------------------------------------------------

--
-- Estructura de tabla para la tabla `inicio_hero`
--

CREATE TABLE `inicio_hero` (
  `id` int(11) NOT NULL,
  `titulo` varchar(150) NOT NULL,
  `descripcion` text DEFAULT NULL,
  `foto` varchar(255) DEFAULT NULL,
  `is_active` tinyint(1) DEFAULT 1,
  `created_at` timestamp NOT NULL DEFAULT current_timestamp(),
  `updated_at` timestamp NOT NULL DEFAULT current_timestamp() ON UPDATE current_timestamp(),
  `deleted_at` timestamp NULL DEFAULT NULL
) ENGINE=InnoDB DEFAULT CHARSET=utf8mb4 COLLATE=utf8mb4_general_ci;

--
-- Volcado de datos para la tabla `inicio_hero`
--

INSERT INTO `inicio_hero` (`id`, `titulo`, `descripcion`, `foto`, `is_active`, `created_at`, `updated_at`, `deleted_at`) VALUES
(1, 'Educación para el futuro', 'Somos una institución de Educación Tecnológica de excelencia, formamos profesionales líderes y emprendedores con sólidos valores morales y éticos en su desempeño.', 'images/hero/1761164342_educacion-para-el-futuro.jpg', 1, '2025-08-29 17:30:56', '2025-10-22 15:19:02', NULL);

-- --------------------------------------------------------

--
-- Estructura de tabla para la tabla `inicio_servicios`
--

CREATE TABLE `inicio_servicios` (
  `id` int(11) NOT NULL,
  `nombre` varchar(100) NOT NULL,
  `descripcion` text DEFAULT NULL,
  `icono` varchar(100) DEFAULT NULL,
  `is_active` tinyint(1) DEFAULT 1,
  `created_at` timestamp NOT NULL DEFAULT current_timestamp(),
  `updated_at` timestamp NOT NULL DEFAULT current_timestamp() ON UPDATE current_timestamp(),
  `deleted_at` timestamp NULL DEFAULT NULL
) ENGINE=InnoDB DEFAULT CHARSET=utf8mb4 COLLATE=utf8mb4_general_ci;

--
-- Volcado de datos para la tabla `inicio_servicios`
--

INSERT INTO `inicio_servicios` (`id`, `nombre`, `descripcion`, `icono`, `is_active`, `created_at`, `updated_at`, `deleted_at`) VALUES
(1, 'Biblioteca Digital', 'Acceso a más de 50,000 recursos digitales, libros electrónicos y bases de datos académicas.', 'fa-solid fa-book', 1, '2025-08-29 18:11:37', '2025-10-03 00:19:56', '2025-10-03 00:19:56'),
(2, 'Laboratorios Tecnológicos', 'Espacios equipados con tecnología de vanguardia para el desarrollo de proyectos innovadores.', 'fa-solid fa-laptop', 1, '2025-08-29 18:11:37', '2025-10-03 00:19:51', '2025-10-03 00:19:51'),
(3, 'Asesoría Académica', 'Tutorías personalizadas y seguimiento continuo del progreso académico de cada estudiante.', 'fa-solid fa-user-group', 1, '2025-08-29 18:11:37', '2025-10-03 00:19:48', '2025-10-03 00:19:48'),
(4, 'Investigación Aplicada', 'Participación en proyectos de investigación con impacto real en la industria y la comunidad.', 'fa-solid fa-flask', 1, '2025-08-29 18:11:37', '2025-10-03 00:19:44', '2025-10-03 00:19:44'),
(5, 'Residencias Estudiantiles', 'Alojamiento seguro y cómodo para estudiantes nacionales e internacionales.', 'fa-solid fa-building', 1, '2025-08-29 18:11:37', '2025-10-03 00:19:36', '2025-10-03 00:19:36'),
(6, 'Bolsa de Trabajo', 'Conexión directa con empresas líderes para prácticas profesionales y oportunidades laborales.', 'fa-solid fa-briefcase', 1, '2025-08-29 18:11:37', '2025-10-03 00:19:40', '2025-10-03 00:19:40'),
(7, 'Prueba2', '--', 'fa-solid fa-laptop', 0, '2025-08-30 00:19:50', '2025-08-30 00:25:24', '2025-08-30 00:25:24'),
(8, 'Biblioteca Virtual', 'Acceso en línea a libros, revistas y recursos académicos para estudio e investigación.', 'fa-solid fa-book', 1, '2025-10-10 16:42:26', '2025-10-14 22:35:49', NULL),
(9, 'Aula Virtual', 'Acceso en línea a clases, tareas y recursos académicos para aprendizaje.', 'fa-solid fa-laptop', 1, '2025-10-10 16:43:25', '2025-10-20 09:14:21', '2025-10-20 09:14:21'),
(10, 'Sistema de Gestión Académica', 'Plataforma en línea para administrar estudiantes, cursos y procesos académicos del IESTP.', 'fa-solid fa-book-open', 1, '2025-10-10 16:44:48', '2025-10-20 09:14:17', '2025-10-20 09:14:17'),
(11, 'Bolsa de Trabajo', 'Plataforma en línea que conecta a estudiantes y egresados del IESTP con empresas y oportunidades laborales.', 'fa-solid fa-briefcase', 1, '2025-10-10 16:46:21', '2025-10-10 16:46:21', NULL),
(12, 'Mesa de Partes Virtual', 'Plataforma en línea del IESTP para recibir, registrar y dar seguimiento a trámites y documentos digitales.', 'fa-solid fa-users', 1, '2025-10-10 16:47:09', '2025-10-10 16:47:09', NULL),
(13, 'Sistema de Admisión', 'Plataforma en línea del IESTP para gestionar postulaciones, evaluaciones y procesos de ingreso.', 'fa-solid fa-graduation-cap', 1, '2025-10-10 16:47:58', '2025-10-20 09:14:07', '2025-10-20 09:14:07'),
(14, 'Sistema de Gestión Académica (SGA)', 'Plataforma unificada que gestiona toda la vida académica: docencia, calificaciones, horarios, matrícula y comunicación institucional.', 'fa-solid fa-book', 1, '2025-10-22 15:27:53', '2025-10-22 15:27:53', NULL);

-- --------------------------------------------------------

--
-- Estructura de tabla para la tabla `inicio_testimonios`
--

CREATE TABLE `inicio_testimonios` (
  `id` int(11) NOT NULL,
  `nombre` varchar(150) NOT NULL,
  `descripcion` text NOT NULL,
  `imagen` varchar(255) DEFAULT NULL,
  `puntuacion` tinyint(3) UNSIGNED DEFAULT NULL,
  `is_active` tinyint(1) DEFAULT 1,
  `created_at` timestamp NOT NULL DEFAULT current_timestamp(),
  `updated_at` timestamp NOT NULL DEFAULT current_timestamp() ON UPDATE current_timestamp(),
  `deleted_at` timestamp NULL DEFAULT NULL
) ENGINE=InnoDB DEFAULT CHARSET=utf8mb4 COLLATE=utf8mb4_general_ci;

--
-- Volcado de datos para la tabla `inicio_testimonios`
--

INSERT INTO `inicio_testimonios` (`id`, `nombre`, `descripcion`, `imagen`, `puntuacion`, `is_active`, `created_at`, `updated_at`, `deleted_at`) VALUES
(1, 'Sofía Martínez', 'NOVA ha transformado mi forma de aprender. Los proyectos son desafiantes pero increíblemente gratificantes. He descubierto pasiones que no sabía que tenía.', './images/no-photo.jpg', 5, 1, '2025-08-29 19:48:27', '2025-10-03 00:23:32', '2025-10-03 00:23:32'),
(2, 'Carlos Rodríguez', 'La diferencia en el entusiasmo de mi hijo por aprender es notable. Los profesores realmente se preocupan por desarrollar todas las dimensiones de los estudiantes.', './images/no-photo.jpg', 5, 1, '2025-08-29 19:48:27', '2025-10-03 00:23:28', '2025-10-03 00:23:28'),
(3, 'Ana Gómez', 'Gracias a la preparación en NOVA, conseguí una beca completa en una universidad internacional. Las habilidades que desarrollé aquí van mucho más allá de lo académico.', './images/no-photo.jpg', 5, 1, '2025-08-29 19:48:27', '2025-10-03 00:23:24', '2025-10-03 00:23:24'),
(4, 'Miguel Hernández', 'La carrera de Ingeniería de Sistemas me ha abierto puertas increíbles. Los laboratorios y la metodología práctica son excepcionales.', './images/no-photo.jpg', 5, 1, '2025-08-29 19:48:27', '2025-10-03 00:23:19', '2025-10-03 00:23:19'),
(5, 'Laura Sánchez', 'Mis dos hijos estudian en NOVA y la diferencia con otras instituciones es abismal. El enfoque personalizado ha permitido que cada uno desarrolle sus talentos únicos.', './images/no-photo.jpg', 5, 1, '2025-08-29 19:48:27', '2025-10-03 00:23:05', '2025-10-03 00:23:05'),
(6, 'Daniel Torres', 'Los proyectos que desarrollé en NOVA me dieron las bases para crear mi propia startup. La mentalidad emprendedora que fomentan es invaluable.', './images/no-photo.jpg', 5, 1, '2025-08-29 19:48:27', '2025-10-03 00:23:09', '2025-10-03 00:23:09'),
(7, 'NAYELI ANAIS QUISPE CALSINA', '\"Estudiar en el instituto ha sido una de las mejores decisiones que he tomado. No solo recibo conocimientos teóricos, sino también muchas oportunidades para practicar en situaciones reales. Los docentes son increíbles y siempre están dispuestos a ayudar, lo que hace que la experiencia de aprendizaje sea única.\"', 'images/testimonios/1766177664_nayeli-anais-quispe-calsina.jpg', 5, 1, '2025-10-10 17:00:20', '2025-12-19 15:54:24', NULL),
(8, 'Julio Cesar', 'Mi testimonio', 'images/testimonios/1760478108_julio-cesar.png', 5, 1, '2025-10-14 21:41:48', '2025-10-14 21:41:59', '2025-10-14 21:41:59'),
(9, 'EDITH NAYELY MAMANI AGUILAR', '\"Elegí este instituto por su enfoque práctico, y no me arrepiento. Desde el primer semestre, he tenido acceso a laboratorios bien equipados y proyectos que me han permitido aplicar lo que aprendo. Esto me ha dado confianza y preparación para enfrentar los retos laborales.\"', 'images/testimonios/1766176795_jose-luis-ramos.jpg', 5, 1, '2025-10-14 22:36:16', '2025-12-19 15:49:52', NULL),
(10, 'ROMARIO SAUL NINACANSAYA MAMANI', '\"La formación en este instituto va más allá de las aulas. Las actividades extracurriculares, las prácticas y los eventos me han permitido crecer no solo como profesional, sino también como persona. Me siento lista para llevar mis habilidades al mundo real, gracias a la experiencia y apoyo que he recibido aquí.\"', 'images/testimonios/1766177304_carolina-mejia.jpg', 5, 1, '2025-10-20 09:23:43', '2025-12-19 15:49:10', NULL);

-- --------------------------------------------------------

--
-- Estructura de tabla para la tabla `inversiones`
--

CREATE TABLE `inversiones` (
  `id` int(11) NOT NULL,
  `tipo_inversion_id` int(11) NOT NULL,
  `nombre` varchar(200) NOT NULL,
  `descripcion` text DEFAULT NULL,
  `documento` varchar(255) DEFAULT NULL,
  `imagen` varchar(255) DEFAULT NULL,
  `is_active` tinyint(1) DEFAULT 1,
  `created_at` timestamp NOT NULL DEFAULT current_timestamp(),
  `updated_at` timestamp NOT NULL DEFAULT current_timestamp() ON UPDATE current_timestamp(),
  `deleted_at` timestamp NULL DEFAULT NULL
) ENGINE=InnoDB DEFAULT CHARSET=utf8mb4 COLLATE=utf8mb4_general_ci;

--
-- Volcado de datos para la tabla `inversiones`
--

INSERT INTO `inversiones` (`id`, `tipo_inversion_id`, `nombre`, `descripcion`, `documento`, `imagen`, `is_active`, `created_at`, `updated_at`, `deleted_at`) VALUES
(12, 1, 'Próximamente', 'Próximamente', NULL, 'assets/INV_IMG_TtM2HDoBod_1762271561.png', 1, '2025-10-20 15:57:18', '2025-11-04 10:52:41', NULL),
(13, 2, 'Próximamente', 'Próximamente', NULL, 'assets/INV_IMG_O3rzH389Da_1762269588.png', 1, '2025-10-20 15:57:41', '2025-11-04 10:19:48', NULL),
(14, 3, 'Próximamente', 'Próximamente', NULL, 'assets/INV_IMG_UtMkMPKEl1_1760993895.jpg', 1, '2025-10-20 15:58:15', '2025-10-22 17:32:06', NULL);

-- --------------------------------------------------------

--
-- Estructura de tabla para la tabla `licenciamiento`
--

CREATE TABLE `licenciamiento` (
  `id` int(11) NOT NULL,
  `nombre` varchar(200) NOT NULL,
  `descripcion` text DEFAULT NULL,
  `documento` varchar(255) DEFAULT NULL,
  `is_active` tinyint(1) DEFAULT 1,
  `created_at` timestamp NOT NULL DEFAULT current_timestamp(),
  `updated_at` timestamp NOT NULL DEFAULT current_timestamp() ON UPDATE current_timestamp(),
  `deleted_at` timestamp NULL DEFAULT NULL
) ENGINE=InnoDB DEFAULT CHARSET=utf8mb4 COLLATE=utf8mb4_general_ci;

--
-- Volcado de datos para la tabla `licenciamiento`
--

INSERT INTO `licenciamiento` (`id`, `nombre`, `descripcion`, `documento`, `is_active`, `created_at`, `updated_at`, `deleted_at`) VALUES
(10, 'Prueba', '--', 'assets/LIC_DOC_JaEQaPR9O95x_1760539780.pdf', 1, '2025-10-15 14:49:40', '2025-10-15 14:49:51', '2025-10-15 14:49:51'),
(11, 'Proceso de licenciamiento', 'proceso de licenciamiento del Instituto de Educacion Superior Tecnologico Publico Jose Domingo Choquehuanca', 'assets/LIC_DOC_ZwVTNxm1EShU_1764883936.pdf', 1, '2025-12-04 16:32:16', '2025-12-04 16:32:16', NULL);

-- --------------------------------------------------------

--
-- Estructura de tabla para la tabla `links_institucionales`
--

CREATE TABLE `links_institucionales` (
  `id` int(11) NOT NULL,
  `nombre` varchar(150) NOT NULL,
  `enlace` varchar(255) NOT NULL,
  `is_active` tinyint(1) DEFAULT 1,
  `created_at` timestamp NOT NULL DEFAULT current_timestamp(),
  `updated_at` timestamp NOT NULL DEFAULT current_timestamp() ON UPDATE current_timestamp(),
  `deleted_at` timestamp NULL DEFAULT NULL
) ENGINE=InnoDB DEFAULT CHARSET=utf8mb4 COLLATE=utf8mb4_general_ci;

--
-- Volcado de datos para la tabla `links_institucionales`
--

INSERT INTO `links_institucionales` (`id`, `nombre`, `enlace`, `is_active`, `created_at`, `updated_at`, `deleted_at`) VALUES
(1, 'Titula', 'https://titula.minedu.gob.pe/', 1, '2025-09-04 20:40:43', '2025-09-04 20:40:43', NULL),
(2, 'Avanza', 'https://avanza.minedu.gob.pe/', 1, '2025-09-04 20:40:43', '2025-09-04 20:40:43', NULL),
(3, 'Registra', 'https://registra.minedu.gob.pe/#!/', 1, '2025-09-04 20:40:43', '2025-09-04 20:40:43', NULL),
(4, 'Conecta', 'https://conecta.minedu.gob.pe/', 1, '2025-09-04 20:40:43', '2025-09-04 20:40:43', NULL);

-- --------------------------------------------------------

--
-- Estructura de tabla para la tabla `locales`
--

CREATE TABLE `locales` (
  `id` int(11) NOT NULL,
  `direccion` varchar(255) NOT NULL,
  `telefono` varchar(20) DEFAULT NULL,
  `correo` varchar(150) DEFAULT NULL,
  `horario` varchar(150) DEFAULT NULL,
  `link` varchar(999) DEFAULT NULL,
  `foto` varchar(255) NOT NULL,
  `is_active` tinyint(1) DEFAULT 1,
  `created_at` timestamp NOT NULL DEFAULT current_timestamp(),
  `updated_at` timestamp NOT NULL DEFAULT current_timestamp() ON UPDATE current_timestamp(),
  `deleted_at` timestamp NULL DEFAULT NULL
) ENGINE=InnoDB DEFAULT CHARSET=utf8mb4 COLLATE=utf8mb4_general_ci;

--
-- Volcado de datos para la tabla `locales`
--

INSERT INTO `locales` (`id`, `direccion`, `telefono`, `correo`, `horario`, `link`, `foto`, `is_active`, `created_at`, `updated_at`, `deleted_at`) VALUES
(4, 'Jr. Cusco N.º 717 salida tirapata al costado del comisaria', '941041872', 'tecnojdch21@gmaiI.com', 'Lunes a Viernes - 8:00 am hasta 2:00 pm', '<iframe src=\"https://www.google.com/maps/embed?pb=!1m18!1m12!1m3!1d3853.322502101718!2d-70.34382422397306!3d-15.030267904606221!2m3!1f0!2f0!3f0!3m2!1i1024!2i768!4f13.1!3m3!1m2!1s0x9167d76d5d808ca7%3A0x5a9e8a3ab6235680!2sInstituto%20de%20Educaci%C3%B3n%20Superior%20Tecnol%C3%B3gico%20Publico%20-%20Jos%C3%A9%20Domingo%20Choquehuanca!5e0!3m2!1ses-419!2spe!4v1761169380431!5m2!1ses-419!2spe\" width=\"600\" height=\"450\" style=\"border:0;\" allowfullscreen=\"\" loading=\"lazy\" referrerpolicy=\"no-referrer-when-downgrade\"></iframe>', 'images/institucion/locales/5f9ac78b-8800-4c4f-9381-d7de4f6d4acb.png', 1, '2025-10-14 22:07:45', '2025-11-18 15:57:21', NULL);

-- --------------------------------------------------------

--
-- Estructura de tabla para la tabla `logo`
--

CREATE TABLE `logo` (
  `id` int(11) NOT NULL,
  `imagen` varchar(255) NOT NULL,
  `is_active` tinyint(1) DEFAULT 1,
  `created_at` timestamp NULL DEFAULT current_timestamp(),
  `updated_at` timestamp NULL DEFAULT current_timestamp() ON UPDATE current_timestamp(),
  `deleted_at` timestamp NULL DEFAULT NULL
) ENGINE=InnoDB DEFAULT CHARSET=utf8mb4 COLLATE=utf8mb4_unicode_ci;

--
-- Volcado de datos para la tabla `logo`
--

INSERT INTO `logo` (`id`, `imagen`, `is_active`, `created_at`, `updated_at`, `deleted_at`) VALUES
(1, 'images/20251022_151823__AzzZWesk.png', 1, '2025-09-29 19:37:28', '2025-10-22 15:18:23', NULL);

-- --------------------------------------------------------

--
-- Estructura de tabla para la tabla `marco_legal`
--

CREATE TABLE `marco_legal` (
  `id` int(11) NOT NULL,
  `titulo` varchar(100) NOT NULL,
  `descripcion` varchar(255) NOT NULL,
  `is_active` tinyint(1) NOT NULL DEFAULT 1,
  `created_at` timestamp NULL DEFAULT current_timestamp(),
  `updated_at` timestamp NULL DEFAULT current_timestamp() ON UPDATE current_timestamp()
) ENGINE=InnoDB DEFAULT CHARSET=utf8mb4 COLLATE=utf8mb4_unicode_ci;

-- --------------------------------------------------------

--
-- Estructura de tabla para la tabla `matricula_cronograma`
--

CREATE TABLE `matricula_cronograma` (
  `id` int(11) NOT NULL,
  `titulo` varchar(150) NOT NULL,
  `fecha` date NOT NULL,
  `descripcion` text DEFAULT NULL,
  `icono` varchar(100) DEFAULT NULL,
  `is_active` tinyint(1) DEFAULT 1,
  `created_at` timestamp NOT NULL DEFAULT current_timestamp(),
  `updated_at` timestamp NOT NULL DEFAULT current_timestamp() ON UPDATE current_timestamp(),
  `deleted_at` timestamp NULL DEFAULT NULL
) ENGINE=InnoDB DEFAULT CHARSET=utf8mb4 COLLATE=utf8mb4_general_ci;

--
-- Volcado de datos para la tabla `matricula_cronograma`
--

INSERT INTO `matricula_cronograma` (`id`, `titulo`, `fecha`, `descripcion`, `icono`, `is_active`, `created_at`, `updated_at`, `deleted_at`) VALUES
(1, 'Matrícula de Ingresantes', '2025-03-25', 'Estudiantes nuevos', 'fas fa-user-graduate', 1, '2025-09-04 17:09:44', '2025-10-03 00:45:12', '2025-10-03 00:45:12'),
(2, 'Matrícula Regular', '2025-04-01', 'Estudiantes regulares', 'fas fa-book-open', 1, '2025-09-04 17:09:44', '2025-10-03 00:45:06', '2025-10-03 00:45:06'),
(3, 'Matrícula Extemporánea', '2025-04-08', 'Con recargo del 10%', 'fas fa-calendar-plus', 1, '2025-09-04 17:09:44', '2025-10-03 00:44:54', '2025-10-03 00:44:54'),
(4, 'Inicio de Clases', '2025-04-14', 'Semestre 2025-I', 'fas fa-chalkboard-teacher', 1, '2025-09-04 17:09:44', '2025-10-03 00:44:49', '2025-10-03 00:44:49');

-- --------------------------------------------------------

--
-- Estructura de tabla para la tabla `matricula_detalle_requisitos`
--

CREATE TABLE `matricula_detalle_requisitos` (
  `id` int(11) NOT NULL,
  `matricula_requisitos_id` int(11) NOT NULL,
  `descripcion` text NOT NULL,
  `is_active` tinyint(1) DEFAULT 1,
  `created_at` timestamp NOT NULL DEFAULT current_timestamp(),
  `updated_at` timestamp NOT NULL DEFAULT current_timestamp() ON UPDATE current_timestamp(),
  `deleted_at` timestamp NULL DEFAULT NULL
) ENGINE=InnoDB DEFAULT CHARSET=utf8mb4 COLLATE=utf8mb4_general_ci;

--
-- Volcado de datos para la tabla `matricula_detalle_requisitos`
--

INSERT INTO `matricula_detalle_requisitos` (`id`, `matricula_requisitos_id`, `descripcion`, `is_active`, `created_at`, `updated_at`, `deleted_at`) VALUES
(27, 12, 'qwerty', 1, '2025-10-24 00:56:22', '2025-10-24 00:56:31', '2025-10-24 00:56:31'),
(28, 10, 'solicito de inscripciones  (segundo formato)', 1, '2025-11-27 14:48:25', '2025-11-27 14:48:25', NULL),
(29, 10, 'ficha de inscripciones(segundo formato)', 1, '2025-11-27 14:49:28', '2025-11-27 14:49:28', NULL),
(30, 10, 'ficha de inscripciones(segundo formato)', 1, '2025-11-27 14:57:02', '2025-11-27 14:57:40', '2025-11-27 14:57:40'),
(31, 10, 'declaracion jurada simple(segundo formato)', 1, '2025-11-27 14:59:47', '2025-11-27 14:59:47', NULL),
(32, 13, 'fotocopia de D.N.I. o partida de nacimiento (en caso de menor de edad)', 1, '2025-11-27 15:03:28', '2025-11-27 15:04:24', NULL),
(33, 10, 'certificado de estudios secundarioas originales  de haber concluido su educacion basica regular', 1, '2025-11-27 15:06:11', '2025-11-27 15:06:11', NULL),
(34, 10, 'recibo de pago por derecho de carpeta de postulantes eh inscripcion', 1, '2025-11-27 15:08:48', '2025-11-27 15:08:48', NULL),
(35, 11, '02 fotografias tamaño canet de frente a colores y actualizado con fondo blanco', 1, '2025-11-27 15:12:40', '2025-11-27 15:12:40', NULL);

-- --------------------------------------------------------

--
-- Estructura de tabla para la tabla `matricula_pasos`
--

CREATE TABLE `matricula_pasos` (
  `id` int(11) NOT NULL,
  `numero_paso` int(11) NOT NULL,
  `titulo` varchar(150) NOT NULL,
  `descripcion` text DEFAULT NULL,
  `is_active` tinyint(1) DEFAULT 1,
  `created_at` timestamp NOT NULL DEFAULT current_timestamp(),
  `updated_at` timestamp NOT NULL DEFAULT current_timestamp() ON UPDATE current_timestamp(),
  `deleted_at` timestamp NULL DEFAULT NULL
) ENGINE=InnoDB DEFAULT CHARSET=utf8mb4 COLLATE=utf8mb4_general_ci;

--
-- Volcado de datos para la tabla `matricula_pasos`
--

INSERT INTO `matricula_pasos` (`id`, `numero_paso`, `titulo`, `descripcion`, `is_active`, `created_at`, `updated_at`, `deleted_at`) VALUES
(1, 1, 'Regístrate', 'Crea tu cuenta con tus datos básicos y verifica tu email', 1, '2025-09-04 17:00:05', '2025-10-03 00:47:01', '2025-10-03 00:47:01'),
(2, 2, 'Selecciona', 'Elige tus cursos y horarios según tu plan de estudios', 1, '2025-09-04 17:00:05', '2025-10-03 00:46:55', '2025-10-03 00:46:55'),
(3, 3, 'Paga', 'Realiza el pago de forma segura con múltiples opciones', 1, '2025-09-04 17:00:05', '2025-10-03 00:46:50', '2025-10-03 00:46:50'),
(4, 4, '¡Listo!', 'Recibe tu confirmación y accede a todos los servicios', 1, '2025-09-04 17:00:05', '2025-10-03 00:46:46', '2025-10-03 00:46:46'),
(5, 5, 'Prueba2', '--', 1, '2025-09-04 22:03:31', '2025-09-04 22:03:46', '2025-09-04 22:03:46'),
(6, 5, 'Prueba2', '--', 1, '2025-09-10 00:31:34', '2025-09-10 00:31:45', '2025-09-10 00:31:45'),
(7, 1, 'INICIO DE PROCESO', 'El estudiante da inicio a su proceso de matrícula', 1, '2025-10-17 12:21:55', '2025-10-17 12:21:55', NULL),
(8, 2, 'ESTUDIANTE', 'Realiza el pago del derecho de matrícula y presenta\r\nun FUT (Formulario Único de Tramite) solicitando tu\r\nmatrícula. Adjunta los siguientes documentos: copi\r\nde tu DNI, certificado de estudios y la boleta de\r\npago', 1, '2025-10-17 12:22:29', '2025-10-17 12:22:29', NULL),
(9, 3, 'MESA DE PARTES', 'La Mesa de Partes recibirá el FUT y lo derivará a la\r\nSecretaría Académica para su trámite\r\ncorrespondiente.', 1, '2025-10-17 12:22:53', '2025-10-17 12:22:53', NULL),
(10, 4, 'SECRETARIA ACADEMICA', 'Recibe el FUT y procederá a registrar la inscripción\r\nen el sistema Registra. Una vez realizada la\r\ninscripción, se entregará la ficha de matrícula.', 1, '2025-10-17 12:23:06', '2025-10-17 12:23:06', NULL),
(11, 5, 'FIN DE PROCESO', 'Estudiante matriculado.', 1, '2025-10-17 12:23:18', '2025-10-17 12:23:18', NULL);

-- --------------------------------------------------------

--
-- Estructura de tabla para la tabla `matricula_requisitos`
--

CREATE TABLE `matricula_requisitos` (
  `id` int(11) NOT NULL,
  `titulo` varchar(150) NOT NULL,
  `icono` varchar(100) DEFAULT NULL,
  `is_active` tinyint(1) DEFAULT 1,
  `created_at` timestamp NOT NULL DEFAULT current_timestamp(),
  `updated_at` timestamp NOT NULL DEFAULT current_timestamp() ON UPDATE current_timestamp(),
  `deleted_at` timestamp NULL DEFAULT NULL
) ENGINE=InnoDB DEFAULT CHARSET=utf8mb4 COLLATE=utf8mb4_general_ci;

--
-- Volcado de datos para la tabla `matricula_requisitos`
--

INSERT INTO `matricula_requisitos` (`id`, `titulo`, `icono`, `is_active`, `created_at`, `updated_at`, `deleted_at`) VALUES
(10, 'Pago por derecho de Matricula', 'fa-solid fa-id-card', 1, '2025-10-20 15:37:44', '2025-10-20 15:37:44', NULL),
(11, 'Foto Actualizada tamaño Pasaporte', 'fa-solid fa-file-signature', 1, '2025-10-20 15:40:37', '2025-10-20 15:40:37', NULL),
(12, 'Copia del DNI', 'fa-solid fa-upload', 1, '2025-10-20 15:41:03', '2025-10-20 15:41:03', NULL),
(13, 'DNI físico', 'fa-solid fa-calendar', 1, '2025-10-20 15:41:36', '2025-10-20 15:41:36', NULL);

-- --------------------------------------------------------

--
-- Estructura de tabla para la tabla `matricula_tipos`
--

CREATE TABLE `matricula_tipos` (
  `id` int(11) NOT NULL,
  `titulo` varchar(150) NOT NULL,
  `descripcion` text DEFAULT NULL,
  `icono` varchar(100) DEFAULT NULL,
  `is_active` tinyint(1) DEFAULT 1,
  `created_at` timestamp NOT NULL DEFAULT current_timestamp(),
  `updated_at` timestamp NOT NULL DEFAULT current_timestamp() ON UPDATE current_timestamp(),
  `deleted_at` timestamp NULL DEFAULT NULL
) ENGINE=InnoDB DEFAULT CHARSET=utf8mb4 COLLATE=utf8mb4_general_ci;

--
-- Volcado de datos para la tabla `matricula_tipos`
--

INSERT INTO `matricula_tipos` (`id`, `titulo`, `descripcion`, `icono`, `is_active`, `created_at`, `updated_at`, `deleted_at`) VALUES
(5, 'Matricula ordinaria', 'La inscripcion regular que se realiza dentro del plazo establecido por el instituto', 'fa-solid fa-book-open', 1, '2025-11-27 15:19:55', '2025-11-27 15:19:55', NULL),
(6, 'Matricula extraordinaria', 'Se realiza  fuera del plazo  regular,  generalmente tiene multa o recarga economico.', 'fa-solid fa-calendar', 1, '2025-11-27 15:22:39', '2025-11-27 15:22:39', NULL),
(7, 'Matricula por Reingreso', 'para estudiante que dejaron de estudiar uno oh mas ciglos y desean continuar', 'fa-solid fa-book-open', 1, '2025-11-27 15:25:41', '2025-11-27 15:25:41', NULL),
(8, 'Matricula por Repitencia', 'dirigida alos estudiantes que desapruebaron un modulo,curso o semestre', 'fa-solid fa-book-open', 1, '2025-11-27 15:28:09', '2025-11-27 15:28:09', NULL),
(9, 'Matricula regular por ciclo o semestre', 'la inscripcion por cada semestre academico o modulo formativo', 'fa-solid fa-book-open', 1, '2025-11-27 15:30:23', '2025-11-27 15:30:23', NULL),
(10, 'Matricula regular por ciclo o semestre', 'la inscripcion por cada semestre academico o modulo formativo', 'fa-solid fa-book-open', 1, '2025-11-27 15:30:24', '2025-11-27 15:30:24', NULL);

-- --------------------------------------------------------

--
-- Estructura de tabla para la tabla `migrations`
--

CREATE TABLE `migrations` (
  `id` int(10) UNSIGNED NOT NULL,
  `migration` varchar(255) NOT NULL,
  `batch` int(11) NOT NULL
) ENGINE=InnoDB DEFAULT CHARSET=utf8mb4 COLLATE=utf8mb4_unicode_ci;

--
-- Volcado de datos para la tabla `migrations`
--

INSERT INTO `migrations` (`id`, `migration`, `batch`) VALUES
(1, '000_create_failed_jobs_table', 1),
(2, '000_create_password_reset_tokens_table', 1),
(3, '000_create_password_resets_table', 1);

-- --------------------------------------------------------

--
-- Estructura de tabla para la tabla `mision`
--

CREATE TABLE `mision` (
  `id` int(11) NOT NULL,
  `descripcion` text NOT NULL,
  `created_at` timestamp NOT NULL DEFAULT current_timestamp(),
  `updated_at` timestamp NOT NULL DEFAULT current_timestamp() ON UPDATE current_timestamp(),
  `deleted_at` timestamp NULL DEFAULT NULL
) ENGINE=InnoDB DEFAULT CHARSET=utf8mb4 COLLATE=utf8mb4_general_ci;

--
-- Volcado de datos para la tabla `mision`
--

INSERT INTO `mision` (`id`, `descripcion`, `created_at`, `updated_at`, `deleted_at`) VALUES
(1, '“Somos un Instituto de Educación Superior que promueve una educación con énfasis en la innovación, emprendimiento, productividad, competitividad e inclusión, a través de una formación integral mediante los programas de estudios que respondan a las necesidades del sector productivo, y contribuyendo a la sostenibilidad y desarrollo regional, nacional y global.\"', '2025-08-29 20:20:54', '2025-10-20 09:33:53', NULL);

-- --------------------------------------------------------

--
-- Estructura de tabla para la tabla `modulos`
--

CREATE TABLE `modulos` (
  `id` int(11) NOT NULL,
  `short_name` varchar(50) NOT NULL DEFAULT '0',
  `nombre` varchar(100) NOT NULL,
  `is_active` tinyint(1) DEFAULT 1,
  `created_at` timestamp NOT NULL DEFAULT current_timestamp(),
  `updated_at` timestamp NOT NULL DEFAULT current_timestamp() ON UPDATE current_timestamp(),
  `deleted_at` timestamp NULL DEFAULT NULL
) ENGINE=InnoDB DEFAULT CHARSET=utf8mb4 COLLATE=utf8mb4_general_ci;

--
-- Volcado de datos para la tabla `modulos`
--

INSERT INTO `modulos` (`id`, `short_name`, `nombre`, `is_active`, `created_at`, `updated_at`, `deleted_at`) VALUES
(1, 'seguridad', 'Seguridad', 1, '2025-09-24 01:07:49', '2025-09-25 18:00:31', NULL),
(2, 'inicio', 'Inicio', 1, '2025-09-23 23:52:45', '2025-09-25 18:00:34', NULL),
(3, 'nosotros', 'Nosotros', 1, '2025-09-24 03:28:26', '2025-09-25 18:00:38', NULL),
(4, 'programas_estudio', 'Programas de Estudio', 1, '2025-09-24 03:28:36', '2025-09-25 18:00:42', NULL),
(5, 'admision_matricula', 'Admisión y Matrícula', 1, '2025-09-24 03:28:46', '2025-09-25 18:00:48', NULL),
(6, 'transparencia', 'Transparencia', 1, '2025-09-24 03:29:08', '2025-09-25 18:00:52', NULL),
(7, 'servicios_complementarios', 'Servicios complementarios', 1, '2025-09-24 03:29:22', '2025-09-25 18:00:57', NULL),
(8, 'noticias', 'Noticias', 1, '2025-09-24 03:29:29', '2025-09-25 18:01:00', NULL),
(9, 'links_institucionales', 'Links Institucionales', 1, '2025-09-25 20:17:55', '2025-09-25 20:17:55', NULL),
(10, 'contactanos', 'Contáctanos', 1, '2025-09-25 20:17:55', '2025-09-25 20:17:55', NULL);

-- --------------------------------------------------------

--
-- Estructura de tabla para la tabla `noticias`
--

CREATE TABLE `noticias` (
  `id` int(11) NOT NULL,
  `titulo` varchar(200) NOT NULL,
  `descripcion` text DEFAULT NULL,
  `fecha` date NOT NULL,
  `imagen` varchar(255) DEFAULT NULL,
  `documento` varchar(255) DEFAULT NULL,
  `is_active` tinyint(1) DEFAULT 1,
  `created_at` timestamp NOT NULL DEFAULT current_timestamp(),
  `updated_at` timestamp NOT NULL DEFAULT current_timestamp() ON UPDATE current_timestamp(),
  `deleted_at` timestamp NULL DEFAULT NULL
) ENGINE=InnoDB DEFAULT CHARSET=utf8mb4 COLLATE=utf8mb4_general_ci;

--
-- Volcado de datos para la tabla `noticias`
--

INSERT INTO `noticias` (`id`, `titulo`, `descripcion`, `fecha`, `imagen`, `documento`, `is_active`, `created_at`, `updated_at`, `deleted_at`) VALUES
(6, 'GRAN INAUGURACION SALA DE RADIO ONLINE Y STREAMING', 'Corte de cinta, luces y ¡al aire! La nueva sala de radio online y streaming ya late: micrófonos HD, mezcladora digital y señal para que la voz del IESTP Choquehuanca llegue al mundo.', '2025-08-21', 'images/NOT_IMG_J7NKMNKU9U_1760115359.png', '/assets/NOT_DOC_N6HBDWB7YR_1761173738.pdf', 1, '2025-10-10 16:55:59', '2025-10-22 17:55:38', NULL),
(7, 'RELÁMPAGO DEL CAMPEONATO', 'GRAN INAUGURACIÓN: RELÁMPAGO DEL CAMPEONATO DE INTERINSTITUCIONES DEL DISTRITO DE JOSÉ DOMINGO CHOQUEHUANCA 🌟 ¡La emoción deportiva llega a José Domingo Choquehuanca! 🏆 Nos complace invitarlos al Campeonato Interinstituciones en las disciplinas de Vóley 🏐 y Futsal ⚽, un evento trascendental que busca fomentar la práctica deportiva 🏅 y fortalecer los lazos de hermandad y cooperación ❤️ entre nuestras instituciones. Daremos inicio a esta fiesta deportiva con un emocionante \"relámpago\" ⚡ el martes 15 de julio a las 2:00 p.m. en el auditorio deportivo del IESTP José Domingo Choquehuanca 🏛️. Contaremos con la participación de destacadas instituciones de nuestro distrito: ✅️ IEP José Carlos Mariátegui ✅️ IEP José Antonio Encinas ✅️ IEP Pedro Vilcapaza ✅️ IES Simón Bolívar ✅️ IES José Domingo Choquehuanca ✅️ IES Tupac Amaru II - Tirapata ✅️ Centro de Salud JDCH 🏥 ✅️ Municipalidad Distrital JDCH 🏢 ✅️ Instituto Tecnológico JDCH 🧑‍🎓 Prepárense para vibrar con la pasión del vóley en la categoría damas y el futsal en la categoría varones. ¡Será una jornada llena de talento, compañerismo y sana competencia! 🙌 ¡Los esperamos para ser parte de este gran evento que celebra el deporte y la unión de nuestra comunidad! 🎉 🎉“El deporte no solo une equipos, une corazones.”', '2025-08-05', 'images/NOT_IMG_S4EHJ92LWY_1761173783.jpg', '/assets/NOT_DOC_5KQIKCFUAV_1760115383.pdf', 1, '2025-10-10 16:56:23', '2025-10-22 17:56:23', NULL),
(8, 'TALLER PRÁCTICO DE FIBRA ÓPTICA', 'TALLER PRÁCTICO DE FIBRA ÓPTICA Dirigido a estudiantes, egresados y público en general Inicio: martes 7 de octubre Duración: 1 semana', '2025-07-27', 'images/NOT_IMG_71AVPBDRPH_1761173831.jpg', '/assets/NOT_DOC_BB34JJAUS2_1760115406.pdf', 1, '2025-10-10 16:56:46', '2025-10-22 17:57:11', NULL),
(9, 'Titulo Noticia 4', 'Descripción Noticia 4', '2025-10-04', 'images/NOT_IMG_OK0HTQGSBC_1760115428.png', '/assets/NOT_DOC_OE8IK8GE9M_1760115428.pdf', 1, '2025-10-10 16:57:08', '2025-10-20 16:21:07', '2025-10-20 16:21:07'),
(10, 'PONCHADAS', 'En Conmemoración Al 17 ° Aniversario Del IESTP José Domingo Choquehuanca concurso de ponchadas', '2025-10-29', 'images/NOT_IMG_QEJ046ZLVG_1761683078.jfif', NULL, 1, '2025-10-28 14:09:09', '2025-10-28 15:24:38', NULL),
(11, 'K\'APEROS', 'En Conmemoración Al 17 ° Aniversario Del IESTP José Domingo Choquehuanca concurso de k\'aperos', '2025-10-29', 'images/NOT_IMG_QUIYM6DPZS_1761682962.jfif', NULL, 1, '2025-10-28 15:22:42', '2025-10-28 15:22:42', NULL),
(12, 'ENTREGA DE TÍTULOS PROFESIONALES', 'Entrega de títulos profesiones en el IESTP José Domingo Choquehuanca.', '2025-10-30', 'images/NOT_IMG_ZKMPMADK2E_1761683086.jpg', NULL, 1, '2025-10-28 15:24:46', '2025-10-28 15:29:44', NULL),
(13, '¡ROMPIENDO BARRERAS DIGITALES! EL IESTP JDCH SE CONECTA AL MUNDO CON STARLINK 🛰️🚀', '¡Damos un salto histórico hacia el futuro! La Familia Tecnológica se enorgullece en anunciar oficialmente la llegada e implementación del servicio de internet satelital STARLINK de SpaceX en todas nuestras instalaciones. 🌐✨\r\n¿Qué significa esto para nuestra comunidad?\r\n✅ Conexión de ultra alta velocidad y estabilidad en nuestros laboratorios de cómputo y aulas.\r\n✅ Acceso sin límites a herramientas globales de investigación y recursos digitales.\r\n✅ Cero interrupciones para nuestras transmisiones, talleres y desarrollo académico.\r\nDemostramos con hechos que para la educación técnica en Azángaro no existen límites geográficos. ¡Nuestros estudiantes merecen tecnología de primer nivel! 💪💻\r\nSeguimos modernizando nuestra casa de estudios para formar a los profesionales altamente competitivos que el sur del país necesita. ¡El futuro ya está aquí y está conectado! 🏛️📡\r\n\"Una carrera, infinitas posibilidades\" 🌐', '2026-05-18', 'images/NOT_IMG_RGBVTY2W8S_1779226309.jpg', NULL, 1, '2026-05-19 16:31:49', '2026-05-19 16:31:49', NULL),
(14, 'REUNIÓN CON LA UNIVERSIDAD CÉSAR VALLEJO 🤝🎓', '¡Atención, Familia Tecnológica! Seguimos trabajando incansablemente para abrirles las mejores puertas hacia su futuro profesional.\r\nEn esta semana, nuestro equipo directivo liderado por el Director General, el Mg. Paul Noe Apaza Humpiri, sostuvo una importante y muy fructífera mesa de trabajo con los representantes de la Universidad César Vallejo (UCV). 🏛️✨\r\n🎯 ¿El gran objetivo?\r\nSentar las bases para la firma de un anhelado CONVENIO DE COMPLEMENTACIÓN ACADÉMICA. Muy pronto, nuestros egresados del IESTP \"José Domingo Choquehuanca\" tendrán la gran oportunidad de convalidar sus estudios técnicos y continuar su camino hasta obtener su título universitario en esta prestigiosa casa superior de estudios. ¡Un puente directo hacia el éxito! 🚀📚\r\nComo símbolo de nuestra identidad, amistad interinstitucional y prosperidad para esta futura alianza, hicimos la entrega de un tradicional \"Torito de Pucará\" a las autoridades de la UCV. 🐂💙\r\nManténganse muy atentos a nuestras redes, porque pronto daremos los detalles oficiales de este gran logro. ¡El Tecno no se detiene! 💪\r\n\"Una carrera, infinitas posibilidades\" 🌐\r\n#ConvenioUCV #ComplementaciónAcadémica #IESTP_JDCH #FamiliaTecnológica #Azángaro #Puno #GestiónPaulNoeApaza #CrecimientoProfesional #RumboALaUniversidad', '2026-05-17', 'images/NOT_IMG_NXOX7RLO2F_1779226644.jpg', NULL, 1, '2026-05-19 16:37:24', '2026-05-19 16:37:24', NULL),
(15, 'REUNIÓN CON EL GERENTE GENERAL REGIONAL DEL GOBIERNO REGIONAL DE PUNO', '¡El trabajo por nuestra institución no descansa! Hoy, fortaleciendo nuestros lazos interinstitucionales, nuestro Director General, el Mg. Noe Apaza Humpiri, acompañado del Coordinador de Área de Calidad Mtro. Arnold Cch Chino Chambilla,  sostuvo una importante y fructífera mesa de diálogo con el Gerente General Regional del Gobierno Regional de Puno, Dr. Juan Oscar Macedo Cardenas para abordar el Proceso de Firma de contrato con la Empresa Consorcio Choquehuanca, encargada de realizar la construcción de la Nueva Infraestructura para el desarrollo integral, equipamiento y modernización de nuestro amado IESTP \"José Domingo Choquehuanca\". 🚀💼\r\nComo muestra de nuestra rica identidad cultural y en señal de prosperidad y trabajo conjunto, nuestras autoridades intercambiaron los tradicionales \"Toritos de Pucará\". 🐂✨ Un hermoso gesto que sella el compromiso de trabajar de la mano por la educación técnica del sur.\r\n¡La Familia Tecnológica sigue avanzando a paso firme! Manténganse atentos, porque esta gestión continúa tocando puertas y trayendo grandes frutos para nuestra comunidad estudiantil. 💪🎓\r\n\"Una carrera, infinitas posibilidades\" 🌐\r\n#GestiónJDCH #GOREPuno #IESTP_JDCH #FamiliaTecnológica #Azángaro #Puno #AlianzasEstratégicas #CrecimientoInstitucional #EducaciónSuperior', '2026-05-17', 'images/NOT_IMG_SHSVTTCOWU_1779226802.jpg', NULL, 1, '2026-05-19 16:40:02', '2026-05-19 16:40:02', NULL),
(16, '¡ÉXITO TOTAL EN LA CEREMONIA DE ENTREGA DE CERTIFICADOS MODULARES! 🎓✨', 'Con inmenso orgullo y alegría, la Familia Tecnológica del IESTP \"José Domingo Choquehuanca\" celebró la solemne formalización y entrega de los Certificados Modulares (I, II y III) a los estudiantes del Programa de Estudios de Administración de Centros de Cómputo. 💻👏\r\nEl Coliseo Cerrado de nuestra institución fue testigo de un merecido RECONOCIMIENTO AL ESFUERZO ACADÉMICO,  y perseverancia de nuestros jóvenes talento. Cada certificado entregado representa un peldaño más en su camino hacia la excelencia profesional y la competitividad en el mercado laboral actual. 💪🚀\r\nGracias a la impecable organización del Secretario Académico Ing. Reimer Zela Chambi, vivimos una ceremonia emotiva e inolvidable.\r\nAquí les compartimos las mejores imágenes de este gran evento. 👇📸 ¡Déjales un mensaje de felicitación!\r\n\"Una carrera, infinitas posibilidades\" 🌐\r\n#CertificaciónModular #AdministraciónDeCentrosDeCómputo #IESTP_JDCH #FamiliaTecnológica #Azángaro #Puno #LogroAcadémico #OrgulloJDCH #FuturosProfesionales #Mayo2026', '2026-05-15', 'images/NOT_IMG_W47BE0NLZS_1779227182.jpg', NULL, 1, '2026-05-19 16:46:22', '2026-05-19 16:46:22', NULL),
(17, 'SUPERVISIÓN Y RESPALDO A NUESTRA EXCELENCIA ACADÉMICA', 'RECIBIMOS LA VISITA DEL DIRECTOR REGIONAL DE EDUCACIÓN PUNO \r\n¡La transparencia y la mejora continua son nuestros pilares! El día de hoy, 22 de mayo, el IESTP \"José Domingo Choquehuanca\" recibió la importante visita inopinada y de supervisión por parte del Director Regional de Educación Puno (DRE Puno), Félix Rodríguez Quispe, acompañado por el Jefe de Asesoría Jurídica, Pedro Serafín Monzón Coaquira, \r\nEsta trascendental jornada tuvo como firme propósito fortalecer la labor docente y nuestra gestión directiva. Durante su recorrido in situ por nuestra institución, las autoridades regionales. \r\nReafirmamos el compromiso de mantener una gestión participativa, eficiente y transparente. ¡Este respaldo y acompañamiento permanente de la DRE Puno nos impulsa a seguir brindando la mejor educación superior técnica en la región! 💪🚀\r\n\"Una carrera, infinitas posibilidades\" 🌐\r\n#DREPuno #SupervisiónInstitucional #GestiónTransparente #IESTP_JDCH #FamiliaTecnológica #Azángaro #Puno #EducaciónSuperior #MejoraContinua #FuturosProfesionales', '2026-05-22', 'images/NOT_IMG_NRMP6QJVUJ_1780275550.jpg', NULL, 1, '2026-05-31 19:59:10', '2026-05-31 19:59:10', NULL);

-- --------------------------------------------------------

--
-- Estructura de tabla para la tabla `organigrama`
--

CREATE TABLE `organigrama` (
  `id` int(11) NOT NULL,
  `documento` varchar(255) NOT NULL,
  `is_active` tinyint(1) DEFAULT 1,
  `created_at` timestamp NOT NULL DEFAULT current_timestamp(),
  `updated_at` timestamp NOT NULL DEFAULT current_timestamp() ON UPDATE current_timestamp(),
  `deleted_at` timestamp NULL DEFAULT NULL
) ENGINE=InnoDB DEFAULT CHARSET=utf8mb4 COLLATE=utf8mb4_general_ci;

--
-- Volcado de datos para la tabla `organigrama`
--

INSERT INTO `organigrama` (`id`, `documento`, `is_active`, `created_at`, `updated_at`, `deleted_at`) VALUES
(1, '/assets/Organigrama_xwALbi.pdf', 1, '2025-08-29 21:03:55', '2025-12-15 06:09:39', NULL);

-- --------------------------------------------------------

--
-- Estructura de tabla para la tabla `permisos`
--

CREATE TABLE `permisos` (
  `id` int(11) NOT NULL,
  `id_rol` int(11) NOT NULL,
  `id_modulo` int(11) NOT NULL,
  `is_active` tinyint(1) DEFAULT 1,
  `created_at` timestamp NOT NULL DEFAULT current_timestamp(),
  `updated_at` timestamp NOT NULL DEFAULT current_timestamp() ON UPDATE current_timestamp(),
  `deleted_at` timestamp NULL DEFAULT NULL
) ENGINE=InnoDB DEFAULT CHARSET=utf8mb4 COLLATE=utf8mb4_general_ci;

--
-- Volcado de datos para la tabla `permisos`
--

INSERT INTO `permisos` (`id`, `id_rol`, `id_modulo`, `is_active`, `created_at`, `updated_at`, `deleted_at`) VALUES
(1, 1, 1, 1, '2025-09-24 00:01:43', '2025-09-25 20:17:09', NULL),
(2, 1, 2, 1, '2025-09-24 03:33:24', '2025-09-25 17:54:11', NULL),
(3, 1, 3, 1, '2025-09-24 03:33:40', '2025-09-25 20:09:49', NULL),
(4, 1, 4, 1, '2025-09-24 03:33:54', '2025-09-25 20:09:49', NULL),
(5, 1, 5, 1, '2025-09-24 03:34:11', '2025-09-25 20:09:49', NULL),
(6, 1, 6, 1, '2025-09-24 03:34:20', '2025-09-25 20:09:49', NULL),
(7, 1, 7, 1, '2025-09-24 03:34:28', '2025-09-25 20:09:49', NULL),
(8, 1, 8, 1, '2025-09-24 03:34:34', '2025-09-25 20:09:49', NULL),
(9, 1, 9, 1, '2025-09-24 03:34:50', '2025-09-25 20:19:45', NULL),
(10, 1, 10, 1, '2025-09-24 03:35:01', '2025-09-25 20:19:49', NULL),
(12, 2, 1, 1, '2025-09-25 20:23:51', '2025-09-25 20:23:51', NULL),
(13, 2, 2, 1, '2025-09-25 20:23:51', '2025-09-25 20:23:51', NULL),
(14, 2, 3, 1, '2025-09-25 20:23:51', '2025-09-25 20:23:51', NULL),
(15, 2, 4, 1, '2025-09-25 20:23:51', '2025-09-25 20:23:51', NULL),
(16, 2, 5, 1, '2025-09-25 20:23:51', '2025-09-25 20:23:51', NULL),
(17, 2, 6, 1, '2025-09-25 20:23:51', '2025-09-25 20:23:51', NULL),
(18, 2, 7, 1, '2025-09-25 20:23:51', '2025-09-25 20:23:51', NULL),
(19, 2, 8, 1, '2025-09-25 20:23:51', '2025-09-25 20:23:51', NULL),
(20, 2, 9, 1, '2025-09-25 20:23:51', '2025-09-25 20:23:51', NULL),
(21, 2, 10, 1, '2025-09-25 20:23:51', '2025-09-25 20:23:51', NULL),
(52, 3, 1, 1, '2025-09-25 21:08:08', '2025-09-25 21:08:08', NULL),
(53, 3, 2, 1, '2025-09-25 21:08:08', '2025-09-25 21:08:08', NULL),
(54, 3, 3, 1, '2025-09-25 21:08:08', '2025-09-25 21:08:08', NULL),
(55, 3, 4, 1, '2025-09-25 21:08:08', '2025-09-25 21:08:08', NULL),
(56, 3, 5, 1, '2025-09-25 21:08:08', '2025-09-25 21:08:08', NULL),
(57, 3, 6, 0, '2025-09-25 21:08:08', '2025-12-12 15:38:05', NULL),
(58, 3, 7, 1, '2025-09-25 21:08:08', '2025-09-25 21:08:08', NULL),
(59, 3, 8, 1, '2025-09-25 21:08:08', '2025-09-25 21:08:08', NULL),
(60, 3, 9, 1, '2025-09-25 21:08:08', '2025-09-25 21:08:08', NULL),
(61, 3, 10, 1, '2025-09-25 21:08:08', '2025-09-25 21:08:08', NULL),
(62, 4, 1, 1, '2025-09-25 21:08:08', '2025-09-25 21:08:08', NULL),
(63, 4, 2, 1, '2025-09-25 21:08:08', '2025-09-25 21:08:08', NULL),
(64, 4, 3, 1, '2025-09-25 21:08:08', '2025-09-25 21:08:08', NULL),
(65, 4, 4, 1, '2025-09-25 21:08:08', '2025-09-25 21:08:08', NULL),
(66, 4, 5, 1, '2025-09-25 21:08:08', '2025-09-25 21:08:08', NULL),
(67, 4, 6, 1, '2025-09-25 21:08:08', '2025-09-25 21:08:08', NULL),
(68, 4, 7, 1, '2025-09-25 21:08:08', '2025-09-25 21:08:08', NULL),
(69, 4, 8, 1, '2025-09-25 21:08:08', '2025-09-25 21:08:08', NULL),
(70, 4, 9, 1, '2025-09-25 21:08:08', '2025-09-25 21:08:08', NULL),
(71, 4, 10, 1, '2025-09-25 21:08:08', '2025-09-25 21:08:08', NULL),
(72, 5, 1, 0, '2025-09-25 21:08:08', '2025-12-12 15:36:38', NULL),
(73, 5, 2, 1, '2025-09-25 21:08:08', '2025-09-25 21:08:08', NULL),
(74, 5, 3, 1, '2025-09-25 21:08:08', '2025-09-25 21:08:08', NULL),
(75, 5, 4, 1, '2025-09-25 21:08:08', '2025-09-25 21:08:08', NULL),
(76, 5, 5, 1, '2025-09-25 21:08:08', '2025-09-25 21:08:08', NULL),
(77, 5, 6, 1, '2025-09-25 21:08:08', '2025-09-25 21:08:08', NULL),
(78, 5, 7, 1, '2025-09-25 21:08:08', '2025-09-25 21:08:08', NULL),
(79, 5, 8, 1, '2025-09-25 21:08:08', '2025-09-25 21:08:08', NULL),
(80, 5, 9, 1, '2025-09-25 21:08:08', '2025-09-25 21:08:08', NULL),
(81, 5, 10, 1, '2025-09-25 21:08:08', '2025-09-25 21:08:08', NULL);

-- --------------------------------------------------------

--
-- Estructura de tabla para la tabla `plana_docente`
--

CREATE TABLE `plana_docente` (
  `id` int(11) NOT NULL,
  `programa_estudio_id` int(11) NOT NULL,
  `nombre` varchar(150) NOT NULL,
  `cargo` varchar(100) DEFAULT NULL,
  `correo` varchar(150) DEFAULT NULL,
  `foto` varchar(255) DEFAULT NULL,
  `is_active` tinyint(1) DEFAULT 1,
  `created_at` timestamp NOT NULL DEFAULT current_timestamp(),
  `updated_at` timestamp NOT NULL DEFAULT current_timestamp() ON UPDATE current_timestamp(),
  `deleted_at` timestamp NULL DEFAULT NULL
) ENGINE=InnoDB DEFAULT CHARSET=utf8mb4 COLLATE=utf8mb4_general_ci;

--
-- Volcado de datos para la tabla `plana_docente`
--

INSERT INTO `plana_docente` (`id`, `programa_estudio_id`, `nombre`, `cargo`, `correo`, `foto`, `is_active`, `created_at`, `updated_at`, `deleted_at`) VALUES
(84, 18, 'Ing. Jessica Quispe Pariapaza', 'Docente', 'docente1@ejemplo.com', '/images/docentes/1778555268_jessica.jpg', 1, '2025-10-22 16:29:23', '2026-05-11 22:07:48', NULL),
(85, 18, 'Ing. Reimer Zela Chambi', 'Docente', 'docente2@ejemplo.com', '/images/docentes/1778555314_reimer-zela.jpg', 1, '2025-10-22 16:31:02', '2026-05-11 22:08:34', NULL),
(86, 18, 'Ing. Rhoan Christian Canahuire Quipse', 'Docente', 'docente3@ejemplo.com', '/images/docentes/1778555383_rohan-canahuire.jpg', 1, '2025-10-22 16:31:48', '2026-05-11 22:09:43', NULL),
(87, 18, 'Mg. Ing. Rossini Dante Pachas Apaza', 'Docente', 'docente4@ejemplo.com', '/images/docentes/1778555424_ing-dante.jpg', 1, '2025-10-22 16:32:34', '2026-05-11 22:10:24', NULL),
(88, 18, 'Mtro. Ing. Yessica Mariela Manrique Calcina', 'Docente', 'yesicamariela@ejemplo.com', '/images/docentes/1778555455_yesica-mariela.jpg', 1, '2025-10-22 16:35:43', '2026-05-11 22:10:55', NULL),
(89, 18, 'Ing. Darwin Jhony Cheje Condori', 'Docente', 'docente6@ejemplo.com', '/images/docentes/1778555577_darwin-cheje.jpg', 1, '2025-10-22 16:36:35', '2026-05-11 22:12:57', NULL),
(90, 18, 'Ing. Jose Humberto Quispe Marce', 'Docente', 'docente.jose.qm@iesjdch.edu.pe', '/images/docentes/1764879369_ing-jose-1.png', 1, '2025-10-22 16:37:13', '2025-12-04 15:16:09', NULL),
(91, 18, 'Ing. Roy Guido Huaracallo Chino', 'Docente', 'docente8@ejemplo.com', '/images/docentes/1778555618_roy-huaracallo.jpg', 1, '2025-10-22 16:37:45', '2026-05-11 22:13:38', NULL),
(93, 18, 'Ing. Richard Elmer Ccari Calsina', 'Docente', 'docente9@ejemplo.com', '/images/docentes/1778555649_richard-ccari.jpg', 1, '2025-10-22 16:38:47', '2026-05-11 22:14:09', NULL),
(94, 18, 'Mtro. CPC. Arnold Alexander Chino Chambilla', 'Docente', 'docente10@ejemplo.com', '/images/docentes/1778555727_arnol-contador.jpg', 1, '2025-10-22 16:39:31', '2026-05-11 22:15:27', NULL);

-- --------------------------------------------------------

--
-- Estructura de tabla para la tabla `plana_jerarquica`
--

CREATE TABLE `plana_jerarquica` (
  `id` int(11) NOT NULL,
  `nombre` varchar(150) NOT NULL,
  `cargo` varchar(150) NOT NULL,
  `imagen` varchar(255) DEFAULT NULL,
  `is_active` tinyint(1) DEFAULT 1,
  `created_at` timestamp NOT NULL DEFAULT current_timestamp(),
  `updated_at` timestamp NOT NULL DEFAULT current_timestamp() ON UPDATE current_timestamp(),
  `deleted_at` timestamp NULL DEFAULT NULL
) ENGINE=InnoDB DEFAULT CHARSET=utf8mb4 COLLATE=utf8mb4_general_ci;

--
-- Volcado de datos para la tabla `plana_jerarquica`
--

INSERT INTO `plana_jerarquica` (`id`, `nombre`, `cargo`, `imagen`, `is_active`, `created_at`, `updated_at`, `deleted_at`) VALUES
(1, 'Cesar Sánchez Calero', 'Director General', '/images/jerarquica/jerarquica_Dm7NLQ.png', 1, '2025-08-29 21:13:01', '2025-10-03 00:28:37', '2025-10-03 00:28:37'),
(2, 'Ing. Roberto Castillo', 'Director de Tecnología', './images/no-photo.jpg', 1, '2025-08-29 21:13:01', '2025-10-02 00:26:26', '2025-10-02 00:26:26'),
(3, 'Lic. Sandra López', 'Jefa de Recursos Humanos', './images/no-photo.jpg', 1, '2025-08-29 21:13:01', '2025-10-02 00:26:20', '2025-10-02 00:26:20'),
(4, 'CPA. Luis Fernández', 'Director Financiero', './images/no-photo.jpg', 1, '2025-08-29 21:13:01', '2025-10-02 00:26:16', '2025-10-02 00:26:16'),
(5, 'Psic. Diana Sanchez', 'Coordinadora de Psicología', './images/no-photo.jpg', 1, '2025-08-29 21:13:01', '2025-10-02 00:26:08', '2025-10-02 00:26:08'),
(6, 'Lic. Mónica García', 'Directora de Comunicaciones', './images/no-photo.jpg', 1, '2025-08-29 21:13:01', '2025-10-02 00:26:12', '2025-10-02 00:26:12'),
(8, 'Ramiro Fabian', 'Coordinador', './images/no-photo.jpg', 1, '2025-09-11 20:18:52', '2025-10-02 00:26:04', '2025-10-02 00:26:04'),
(10, 'Grocio Quevedo Ríos', 'Jefe de Unidad Académica', '/images/jerarquica/jerarquica_PlOTS4.png', 1, '2025-10-02 00:28:32', '2025-10-03 00:28:33', '2025-10-03 00:28:33'),
(11, 'Raquel Espinoza Solís', 'Jefe del área de Administración', '/images/jerarquica/jerarquica_sKEOfY.png', 1, '2025-10-02 00:28:50', '2025-10-03 00:28:29', '2025-10-03 00:28:29'),
(12, 'Violeta Ysabel tejada Mocada', 'Coordinador de Área Académica', '/images/jerarquica/jerarquica_Lj9223.png', 1, '2025-10-02 00:29:08', '2025-10-03 00:28:25', '2025-10-03 00:28:25'),
(13, 'Angelica María Calero Empiche', '--', '/images/jerarquica/jerarquica_n5qcVl.png', 1, '2025-10-02 00:29:30', '2025-10-03 00:28:10', '2025-10-03 00:28:10'),
(14, 'Eustaquio Nolasco Mato Chávez', 'Jefe de Unidad de Investigación', '/images/jerarquica/jerarquica_RtrLh2.png', 1, '2025-10-02 00:29:50', '2025-10-03 00:28:13', '2025-10-03 00:28:13'),
(15, 'Ana Rufina Arias Morales', '--', '/images/jerarquica/jerarquica_6eyENI.png', 1, '2025-10-02 00:30:25', '2025-10-03 00:28:17', '2025-10-03 00:28:17'),
(16, 'Mercedes Mesa Zegama', 'Secretaria Académica', '/images/jerarquica/jerarquica_4iLJ4n.png', 1, '2025-10-02 00:30:40', '2025-10-03 00:28:21', '2025-10-03 00:28:21'),
(17, 'Alcides Blas Garcia Duran', 'Director General', '/images/jerarquica/jerarquica_ojKpYJ.jpg', 1, '2025-10-10 16:57:47', '2025-10-22 16:12:11', '2025-10-22 16:12:11'),
(18, 'Nombre del Jefe de Unidad Académica', 'Jefe de Unidad Académica', '/images/jerarquica/jerarquica_tDEin1.png', 1, '2025-10-10 17:06:22', '2025-10-17 15:10:49', '2025-10-17 15:10:49'),
(19, 'Alberto Filoder Robles Pasquel', 'Jefe De Unidad Academica', '/images/jerarquica/jerarquica_KDbOZ2.jpeg', 1, '2025-10-20 09:39:10', '2025-10-22 16:12:15', '2025-10-22 16:12:15'),
(20, 'Dilke Vladimir Pozo Meza', 'Secretario Academico', '/images/jerarquica/jerarquica_Z6cj3x.png', 1, '2025-10-20 09:39:34', '2025-10-22 16:12:20', '2025-10-22 16:12:20'),
(21, 'Violeta Sofia Rubia Nontol', 'Coordinador De Programa De Enfermeria Tecnica', '/images/jerarquica/jerarquica_IpqUy6.jpg', 1, '2025-10-20 09:39:59', '2025-10-22 16:12:37', '2025-10-22 16:12:37'),
(22, 'Augurio Felix Soto Puente', 'Coordinador De Programa De Mecanica De Produccion', '/images/jerarquica/jerarquica_Md8aMg.png', 1, '2025-10-20 09:40:24', '2025-10-22 16:12:42', '2025-10-22 16:12:42'),
(23, 'Percy Morales Del Aguila', 'Coordinador De Programa De Industrias Alimentarias', '/images/jerarquica/jerarquica_Xp9Y5s.jpg', 1, '2025-10-20 09:40:56', '2025-10-22 16:12:47', '2025-10-22 16:12:47'),
(24, 'Placido Benigno Santos Falcon', 'Coordinador De Laboratorio Clinico Y Anatomia Patologica', '/images/jerarquica/jerarquica_KyqUEU.jpg', 1, '2025-10-20 09:41:19', '2025-10-22 16:12:54', '2025-10-22 16:12:54'),
(25, 'Hilman Lizardo Dominguez Jaimes', 'Coordiandor Contabilidad', '/images/jerarquica/jerarquica_KAPb6t.png', 1, '2025-10-20 09:41:40', '2025-10-22 16:13:21', '2025-10-22 16:13:21'),
(26, 'Braulio Abilio Tabraj Flores', 'Coordinador De Electecidad Industrial', '/images/jerarquica/jerarquica_mWQQHB.jpeg', 1, '2025-10-20 09:42:03', '2025-10-22 16:13:26', '2025-10-22 16:13:26'),
(27, 'Angela Silvana Garcia Obregon', 'Jefe De Unidad De Bienestar Y Empleabilidad', '/images/jerarquica/jerarquica_CHDXNX.jpg', 1, '2025-10-20 09:42:24', '2025-10-22 16:13:31', '2025-10-22 16:13:31'),
(28, 'Kathleen Santos Basilio', 'Jefe De Unidad De Investigacion', '/images/jerarquica/jerarquica_6Uatmj.jpeg', 1, '2025-10-20 09:43:12', '2025-10-22 16:13:38', '2025-10-22 16:13:38'),
(29, 'Fredy Robles Fernandez', 'Coordinador De Area De Calidad', '/images/jerarquica/jerarquica_ynsfOf.jpeg', 1, '2025-10-20 09:43:32', '2025-10-22 16:13:43', '2025-10-22 16:13:43'),
(30, 'Mg. Ing. Paul Noe Apaza Humpiri', 'Director General', '/images/jerarquica/jerarquica_Fp7DA2.jpg', 1, '2025-10-22 16:14:26', '2026-05-11 21:58:30', NULL),
(31, 'Ing. Yessica Quispe Pariapaza', 'Coordinador de área académica', '/images/jerarquica/jerarquica_K7nrkz.jpg', 1, '2025-10-22 16:15:03', '2026-05-11 21:58:56', NULL),
(32, 'Mtro. Ing. Yessica Mariela Manrique Calcina', 'Jefatura De Unidad Académica', '/images/jerarquica/jerarquica_h4dAu6.jpg', 1, '2025-10-22 16:15:38', '2026-05-11 21:59:14', NULL),
(33, 'Ing. Reimer Zela Chambi', 'Secretario académico', '/images/jerarquica/jerarquica_BlmuQR.jpg', 1, '2025-10-22 16:16:06', '2026-05-11 21:59:40', NULL),
(34, 'Mg. Ing. Rossini Dante Pachas Apaza', 'Jefe De Unidad De Investigación', '/images/jerarquica/jerarquica_VTszsa.jpg', 1, '2025-10-22 16:16:35', '2026-05-11 22:01:35', NULL),
(35, 'Ing. Rhoan Christian Canahuire Quipse', 'Jefe De Unidad De Formación Continua', '/images/jerarquica/jerarquica_nN76pg.jpg', 1, '2025-10-22 16:17:10', '2026-05-11 22:01:57', NULL),
(36, 'Mtro. CPC. Arnold Alexander Chino Chambilla', 'Coordinador De Área De Calidad', '/images/jerarquica/jerarquica_iYNWW1.jpg', 1, '2025-10-22 16:17:41', '2026-05-11 22:02:21', NULL),
(37, 'Lic. Rosa Angelica Flores Cutipa', 'Jefe De Unidad De Bienestar y Empleabilidad', '/images/jerarquica/jerarquica_wZdOXw.jpg', 1, '2025-10-22 16:18:04', '2026-05-11 22:02:45', NULL),
(38, 'Ing. Jose Humberto Quispe Marce', 'docente', '/images/no-photo.jpg', 1, '2025-11-05 15:58:02', '2025-11-05 16:14:32', '2025-11-05 16:14:32');

-- --------------------------------------------------------

--
-- Estructura de tabla para la tabla `popup`
--

CREATE TABLE `popup` (
  `id` int(11) NOT NULL,
  `title` varchar(255) NOT NULL COMMENT 'Título del popup',
  `image` varchar(255) NOT NULL COMMENT 'Ruta de la imagen del popup',
  `start_datetime` datetime DEFAULT NULL COMMENT 'Fecha y hora de inicio de publicación',
  `end_datetime` datetime DEFAULT NULL COMMENT 'Fecha y hora de fin de publicación',
  `is_active` tinyint(1) NOT NULL DEFAULT 1 COMMENT '1=Activo, 0=Inactivo',
  `created_at` timestamp NULL DEFAULT current_timestamp(),
  `updated_at` timestamp NULL DEFAULT current_timestamp() ON UPDATE current_timestamp(),
  `deleted_at` timestamp NULL DEFAULT NULL
) ENGINE=InnoDB DEFAULT CHARSET=latin1 COLLATE=latin1_swedish_ci;

--
-- Volcado de datos para la tabla `popup`
--

INSERT INTO `popup` (`id`, `title`, `image`, `start_datetime`, `end_datetime`, `is_active`, `created_at`, `updated_at`, `deleted_at`) VALUES
(1, 'Titulo del popup de prueba empleado IESTP GGI', 'popups/1760631049_fundacion-ggi.jpg', '2025-10-16 15:53:00', '2025-10-16 15:58:00', 1, '2025-10-16 16:10:49', '2025-10-20 09:09:01', '2025-10-20 09:09:01'),
(2, 'Titulo 2 del popup de prueba empleado IESTP GGI', 'popups/1760631823_construccion.jpg', '2025-10-16 11:23:00', '2025-10-16 11:30:00', 1, '2025-10-16 16:23:43', '2025-10-16 16:41:08', '2025-10-16 16:41:08'),
(3, 'CONCURSO DE QHAPEROS', 'popups/1762270908_concurso-de-qhaperos.jpg', '2025-10-29 15:50:00', '2025-11-04 16:15:00', 1, '2025-10-16 11:57:00', '2025-11-04 10:41:48', NULL);

-- --------------------------------------------------------

--
-- Estructura de tabla para la tabla `presentacion`
--

CREATE TABLE `presentacion` (
  `id` int(11) NOT NULL,
  `titulo` varchar(150) NOT NULL,
  `nombre_director` varchar(150) NOT NULL,
  `palabras_director` text DEFAULT NULL,
  `foto_director` varchar(255) DEFAULT NULL,
  `is_active` tinyint(1) DEFAULT 1,
  `created_at` timestamp NOT NULL DEFAULT current_timestamp(),
  `updated_at` timestamp NOT NULL DEFAULT current_timestamp() ON UPDATE current_timestamp(),
  `deleted_at` timestamp NULL DEFAULT NULL
) ENGINE=InnoDB DEFAULT CHARSET=utf8mb4 COLLATE=utf8mb4_general_ci;

--
-- Volcado de datos para la tabla `presentacion`
--

INSERT INTO `presentacion` (`id`, `titulo`, `nombre_director`, `palabras_director`, `foto_director`, `is_active`, `created_at`, `updated_at`, `deleted_at`) VALUES
(1, 'Palabras del director', 'Mg. Ing. Paul Noe Apaza Humpiri', 'Somos una institución de excelencia comprometida con la formación integral de profesionales técnicos altamente competentes, alineados con las demandas dinámicas del mercado laboral y los rápidos avances en los ámbitos tecnológicos. Nuestra misión se centra en cultivar un riguroso estándar ético y moral entre nuestros estudiantes, reconociendo la importancia de estos valores en la configuración de profesionales responsables y comprometidos.Nos destacamos por ofrecer programas educativos diseñados para abordar las complejidades actuales de la sociedad globalizada, asegurando que nuestros graduados estén equipados con las habilidades y conocimientos necesarios para enfrentar los desafíos emergentes en sus respectivos campos de estudio. Más allá de la preparación técnica, fomentamos el pensamiento crítico, la resolución creativa de problemas y la adaptabilidad, habilidades fundamentales en un entorno laboral en constante evolución.Además, asumimos la responsabilidad de contribuir activamente al desarrollo sostenible de nuestro entorno local, regional y nacional. Nos esforzamos por formar ciudadanos conscientes de su impacto en la sociedad y el medio ambiente, inculcando la importancia de la responsabilidad social y la sostenibilidad en todas nuestras actividades académicas.', 'images/institucion/director/1761579314_mg-ing-paul-noe-apaza-humpiri.png', 1, '2025-08-29 20:00:42', '2025-10-27 10:35:14', NULL);

-- --------------------------------------------------------

--
-- Estructura de tabla para la tabla `programas_convenios`
--

CREATE TABLE `programas_convenios` (
  `id` int(11) NOT NULL,
  `programa_id` int(11) NOT NULL,
  `entidad` varchar(200) NOT NULL,
  `imagen` varchar(255) DEFAULT NULL,
  `documento` varchar(255) NOT NULL,
  `is_active` tinyint(1) DEFAULT 1,
  `created_at` timestamp NOT NULL DEFAULT current_timestamp(),
  `updated_at` timestamp NOT NULL DEFAULT current_timestamp() ON UPDATE current_timestamp(),
  `deleted_at` timestamp NULL DEFAULT NULL
) ENGINE=InnoDB DEFAULT CHARSET=utf8mb4 COLLATE=utf8mb4_general_ci;

--
-- Volcado de datos para la tabla `programas_convenios`
--

INSERT INTO `programas_convenios` (`id`, `programa_id`, `entidad`, `imagen`, `documento`, `is_active`, `created_at`, `updated_at`, `deleted_at`) VALUES
(45, 18, 'El Instituto de Educacion Superior Tecnologico Publico Jose Domingo Choquehuanca, tiene el convenio con diferentes colegios para que los estudiantes,podran realizar sus practicas pre-profesionales', '/images/IMG_691e31c48cbd1.jpg', '/convenios/DOC_691e31c48ce14.pdf', 1, '2025-11-19 15:12:10', '2025-11-20 15:15:51', '2025-11-20 15:15:51'),
(46, 18, 'El Instituto de Educacion Superior Tecnologico Publico Jose Domingo Choquehuanca, tiene el convenio con diferentes colegios para que los estudiantes,podran realizar sus practicaspre-profesionalesb dd', '/images/IMG_691e3208973ba.jpg', '/convenios/DOC_691e320897561.pdf', 1, '2025-11-19 16:09:28', '2025-11-20 15:15:55', '2025-11-20 15:15:55'),
(47, 18, 'El Instituto de Educacion Superior Tecnologico Publico Jose Domingo Choquehuanca, realiza el convenio con diferentes instituciones o empresas', '/images/IMG_6931f2d12c38b.jpeg', '/convenios/DOC_6931f2d12c6e0.pdf', 1, '2025-11-20 16:06:30', '2025-12-04 15:45:05', NULL),
(48, 18, 'Hacen el llamo a todos los representantes  de diferes instituciones y empresas pára hacer el convenio correspondiente', '/images/IMG_6931f35d853d7.jpg', '/convenios/DOC_6931f35d85611.pdf', 1, '2025-11-20 16:11:44', '2025-12-04 15:47:25', NULL),
(49, 18, 'Convenio interinstitucional con la institución educativa secundaria José Domingo Choquehuanca', '/images/IMG_6931f3c9c3f2c.jpg', '/convenios/DOC_6931f3c9c42d9.pdf', 1, '2025-11-20 16:17:03', '2025-12-04 15:49:13', NULL),
(50, 18, 'Convenio interinstitucional con el centro  de salud José Domingo Choquehuanca', '/images/IMG_6931f44af33b7.jpg', '/convenios/DOC_6931f44af3727.pdf', 1, '2025-11-20 16:22:46', '2025-12-04 15:51:22', NULL),
(51, 18, 'Convenio interinstitucional con el centro de salud de Pucara', '/images/IMG_6931f48db9371.jpg', '/convenios/DOC_6931f48db952a.pdf', 1, '2025-11-20 16:24:40', '2025-12-04 15:52:29', NULL),
(52, 18, 'Convenio inter institucional con la municipalidad distrital  José Domingo Choquehuanca', '/images/IMG_6931f4ddf19ec.jpg', '/convenios/DOC_6931f4ddf1c6b.pdf', 1, '2025-11-20 16:27:54', '2025-12-04 15:53:49', NULL),
(53, 18, 'Convenio interinstitucional con la municipalidad distrital de Santiago de Pupuja', '/images/IMG_6931f56413731.jpg', '/convenios/DOC_6931f56413bac.pdf', 1, '2025-11-20 16:29:50', '2025-12-04 15:56:04', NULL),
(54, 18, 'Convenio interinstitucionales entre l asociacion civil de investigacion para el desarrollo y la empresa ACIDE,QOQAW S.A.C.', '/images/IMG_6931f5e27d2f3.jpeg', '/convenios/DOC_6931f5e27d642.pdf', 1, '2025-11-20 16:32:07', '2025-12-04 15:58:10', NULL);

-- --------------------------------------------------------

--
-- Estructura de tabla para la tabla `programas_estudios`
--

CREATE TABLE `programas_estudios` (
  `id` int(11) NOT NULL,
  `nombre` varchar(150) NOT NULL,
  `descripcion` text DEFAULT NULL,
  `imagen` varchar(255) DEFAULT NULL,
  `is_active` tinyint(1) DEFAULT 1,
  `created_at` timestamp NOT NULL DEFAULT current_timestamp(),
  `updated_at` timestamp NOT NULL DEFAULT current_timestamp() ON UPDATE current_timestamp(),
  `deleted_at` timestamp NULL DEFAULT NULL
) ENGINE=InnoDB DEFAULT CHARSET=utf8mb4 COLLATE=utf8mb4_general_ci;

--
-- Volcado de datos para la tabla `programas_estudios`
--

INSERT INTO `programas_estudios` (`id`, `nombre`, `descripcion`, `imagen`, `is_active`, `created_at`, `updated_at`, `deleted_at`) VALUES
(18, 'Administración de Centros de Computo', 'Formamos técnicos que mantienen servidores, redes y PCs; resolvemos fallas, atendemos usuarios y protegemos la información con respaldos y cortafuegos. Trabajamos en empresas, colegios o municipalidades midiendo consumo eléctrico y reciclando equipos viejos. Salimos con título oficial, listos para liderar el área TI y seguir ingeniería.', '/images/programas/administracion-de-centros-de-computo-1761168406.jpg', 1, '2025-10-22 16:26:46', '2025-10-22 16:27:40', NULL);

-- --------------------------------------------------------

--
-- Estructura de tabla para la tabla `programa_areas`
--

CREATE TABLE `programa_areas` (
  `id` int(11) NOT NULL,
  `programa_id` int(11) NOT NULL,
  `nombre` varchar(150) NOT NULL,
  `descripcion` text DEFAULT NULL,
  `imagen` varchar(255) DEFAULT NULL,
  `is_active` tinyint(1) DEFAULT 1,
  `created_at` timestamp NOT NULL DEFAULT current_timestamp(),
  `updated_at` timestamp NOT NULL DEFAULT current_timestamp() ON UPDATE current_timestamp(),
  `deleted_at` timestamp NULL DEFAULT NULL
) ENGINE=InnoDB DEFAULT CHARSET=utf8mb4 COLLATE=utf8mb4_general_ci;

--
-- Volcado de datos para la tabla `programa_areas`
--

INSERT INTO `programa_areas` (`id`, `programa_id`, `nombre`, `descripcion`, `imagen`, `is_active`, `created_at`, `updated_at`, `deleted_at`) VALUES
(117, 18, 'Área de informática', 'Es el espacio donde los bits cobran vida. Aquí estudiamos cómo almacenar, procesar y mover información: desde el chip más pequeño hasta la nube más grande. Aprendemos a crear software que resuelva problemas reales, a armar redes que conecten pueblos y a proteger datos como si fueran semillas de oro. Es el taller del pensamiento lógico, el laboratorio de la creatividad digital y la puerta de entrada a cualquier carrera que impulse el futuro', '/images/area_20251022_170805_ixIYA8.jpg', 1, '2025-10-22 17:08:05', '2025-10-22 17:08:05', NULL),
(118, 18, 'Área de gestión en línea', 'Aquí convertimos clics en resultados. Dominamos herramientas digitales para planificar, ejecutar y evaluar proyectos sin pisar una oficina: agendas compartidas, drive colaborativo, facturación electrónica y atención al cliente. Aprendemos a liderar equipos remotos, tomar decisiones con datos en tiempo real y vender ideas al mundo entero desde una pantalla. Es la escuela del emprendimiento sin fronteras, donde la organización nace en la nube y el éxito se mide en satisfacción de usuarios conectados', '/images/area_20251022_171039_XQ9gwy.jpg', 1, '2025-10-22 17:10:39', '2025-10-22 17:10:39', NULL),
(119, 18, 'Área de atención en red a través de sistemas de comunicaciones', 'Somos la voz y la imagen que cruza cables y ondas para resolver dudas en segundos. Dominamos videollamadas, VoIP, chat y ticketing para atender clientes desde cualquier punto sin perder calidez humana. Aprendemos a escuchar entre ruido digital, a priorizar incidencias y a cerrar casos con empatía y precisión. Es el escenario donde la tecnología y el servicio se dan la mano, garantizando que cada “hola” remoto termine en un “problema resuelto” real, JDCH.', '/images/area_20251022_171213_HhnOfB.png', 1, '2025-10-22 17:12:13', '2025-11-19 14:18:23', NULL),
(120, 18, 'AREA DE IMPRESION 3D', 'Es el espacio donde las ideas toman forma. Aquí aprendemos a transformar diseños digitales en objetos reales, capa por capa, utilizando tecnología de fabricación aditiva. Exploramos materiales, modelamos piezas precisas y damos vida a prototipos que antes solo existían en la imaginación. Construimos soluciones para la industria, la educación, la medicina y el arte, demostrando que la creatividad no tiene límites. Es el taller donde la innovación se imprime, el puente entre lo virtual y lo físico, y una herramienta esencial para crear el futuro con nuestras propias manos.', '/images/area_20251127_135856_oGHQns.png', 1, '2025-11-19 14:18:46', '2025-11-27 13:58:56', NULL);

-- --------------------------------------------------------

--
-- Estructura de tabla para la tabla `programa_coordinador`
--

CREATE TABLE `programa_coordinador` (
  `id` int(11) NOT NULL,
  `programa_id` int(11) NOT NULL,
  `nombres` varchar(150) NOT NULL,
  `apellidos` varchar(150) NOT NULL,
  `cargo` varchar(100) NOT NULL,
  `foto` varchar(255) DEFAULT NULL,
  `palabras` text DEFAULT NULL,
  `is_active` tinyint(1) DEFAULT 1,
  `created_at` timestamp NOT NULL DEFAULT current_timestamp(),
  `updated_at` timestamp NOT NULL DEFAULT current_timestamp() ON UPDATE current_timestamp(),
  `deleted_at` timestamp NULL DEFAULT NULL
) ENGINE=InnoDB DEFAULT CHARSET=utf8mb4 COLLATE=utf8mb4_general_ci;

--
-- Volcado de datos para la tabla `programa_coordinador`
--

INSERT INTO `programa_coordinador` (`id`, `programa_id`, `nombres`, `apellidos`, `cargo`, `foto`, `palabras`, `is_active`, `created_at`, `updated_at`, `deleted_at`) VALUES
(14, 18, 'Libia Aurora', 'Ventura Apaza', 'Coordinador de área académica', './images/coord_20251022_170522_gda6WM.png', 'Queridos estudiantes:\r\n\r\nHoy quiero que se detengan un instante antes de abrir el simulador o crimpar el siguiente cable. Respiren hondo y recuerden por qué eligieron esta carrera. Ustedes no solo vienen a obtener un título; vienen a convertirse en los guardianes del pulso digital de nuestra región. Cada vez que un servidor prende, cada vez que un usuario recupera su archivo, cada vez que una empresa azangarina envía su reporte sin contratiempos, hay un técnico de centro de cómputo que hizo posible ese pequeño milagro. Ese técnico pueden ser ustedes.\r\n\r\nImaginen el futuro que están tejiendo con cada cable que ordenan y cada respaldo que programan. Un colegio rural recibe clases virtuales gracias a su configuración de antenas; una madre de familia paga la luz desde su celular porque ustedes blindaron el servidor; una pequeña empresa lechera exporta sus quesos porque su red no falla. Son héroes anónimos que visten overall en lugar de capa, pero cuyo impacto llega más lejos que cualquier señal de Wi-Fi.\r\n\r\nCuando la noche los sorprenda revisando logs o actualizando antivirus, recuerden que la pantalla negra delante de ustedes es solo lienzo en blanco esperando su creatividad. Un día, sin darse cuenta, escribirán en ella la frase que salve los datos de toda una generación. Y cuando eso ocurra, sentirán la misma emoción que hoy los impulsa a levantarse temprano para llegar al laboratorio: la certeza de que su esfuerzo vale la pena porque conecta vidas.porque ya aprendieron a encenderla. ¡Hasta la victoria, siempre conectados!', 1, '2025-10-22 17:05:22', '2025-10-22 17:05:22', NULL);

-- --------------------------------------------------------

--
-- Estructura de tabla para la tabla `programa_cursos_malla`
--

CREATE TABLE `programa_cursos_malla` (
  `id` int(11) NOT NULL,
  `semestre_malla_id` int(11) NOT NULL,
  `nombre` varchar(150) NOT NULL,
  `creditos` int(11) NOT NULL,
  `horas` int(11) NOT NULL,
  `is_active` tinyint(1) DEFAULT 1,
  `created_at` timestamp NOT NULL DEFAULT current_timestamp(),
  `updated_at` timestamp NOT NULL DEFAULT current_timestamp() ON UPDATE current_timestamp(),
  `deleted_at` timestamp NULL DEFAULT NULL
) ENGINE=InnoDB DEFAULT CHARSET=utf8mb4 COLLATE=utf8mb4_general_ci;

--
-- Volcado de datos para la tabla `programa_cursos_malla`
--

INSERT INTO `programa_cursos_malla` (`id`, `semestre_malla_id`, `nombre`, `creditos`, `horas`, `is_active`, `created_at`, `updated_at`, `deleted_at`) VALUES
(229, 102, 'Procesos y servicios SLA', 4, 6, 1, '2025-10-22 17:13:56', '2025-11-18 15:50:53', NULL),
(230, 102, 'Capacitación de Stakeholders', 3, 4, 1, '2025-10-22 17:14:06', '2025-11-18 15:51:07', NULL),
(231, 102, 'Niveles de criticidad', 4, 5, 1, '2025-10-22 17:14:15', '2025-11-18 15:51:27', NULL),
(232, 102, 'Documentos de gestión de incidentes', 4, 5, 1, '2025-10-22 17:14:25', '2025-11-18 15:51:41', NULL),
(233, 102, 'Diseño de procesos', 4, 5, 1, '2025-10-22 17:14:37', '2025-11-18 15:51:53', NULL),
(234, 102, 'Comunicación oral', 2, 3, 1, '2025-10-22 17:14:45', '2025-11-18 15:52:13', NULL),
(235, 102, 'Aplicaciones en internet', 1, 2, 1, '2025-10-22 17:14:54', '2025-11-18 15:52:26', NULL),
(237, 105, 'Diseño de centros de computo', 4, 6, 1, '2025-11-17 14:52:12', '2025-11-18 15:18:16', NULL),
(238, 105, 'Fundamentos de redes informáticas', 4, 6, 1, '2025-11-17 15:02:58', '2025-11-18 15:19:16', NULL),
(239, 105, 'Programación de actividades TIC', 4, 6, 1, '2025-11-17 15:04:18', '2025-11-18 15:20:16', NULL),
(240, 105, 'Contabilidad computarizada', 5, 7, 1, '2025-11-17 15:05:07', '2025-11-18 15:21:10', NULL),
(241, 106, 'Gestion de eventos incidencias', 3, 2, 1, '2025-11-17 15:08:47', '2025-11-17 15:11:01', NULL),
(242, 106, 'Gestión de puesta en producción de TIC', 3, 5, 1, '2025-11-17 15:09:02', '2025-11-17 15:12:05', NULL),
(243, 106, 'Gestión de acceso a los servicios TI', 3, 4, 1, '2025-11-17 15:13:26', '2025-11-17 15:13:26', NULL),
(244, 106, 'Administración de sistemas operativos', 3, 5, 1, '2025-11-17 15:14:33', '2025-11-17 15:14:33', NULL),
(245, 106, 'Diseño y configuración de redes', 3, 5, 1, '2025-11-17 15:15:27', '2025-11-17 15:15:27', NULL),
(246, 106, 'Ingles para la comunicación oral', 2, 3, 1, '2025-11-17 15:17:13', '2025-11-18 15:28:15', NULL),
(247, 106, 'Fundamentos  de innovación tecnológica', 1, 2, 1, '2025-11-17 15:18:06', '2025-11-18 15:31:41', NULL),
(250, 107, 'Gestión de peticiones', 5, 7, 1, '2025-11-17 15:22:09', '2025-11-18 15:35:37', NULL),
(251, 107, 'Seguridad de redes', 3, 5, 1, '2025-11-17 15:23:00', '2025-11-18 15:36:14', NULL),
(252, 107, 'Sistemas operativos abiertos', 4, 5, 1, '2025-11-17 15:24:06', '2025-11-18 15:36:57', NULL),
(253, 107, 'Mantenimiento preventivo y correctivo', 5, 9, 1, '2025-11-17 15:25:06', '2025-11-18 15:37:38', NULL),
(254, 107, 'comprensión y redacción en ingles', 1, 2, 1, '2025-11-17 15:25:47', '2025-11-18 15:38:37', NULL),
(255, 108, 'Estrategia para los servicios TI', 2, 3, 1, '2025-11-17 15:29:29', '2025-11-17 15:29:29', NULL),
(256, 108, 'Diseño  de los servicios TI', 4, 6, 1, '2025-11-17 15:31:53', '2025-11-17 15:31:53', NULL),
(257, 108, 'Producción audiovisual', 4, 6, 1, '2025-11-17 15:32:57', '2025-11-17 15:32:57', NULL),
(258, 108, 'Sistemas operativos avanzados', 4, 6, 1, '2025-11-17 15:33:54', '2025-11-17 15:33:54', NULL),
(259, 108, 'Seguridad de redes aplicada', 3, 4, 1, '2025-11-17 15:37:46', '2025-11-17 15:37:46', NULL),
(260, 108, 'Oportunidades de negocio', 1, 2, 1, '2025-11-17 15:38:36', '2025-11-18 15:43:18', NULL),
(261, 108, 'Ética  y relaciones interpersonales', 2, 3, 1, '2025-11-17 15:39:38', '2025-11-18 15:44:39', NULL),
(264, 109, 'Marketing digital', 4, 6, 1, '2025-11-17 15:43:50', '2025-11-18 15:46:27', NULL),
(265, 109, 'Gestion de servicios de TI', 4, 6, 1, '2025-11-17 15:44:33', '2025-11-18 15:47:16', NULL),
(266, 109, 'Auditoria y seguridad  informática', 4, 7, 1, '2025-11-17 15:46:03', '2025-11-18 15:47:59', NULL),
(267, 109, 'Transformación digital', 4, 6, 1, '2025-11-17 15:46:52', '2025-11-18 15:48:33', NULL),
(268, 105, 'Comprensión y producción de textos', 1, 2, 1, '2025-11-18 15:22:04', '2025-11-18 15:22:04', NULL),
(269, 105, 'Ofimática', 2, 3, 1, '2025-11-18 15:22:31', '2025-11-18 15:22:31', NULL),
(271, 106, 'cultura ambiental', 2, 3, 1, '2025-11-18 15:34:42', '2025-11-18 15:34:42', NULL),
(272, 107, 'Innovación tecnológica', 1, 2, 1, '2025-11-18 15:39:15', '2025-11-18 15:39:15', NULL),
(273, 109, 'Plan de negocio', 1, 2, 1, '2025-11-18 15:49:13', '2025-11-18 15:49:13', NULL),
(274, 109, 'solución de problemas', 2, 3, 1, '2025-11-18 15:49:50', '2025-11-18 15:49:50', NULL);

-- --------------------------------------------------------

--
-- Estructura de tabla para la tabla `programa_egresados`
--

CREATE TABLE `programa_egresados` (
  `id` int(11) NOT NULL,
  `programa_id` int(11) NOT NULL,
  `nombre` varchar(150) NOT NULL,
  `cargo` varchar(150) DEFAULT NULL,
  `imagen` varchar(255) DEFAULT NULL,
  `is_active` tinyint(1) DEFAULT 1,
  `created_at` timestamp NOT NULL DEFAULT current_timestamp(),
  `updated_at` timestamp NOT NULL DEFAULT current_timestamp() ON UPDATE current_timestamp(),
  `deleted_at` timestamp NULL DEFAULT NULL
) ENGINE=InnoDB DEFAULT CHARSET=utf8mb4 COLLATE=utf8mb4_general_ci;

--
-- Volcado de datos para la tabla `programa_egresados`
--

INSERT INTO `programa_egresados` (`id`, `programa_id`, `nombre`, `cargo`, `imagen`, `is_active`, `created_at`, `updated_at`, `deleted_at`) VALUES
(31, 18, 'Huaraccallo Merma Fico', 'Egresado', '/images/IMG_6932005d6e4a7.jpg', 1, '2025-10-22 17:12:47', '2025-12-04 16:42:53', NULL),
(32, 18, 'Machaca Calcina Liz Roxana', 'Egresado', '/images/IMG_69320048371d3.jpg', 1, '2025-10-22 17:12:56', '2025-12-04 16:42:32', NULL),
(33, 18, 'Yeny Flor Condori Quispe', 'Egresado', '/images/IMG_6931ff9a442c2.jpg', 1, '2025-11-20 16:06:44', '2025-12-04 16:39:38', NULL);

-- --------------------------------------------------------

--
-- Estructura de tabla para la tabla `programa_galeria`
--

CREATE TABLE `programa_galeria` (
  `id` int(11) NOT NULL,
  `programa_id` int(11) NOT NULL,
  `nombre` varchar(150) NOT NULL,
  `imagen` varchar(255) NOT NULL,
  `is_active` tinyint(1) DEFAULT 1,
  `created_at` timestamp NOT NULL DEFAULT current_timestamp(),
  `updated_at` timestamp NOT NULL DEFAULT current_timestamp() ON UPDATE current_timestamp(),
  `deleted_at` timestamp NULL DEFAULT NULL
) ENGINE=InnoDB DEFAULT CHARSET=utf8mb4 COLLATE=utf8mb4_general_ci;

--
-- Volcado de datos para la tabla `programa_galeria`
--

INSERT INTO `programa_galeria` (`id`, `programa_id`, `nombre`, `imagen`, `is_active`, `created_at`, `updated_at`, `deleted_at`) VALUES
(24, 18, 'IMG1', '/images/IMG_68f9584a07f72.jpg', 1, '2025-10-22 17:18:50', '2025-10-22 17:18:50', NULL),
(25, 18, 'IMG1', '/images/IMG_68f9584a89a36.jpg', 1, '2025-10-22 17:18:50', '2025-10-22 17:19:40', '2025-10-22 17:19:40'),
(26, 18, 'IMG2', '/images/IMG_68f9585b0b364.jpg', 1, '2025-10-22 17:19:07', '2025-10-22 17:19:07', NULL),
(27, 18, 'IMG2', '/images/IMG_68f9585b75e0a.jpg', 1, '2025-10-22 17:19:07', '2025-10-22 17:19:44', '2025-10-22 17:19:44'),
(28, 18, 'IMG3', '/images/IMG_68f9586670ca2.jpg', 1, '2025-10-22 17:19:18', '2025-10-22 17:19:18', NULL);

-- --------------------------------------------------------

--
-- Estructura de tabla para la tabla `programa_informacion`
--

CREATE TABLE `programa_informacion` (
  `id` int(11) NOT NULL,
  `programa_id` int(11) NOT NULL,
  `duracion` varchar(100) DEFAULT NULL,
  `modalidad` varchar(100) DEFAULT NULL,
  `turno` varchar(50) DEFAULT NULL,
  `horario` varchar(150) DEFAULT NULL,
  `is_active` tinyint(1) DEFAULT 1,
  `created_at` timestamp NOT NULL DEFAULT current_timestamp(),
  `updated_at` timestamp NOT NULL DEFAULT current_timestamp() ON UPDATE current_timestamp(),
  `deleted_at` timestamp NULL DEFAULT NULL
) ENGINE=InnoDB DEFAULT CHARSET=utf8mb4 COLLATE=utf8mb4_general_ci;

--
-- Volcado de datos para la tabla `programa_informacion`
--

INSERT INTO `programa_informacion` (`id`, `programa_id`, `duracion`, `modalidad`, `turno`, `horario`, `is_active`, `created_at`, `updated_at`, `deleted_at`) VALUES
(21, 18, '3 Años', 'presencial', 'Mañana y Tarde', '8:00 am hasta 2:00 pm -  2:00 pm hasta 6:00 pm', 1, '2025-10-22 16:54:19', '2025-11-19 15:34:48', NULL);

-- --------------------------------------------------------

--
-- Estructura de tabla para la tabla `programa_modulos_malla`
--

CREATE TABLE `programa_modulos_malla` (
  `id` int(11) NOT NULL,
  `programa_id` int(11) NOT NULL,
  `nombre` varchar(150) NOT NULL,
  `is_active` tinyint(1) DEFAULT 1,
  `created_at` timestamp NOT NULL DEFAULT current_timestamp(),
  `updated_at` timestamp NOT NULL DEFAULT current_timestamp() ON UPDATE current_timestamp(),
  `deleted_at` timestamp NULL DEFAULT NULL
) ENGINE=InnoDB DEFAULT CHARSET=utf8mb4 COLLATE=utf8mb4_general_ci;

--
-- Volcado de datos para la tabla `programa_modulos_malla`
--

INSERT INTO `programa_modulos_malla` (`id`, `programa_id`, `nombre`, `is_active`, `created_at`, `updated_at`, `deleted_at`) VALUES
(28, 18, 'MP N° 1 SOPORTE TECNICO Y OPERACION  DE CENTROS DE COMPUTO', 1, '2025-10-22 17:13:18', '2025-11-17 14:56:06', NULL),
(30, 18, 'MP N° 2 MANTENIMIENTO Y SEGURIDAD EN CENTROS DE COMPUTO', 1, '2025-11-17 14:35:33', '2025-11-17 15:07:25', NULL),
(31, 18, 'MP N° 3 GESTION DE SISTEMAS DE INFORMACION EN CENTROS DE COMPUTO', 1, '2025-11-17 14:35:48', '2025-11-17 15:27:24', NULL);

-- --------------------------------------------------------

--
-- Estructura de tabla para la tabla `programa_perfil`
--

CREATE TABLE `programa_perfil` (
  `id` int(11) NOT NULL,
  `programa_id` int(11) NOT NULL,
  `descripcion` text NOT NULL,
  `is_active` tinyint(1) DEFAULT 1,
  `created_at` timestamp NOT NULL DEFAULT current_timestamp(),
  `updated_at` timestamp NOT NULL DEFAULT current_timestamp() ON UPDATE current_timestamp(),
  `deleted_at` timestamp NULL DEFAULT NULL
) ENGINE=InnoDB DEFAULT CHARSET=utf8mb4 COLLATE=utf8mb4_general_ci;

--
-- Volcado de datos para la tabla `programa_perfil`
--

INSERT INTO `programa_perfil` (`id`, `programa_id`, `descripcion`, `is_active`, `created_at`, `updated_at`, `deleted_at`) VALUES
(15, 18, 'El Profesional Técnico en Administración de Centros de Cómputo brinda soluciones informáticas para garantizar el funcionamiento de los sistemas de información en la organización, según buenas prácticas de tecnologías de información; mediante atención al cliente, oportunidad de servicio y confidencialidad; con ética, calidad, seguridad y protección al medioambiente; en base a normativa nacional e internacional vigente.', 1, '2025-10-22 17:05:57', '2025-10-22 17:05:57', NULL);

-- --------------------------------------------------------

--
-- Estructura de tabla para la tabla `programa_semestres_malla`
--

CREATE TABLE `programa_semestres_malla` (
  `id` int(11) NOT NULL,
  `modulo_malla_id` int(11) NOT NULL,
  `nombre` varchar(100) NOT NULL,
  `is_active` tinyint(1) DEFAULT 1,
  `created_at` timestamp NOT NULL DEFAULT current_timestamp(),
  `updated_at` timestamp NOT NULL DEFAULT current_timestamp() ON UPDATE current_timestamp(),
  `deleted_at` timestamp NULL DEFAULT NULL
) ENGINE=InnoDB DEFAULT CHARSET=utf8mb4 COLLATE=utf8mb4_general_ci;

--
-- Volcado de datos para la tabla `programa_semestres_malla`
--

INSERT INTO `programa_semestres_malla` (`id`, `modulo_malla_id`, `nombre`, `is_active`, `created_at`, `updated_at`, `deleted_at`) VALUES
(102, 28, 'I', 1, '2025-10-22 17:13:34', '2025-11-17 14:51:09', NULL),
(105, 28, 'II', 1, '2025-11-17 14:52:02', '2025-11-17 14:52:02', NULL),
(106, 30, 'III', 1, '2025-11-17 15:07:56', '2025-11-17 15:20:50', NULL),
(107, 30, 'IV', 1, '2025-11-17 15:20:01', '2025-11-17 15:21:01', NULL),
(108, 31, 'V', 1, '2025-11-17 15:28:07', '2025-11-17 15:28:07', NULL),
(109, 31, 'VI', 1, '2025-11-17 15:42:39', '2025-11-17 15:42:54', NULL);

-- --------------------------------------------------------

--
-- Estructura de tabla para la tabla `reclamos`
--

CREATE TABLE `reclamos` (
  `id` bigint(20) NOT NULL,
  `nombres` varchar(120) NOT NULL,
  `apellidos` varchar(120) NOT NULL,
  `tipo_documento_id` int(11) NOT NULL,
  `numero_documento` varchar(30) NOT NULL,
  `codigo` varchar(255) DEFAULT NULL,
  `telefono` varchar(20) NOT NULL,
  `email` varchar(150) NOT NULL,
  `tipo_reclamacion_id` int(11) NOT NULL,
  `area_relacionada` varchar(150) NOT NULL,
  `fecha_incidente` date NOT NULL,
  `asunto` varchar(200) NOT NULL,
  `descripcion` text NOT NULL,
  `estado_id` int(11) NOT NULL,
  `respuesta` varchar(255) DEFAULT NULL,
  `documento_respuesta` text DEFAULT NULL,
  `fecha_respuesta` date DEFAULT NULL,
  `is_active` tinyint(1) NOT NULL DEFAULT 1,
  `created_at` timestamp NULL DEFAULT current_timestamp(),
  `updated_at` timestamp NULL DEFAULT current_timestamp() ON UPDATE current_timestamp()
) ENGINE=InnoDB DEFAULT CHARSET=utf8mb4 COLLATE=utf8mb4_unicode_ci;

--
-- Volcado de datos para la tabla `reclamos`
--

INSERT INTO `reclamos` (`id`, `nombres`, `apellidos`, `tipo_documento_id`, `numero_documento`, `codigo`, `telefono`, `email`, `tipo_reclamacion_id`, `area_relacionada`, `fecha_incidente`, `asunto`, `descripcion`, `estado_id`, `respuesta`, `documento_respuesta`, `fecha_respuesta`, `is_active`, `created_at`, `updated_at`) VALUES
(13, 'Franck', 'Mondragon', 1, '76759770', 'LR-59967116', '944894799', 'cicafranck@gmail.com', 1, 'academica', '2025-10-14', 'ACTA DE NOTAS', 'MI ACTA AUN NO ME LA BRINDAN', 1, 'EL DIA DE MAÑANA VIENES A RECOGER TU ACTA DE NOTAS A LAS 3PM', 'reclamos/wGcgbOSHfY8wZB7r1Xyo8HHWqD7sxU0LF5pJ169u.pdf', '2025-10-14', 1, '2025-10-14 22:22:43', '2025-10-14 22:23:20'),
(14, 'Vladimir', 'Pozo', 1, '40388179', 'LR-49809472', '920354807', 'dpozo@sip.org.pe', 1, 'academica', '2025-10-14', 'CONSTANCIA DE EGRESO', 'Aun no me brindan mi constancia de egreso y ya lo solicite hace 2 semanas.', 3, 'Dirigirse al area administrativa el dia 15 de octubre a las 3pm para entregarle su constancia.', 'reclamos/DaD7jHQDdQztknh3tKZi3BTG20UFinQJjoyA9e8h.pdf', '2025-10-15', 1, '2025-10-14 22:46:18', '2025-10-14 22:48:21'),
(15, 'Julio Felipe', 'Perez Yañez', 1, '78965254', 'LR-41690248', '987789', 'admin@gmail.com', 3, 'academica', '2025-10-24', 'qwerty', 'qwertyqweretwqrwqerqerwrr', 4, NULL, NULL, NULL, 1, '2025-10-24 01:01:43', '2025-10-24 01:04:58'),
(16, 'Julio Felipe', 'Perez Yañez', 1, '78965254', 'LR-30925568', '960230663', 'admin@gmail.com', 3, 'admision', '2025-10-24', '123456765432', 'wqerthjhgfdsfgrtyhgfdsaegfrewdsf', 4, NULL, NULL, NULL, 1, '2025-10-24 01:03:50', '2025-10-24 01:05:00');

-- --------------------------------------------------------

--
-- Estructura de tabla para la tabla `redes_sociales`
--

CREATE TABLE `redes_sociales` (
  `id` int(11) NOT NULL,
  `nombre` varchar(100) NOT NULL,
  `enlace` varchar(255) NOT NULL,
  `icono` varchar(100) DEFAULT NULL,
  `is_active` tinyint(1) DEFAULT 1,
  `created_at` timestamp NOT NULL DEFAULT current_timestamp(),
  `updated_at` timestamp NOT NULL DEFAULT current_timestamp() ON UPDATE current_timestamp(),
  `deleted_at` timestamp NULL DEFAULT NULL
) ENGINE=InnoDB DEFAULT CHARSET=utf8mb4 COLLATE=utf8mb4_general_ci;

--
-- Volcado de datos para la tabla `redes_sociales`
--

INSERT INTO `redes_sociales` (`id`, `nombre`, `enlace`, `icono`, `is_active`, `created_at`, `updated_at`, `deleted_at`) VALUES
(7, 'Facebook', 'https://www.facebook.com/profile.php?id=100056081266720&sk=photos_by', 'fa-brands fa-facebook-f', 1, '2025-10-14 22:26:59', '2025-10-22 18:00:58', NULL),
(8, 'Youtube', 'https://www.youtube.com/watch?v=YH_FVQPyRkI', 'fa-brands fa-youtube', 1, '2025-10-14 22:51:29', '2025-10-14 22:51:44', '2025-10-14 22:51:44'),
(9, 'TikTok', 'https://www.tiktok.com/@lavozdeltecno?_t=ZS-90k6wsJgyQh&_r=1', 'fa-brands fa-tiktok', 1, '2025-11-04 10:29:25', '2025-11-04 10:29:25', NULL),
(10, 'YouTube', 'https://youtube.com/@tecnologicojdchoficial?si=NI5wohvFHUyZUa49', 'fa-brands fa-youtube', 1, '2025-11-04 10:31:19', '2025-11-04 10:31:19', NULL);

-- --------------------------------------------------------

--
-- Estructura de tabla para la tabla `resenia`
--

CREATE TABLE `resenia` (
  `id` int(11) NOT NULL,
  `titulo` varchar(200) NOT NULL,
  `descripcion` text DEFAULT NULL,
  `imagen` varchar(255) DEFAULT NULL,
  `is_active` tinyint(1) DEFAULT 1,
  `created_at` timestamp NOT NULL DEFAULT current_timestamp(),
  `updated_at` timestamp NOT NULL DEFAULT current_timestamp() ON UPDATE current_timestamp(),
  `deleted_at` timestamp NULL DEFAULT NULL
) ENGINE=InnoDB DEFAULT CHARSET=utf8mb4 COLLATE=utf8mb4_general_ci;

--
-- Volcado de datos para la tabla `resenia`
--

INSERT INTO `resenia` (`id`, `titulo`, `descripcion`, `imagen`, `is_active`, `created_at`, `updated_at`, `deleted_at`) VALUES
(1, '1987 - Creación del Instituto', 'Según la Resolución Ministerial N° 257-87-ED, el 20 de mayo de 1987 se crea el Instituto de Educación Superior Tecnológico Público “Puerto Inca”, autorizado a ofrecer la carrera profesional de Producción Agropecuaria.', 'images/resenia/1759341524_1987-creacion-del-instituto.jpg', 1, '2025-08-29 20:12:33', '2025-10-03 00:25:38', '2025-10-03 00:25:38'),
(2, '1988 - Inicio de Funcionamiento', 'El instituto inicia su funcionamiento en el año 1988, bajo el ámbito de ejecución de la Dirección Regional de Educación de Huánuco.', 'images/resenia/1759341581_1988-inicio-de-funcionamiento.jpg', 1, '2025-08-29 20:12:33', '2025-10-03 00:24:27', '2025-10-03 00:24:27'),
(3, '1990 - Nueva Carrera Profesional', 'En el año 1990 se incrementa la carrera profesional de Enfermería Técnica.', 'images/resenia/1759341609_1990-nueva-carrera-profesional.jpg', 1, '2025-08-29 20:12:33', '2025-10-03 00:24:23', '2025-10-03 00:24:23'),
(4, '1998 - Cierre de Enfermería Técnica', 'Por diversos motivos, en el año 1998 deja de funcionar la carrera de Enfermería Técnica, quedando vigente hasta la actualidad únicamente el programa de estudios de Producción Agropecuaria.', 'images/resenia/1759341629_1998-cierre-de-enfermeria-tecnica.jpg', 1, '2025-08-29 20:12:33', '2025-10-03 00:24:19', '2025-10-03 00:24:19'),
(5, '2006 - Revalidación de la Carrera', 'El 06 de octubre de 2006, mediante la Resolución Directoral Nº 0743-06-ED, se revalida la carrera profesional de Agropecuaria.', 'images/resenia/1759341678_2006-revalidacion-de-la-carrera.jpg', 1, '2025-08-29 20:12:33', '2025-10-03 00:24:10', '2025-10-03 00:24:10'),
(7, 'Actualidad - Oferta y Proyección Institucional', 'Hoy en día, el I.E.S.T.P. “Puerto Inca” oferta el programa de estudios en Producción Agropecuaria en el Sistema Modular. Sus enseñanzas se refuerzan año tras año a través de convenios y contratas con instituciones como la Municipalidad Provincial de Puerto Inca, la Agencia Agraria, empresas agropecuarias, ATFFS, la Asociación de Reproductores y Crianza de Peces Tropicales “Quevepec”, entre otras. Actualmente la institución se proyecta con optimismo al futuro, ya que en el año 2025 se concretará la entrega e inauguración de su nueva e imponente infraestructura, obra ejecutada por el Gobierno Regional de Huánuco, que representará un hito para la educación tecnológica de la provincia y brindará a estudiantes y docentes ambientes modernos, seguros y acordes a las exigencias de una educación superior de calidad, reafirmando así el compromiso institucional de continuar formando profesionales competentes en Producción Agropecuaria al servicio del desarrollo sostenible de la región y del país.', 'images/resenia/1759341698_actualidad-oferta-y-proyeccion-instit.jpg', 1, '2025-10-01 23:01:38', '2025-10-03 00:24:15', '2025-10-03 00:24:15'),
(8, 'Año', 'Descripción', 'images/resenia/1759849508_ano.jpg', 1, '2025-10-07 15:05:08', '2025-10-07 15:05:27', '2025-10-07 15:05:27'),
(9, '1954: Creación del Instituto', 'El Instituto de Educación Superior Tecnológico Público “José Domingo Choquehuanca” de Azángaro (Puno) nació en 1998 como Instituto Superior Tecnológico (IST), tras la conversión del antiguo Instituto Superior Pedagógico que funcionaba en el mismo local desde 1976. La resolución ministerial N.º 0510-98-ED lo reconvirtió en IST para atender la demanda de técnicos en áreas productivas de la macro región sur, manteniendo el nombre del prócer azangarino y la infraestructura cedida por el Gobierno Regional.', 'images/resenia/1761680134_1954-creacion-del-instituto.png', 1, '2025-10-14 21:44:55', '2025-10-28 14:35:34', NULL),
(10, 'Entre 2008 hasta 2015', 'El Instituto de Educación Superior Tecnológico Público “José Domingo Choquehuanca” (IESTP-JDC) fue creado mediante la Resolución Ministerial N.° 0402-2008-ED, el 31 de octubre de 2008, como respuesta a las gestiones y necesidades de la comunidad del distrito de José Domingo Choquehuanca, en la provincia de Azángaro, región Puno. La carrera que dio origen al instituto, y que abarcaba el campo de la computación, fue la de Computación e Informática.\r\nEvolución a \"Administración de Centros de Cómputo\"\r\nCon la promulgación de la Ley N° 30512 (Ley de Institutos y Escuelas de Educación Superior) y su Reglamento, los institutos se adecuaron al Catálogo Nacional de Programas de Estudios.\r\nLa carrera de Computación e Informática se alineó o se adaptó al programa de estudios de Administración de Centros de Cómputo (ACC) para cumplir con la nueva normativa educativa.\r\nReferencia Normativa Clave: El MINEDU aprobó los Programas de Estudios de la actividad económica de programación informática, incluyendo la de Administración de Centro de Cómputo, con fecha de publicación el 10 de diciembre de 2015 (aunque la resolución específica que adopta el JDCH esta denominación no es visible públicamente).\r\nLa base legal para la carrera de informática del IESTP JDCH es la Resolución Ministerial N° 402-2008-ED.', 'images/resenia/1762266965_entre-2000-y-2015.png', 1, '2025-10-14 21:46:57', '2025-11-05 16:10:29', NULL),
(11, 'Hoy', 'El IESTP José Domingo Choquehuanca atiende a 380 estudiantes en turno diario y nocturno, cuenta con cuatro talleres (mecánica diesel, electrónica industrial, agroindustria y agropecuario) y un laboratorio de agua y suelos que funciona como centro de diagnóstico para los productores de Azángaro. La pandemia redujo su matrícula en un 25 %, pero el 2023 cerró con el 92 % de egresados colocados en empresas azucareras, cooperativas lecheras y talleres mineros de Arequipa. Su desafío actual es la ampliión del taller de mecatrónica –aprobado en el PEIE 2023-2025– y la culminación del segundo piso del pabellón B, obra que espera duplicar la oferta de vacantes para 2026.', 'images/resenia/1761167187_hoy.jpg', 1, '2025-10-20 09:32:56', '2025-10-22 16:06:27', NULL);

-- --------------------------------------------------------

--
-- Estructura de tabla para la tabla `revistas`
--

CREATE TABLE `revistas` (
  `id` int(11) NOT NULL,
  `titulo` varchar(255) NOT NULL,
  `imagen` varchar(255) DEFAULT NULL,
  `fecha_publicacion` date DEFAULT NULL,
  `descripcion` text DEFAULT NULL,
  `documento_pdf` varchar(255) DEFAULT NULL,
  `is_active` tinyint(1) DEFAULT 1,
  `created_at` timestamp NOT NULL DEFAULT current_timestamp(),
  `updated_at` timestamp NOT NULL DEFAULT current_timestamp() ON UPDATE current_timestamp(),
  `deleted_at` timestamp NULL DEFAULT NULL
) ENGINE=InnoDB DEFAULT CHARSET=utf8mb4 COLLATE=utf8mb4_general_ci;

-- --------------------------------------------------------

--
-- Estructura de tabla para la tabla `revista_docente`
--

CREATE TABLE `revista_docente` (
  `id` int(11) NOT NULL,
  `revista_id` int(11) NOT NULL,
  `docente_id` int(11) NOT NULL,
  `created_at` timestamp NOT NULL DEFAULT current_timestamp()
) ENGINE=InnoDB DEFAULT CHARSET=utf8mb4 COLLATE=utf8mb4_general_ci;

-- --------------------------------------------------------

--
-- Estructura de tabla para la tabla `roles`
--

CREATE TABLE `roles` (
  `id` int(11) NOT NULL,
  `nombre` varchar(100) NOT NULL,
  `descripcion` text DEFAULT NULL,
  `created_at` timestamp NOT NULL DEFAULT current_timestamp(),
  `updated_at` timestamp NOT NULL DEFAULT current_timestamp() ON UPDATE current_timestamp(),
  `delete_at` timestamp NULL DEFAULT NULL
) ENGINE=InnoDB DEFAULT CHARSET=utf8mb4 COLLATE=utf8mb4_general_ci;

--
-- Volcado de datos para la tabla `roles`
--

INSERT INTO `roles` (`id`, `nombre`, `descripcion`, `created_at`, `updated_at`, `delete_at`) VALUES
(1, 'Director General', 'Rol de primer nivel', '2025-08-29 16:02:11', '2025-09-23 19:59:05', NULL),
(2, 'Jefe de Unidad Académica', 'Rol de segundo nivel', '2025-08-29 16:02:11', '2025-08-29 16:02:11', NULL),
(3, 'Asistente Administrativo', 'Rol de tercer nivel', '2025-08-29 16:02:11', '2025-08-29 16:02:11', NULL),
(4, 'Coordinador', 'Rol de cuarto nivel', '2025-08-29 16:02:11', '2025-08-29 16:02:11', NULL),
(5, 'Docente', 'Rol docente', '2025-08-29 16:02:11', '2025-08-30 00:33:55', NULL),
(7, 'Prueba2', 'Ramiro', '2025-08-29 22:12:01', '2025-08-29 22:26:05', '2025-08-29 22:26:05'),
(8, 'Prueba', '--', '2025-09-13 00:34:00', '2025-09-13 00:34:00', NULL);

-- --------------------------------------------------------

--
-- Estructura de tabla para la tabla `servicios_complementarios`
--

CREATE TABLE `servicios_complementarios` (
  `id` int(11) NOT NULL,
  `nombre` varchar(150) NOT NULL,
  `descripcion` text DEFAULT NULL,
  `ubicacion` varchar(200) DEFAULT NULL,
  `personal` varchar(150) DEFAULT NULL,
  `imagen` varchar(255) DEFAULT NULL,
  `is_active` tinyint(1) DEFAULT 1,
  `created_at` timestamp NOT NULL DEFAULT current_timestamp(),
  `updated_at` timestamp NOT NULL DEFAULT current_timestamp() ON UPDATE current_timestamp(),
  `deleted_at` timestamp NULL DEFAULT NULL
) ENGINE=InnoDB DEFAULT CHARSET=utf8mb4 COLLATE=utf8mb4_general_ci;

--
-- Volcado de datos para la tabla `servicios_complementarios`
--

INSERT INTO `servicios_complementarios` (`id`, `nombre`, `descripcion`, `ubicacion`, `personal`, `imagen`, `is_active`, `created_at`, `updated_at`, `deleted_at`) VALUES
(8, 'Biblioteca - Centro de Recursos de Aprendizaje', 'Nuestra biblioteca es un lugar esencial para el aprendizaje y la investigación...', '-', 'Sec. Ejec. Jhuniza Pajuelo Toledo', './images/SERV_IMG_gAYlQbT2Gk_1760994949.png', 1, '2025-10-20 16:15:49', '2025-10-22 17:43:44', '2025-10-22 17:43:44'),
(9, 'Tópico institucional - Atención de Salud Escolar', 'El tópico institucional del instituto superior tecnológico Publico “Javier Pulgar Vidal”, brinda un servicio de atención médica: en primeros auxilios y asistencia médica básica a estudiantes, docentes y personal administrativo.', '-', 'Lic. Enf. Yesmy Kassanda Meza Alvarado', './images/SERV_IMG_K3HMUUftnn_1760995015.png', 1, '2025-10-20 16:16:55', '2025-10-22 17:43:39', '2025-10-22 17:43:39'),
(10, 'Biblioteca - Centro de Recursos de Aprendizaje', 'Nuestra biblioteca es un lugar esencial para el aprendizaje y la investigación.', '-', '-', './images/SERV_IMG_NGfxyi0y3I_1761242025.jpg', 1, '2025-10-23 12:53:45', '2025-10-23 12:53:45', NULL),
(11, 'Tópico institucional - Atención de Salud Escolar', 'El tópico institucional brinda un servicio de atención médica: en primeros auxilios y asistencia médica básica a estudiantes, docentes y personal administrativo.', '-', '-', './images/SERV_IMG_9qbQ4wvZP3_1761242053.jpg', 1, '2025-10-23 12:54:13', '2025-10-23 12:54:13', NULL);

-- --------------------------------------------------------

--
-- Estructura de tabla para la tabla `sistemas`
--

CREATE TABLE `sistemas` (
  `id` int(11) NOT NULL,
  `nombre` varchar(100) NOT NULL,
  `icono` varchar(255) DEFAULT NULL,
  `link` varchar(255) DEFAULT NULL,
  `is_active` tinyint(1) DEFAULT 1,
  `created_at` datetime DEFAULT current_timestamp(),
  `updated_at` datetime DEFAULT current_timestamp() ON UPDATE current_timestamp(),
  `deleted_at` datetime DEFAULT NULL
) ENGINE=InnoDB DEFAULT CHARSET=latin1 COLLATE=latin1_swedish_ci;

--
-- Volcado de datos para la tabla `sistemas`
--

INSERT INTO `sistemas` (`id`, `nombre`, `icono`, `link`, `is_active`, `created_at`, `updated_at`, `deleted_at`) VALUES
(4, 'Sistema de Gestión Académica (SGA)', 'fa-solid fa-book', 'https://sga.iesjdch.edu.pe/', 1, '2025-10-16 15:50:36', '2025-10-22 15:24:14', NULL),
(6, 'Bolsa Laboral', 'fa-solid fa-building', 'https://bolsa-laboral.iesjdch.edu.pe/', 1, '2025-10-22 15:21:10', '2025-10-22 15:21:10', NULL),
(7, 'Mesa de partes', 'fa-solid fa-book-open', 'https://sga.iesjdch.edu.pe/tramite_documentario/registrar', 1, '2025-10-22 15:22:59', '2025-10-22 15:22:59', NULL),
(8, 'Plataforma Virtual', 'fa-solid fa-user-graduate', 'https://eva.iesjdch.edu.pe/login/index.php', 1, '2025-10-22 15:24:41', '2025-10-22 15:24:41', NULL);

-- --------------------------------------------------------

--
-- Estructura de tabla para la tabla `slider`
--

CREATE TABLE `slider` (
  `id` bigint(20) UNSIGNED NOT NULL,
  `foto` varchar(255) NOT NULL,
  `is_active` tinyint(1) DEFAULT 1,
  `created_at` timestamp NULL DEFAULT current_timestamp(),
  `updated_at` timestamp NULL DEFAULT current_timestamp() ON UPDATE current_timestamp(),
  `deleted_at` timestamp NULL DEFAULT NULL
) ENGINE=InnoDB DEFAULT CHARSET=utf8mb4 COLLATE=utf8mb4_unicode_ci;

--
-- Volcado de datos para la tabla `slider`
--

INSERT INTO `slider` (`id`, `foto`, `is_active`, `created_at`, `updated_at`, `deleted_at`) VALUES
(1, 'sliders/1761163844_contract_(1).jpg', 1, '2025-10-13 16:22:03', '2025-11-03 15:58:37', '2025-11-03 15:58:37'),
(2, 'sliders/1761163857_contract_(2).jpg', 1, '2025-10-13 16:22:20', '2025-10-22 15:10:57', NULL),
(3, 'sliders/1761163866_contract_(3).jpg', 1, '2025-10-22 15:11:06', '2025-11-03 15:57:14', '2025-11-03 15:57:14'),
(4, 'sliders/1761163881_contract_(4).jpg', 1, '2025-10-22 15:11:21', '2025-11-03 15:57:27', '2025-11-03 15:57:27'),
(5, 'sliders/1762204637_portada_final_-_copia.jpg', 1, '2025-11-03 16:10:21', '2025-11-03 16:17:17', NULL);

-- --------------------------------------------------------

--
-- Estructura de tabla para la tabla `submodulos`
--

CREATE TABLE `submodulos` (
  `id` bigint(20) UNSIGNED NOT NULL,
  `header_id` bigint(20) UNSIGNED NOT NULL,
  `nombre` varchar(255) NOT NULL,
  `is_active` tinyint(1) NOT NULL DEFAULT 0,
  `created_at` timestamp NULL DEFAULT current_timestamp(),
  `updated_at` timestamp NULL DEFAULT current_timestamp() ON UPDATE current_timestamp(),
  `deleted_at` timestamp NULL DEFAULT NULL
) ENGINE=InnoDB DEFAULT CHARSET=utf8mb4 COLLATE=utf8mb4_unicode_ci;

--
-- Volcado de datos para la tabla `submodulos`
--

INSERT INTO `submodulos` (`id`, `header_id`, `nombre`, `is_active`, `created_at`, `updated_at`, `deleted_at`) VALUES
(1, 2, 'Presentación y reseña histórica', 1, '2025-09-29 21:11:58', '2025-10-14 22:33:58', NULL),
(2, 2, 'Misión, visión y valores', 1, '2025-09-29 21:11:58', '2025-09-29 21:11:58', NULL),
(3, 2, 'Organización institucional', 1, '2025-09-29 21:11:58', '2025-09-29 21:11:58', NULL),
(4, 2, 'Plana jerárquica', 1, '2025-09-29 21:11:58', '2025-09-29 21:11:58', NULL),
(5, 2, 'Plana docente', 1, '2025-09-29 21:11:58', '2025-09-29 21:11:58', NULL),
(6, 2, 'Locales', 1, '2025-09-29 21:11:58', '2025-09-29 21:11:58', NULL),
(7, 4, 'Admisión 2025', 1, '2025-09-29 21:11:58', '2025-09-29 21:11:58', NULL),
(8, 4, 'Matrícula', 1, '2025-09-29 21:11:58', '2025-09-29 21:11:58', NULL),
(9, 4, 'Becas y Créditos', 1, '2025-09-29 21:11:58', '2025-09-29 21:11:58', NULL),
(10, 5, 'Documentos de gestión', 1, '2025-09-29 21:11:58', '2025-09-29 21:11:58', NULL),
(11, 5, 'Inversiones y recursos económicos', 1, '2025-09-29 21:11:58', '2025-09-29 21:11:58', NULL),
(12, 5, 'Libro de reclamaciones', 1, '2025-09-29 21:11:58', '2025-09-29 21:11:58', NULL),
(13, 5, 'Licenciamiento', 1, '2025-09-29 21:11:58', '2025-09-29 21:11:58', NULL),
(14, 5, 'Estadística', 1, '2025-09-29 21:11:58', '2025-09-29 21:11:58', NULL),
(15, 6, 'TUPA', 1, '2025-09-29 21:11:58', '2025-09-29 21:11:58', NULL),
(16, 6, 'Procesos Académicos', 1, '2025-09-29 21:11:58', '2025-09-29 21:11:58', NULL),
(17, 6, 'Servicios de trámite', 1, '2025-09-29 21:11:58', '2025-09-29 21:11:58', NULL),
(18, 7, 'Servicios complementarios', 1, '2025-09-29 21:11:58', '2025-10-23 12:51:09', NULL),
(19, 8, 'Galería', 1, '2025-09-29 21:11:58', '2025-09-29 21:11:58', NULL),
(20, 3, 'EFSRT', 1, '2025-09-30 19:09:50', '2025-09-30 19:09:50', NULL),
(21, 7, 'Biblioteca virtual', 1, '2025-09-30 19:11:14', '2025-09-30 19:11:14', NULL),
(23, 7, 'Sistema de gestión académica', 1, '2025-09-30 19:11:14', '2025-10-23 17:39:24', NULL),
(24, 7, 'Bolsa laboral', 1, '2025-09-30 19:11:14', '2025-09-30 19:11:14', NULL),
(25, 7, 'Aula virtual', 1, '2025-09-30 19:11:14', '2025-09-30 19:11:14', NULL),
(26, 8, 'Noticias', 1, '2025-09-30 19:11:56', '2025-09-30 19:11:56', NULL),
(28, 7, 'Mesa de Partes', 1, '2025-10-23 17:40:30', '2025-10-23 17:40:30', NULL),
(29, 5, 'Revistas', 1, '2026-06-06 02:05:16', '2026-06-06 02:05:16', NULL);

-- --------------------------------------------------------

--
-- Estructura de tabla para la tabla `tema_estadistico`
--

CREATE TABLE `tema_estadistico` (
  `id` int(11) NOT NULL,
  `tema` varchar(200) NOT NULL,
  `is_active` tinyint(1) DEFAULT 1,
  `created_at` timestamp NOT NULL DEFAULT current_timestamp(),
  `updated_at` timestamp NOT NULL DEFAULT current_timestamp() ON UPDATE current_timestamp(),
  `deleted_at` timestamp NULL DEFAULT NULL
) ENGINE=InnoDB DEFAULT CHARSET=utf8mb4 COLLATE=utf8mb4_general_ci;

--
-- Volcado de datos para la tabla `tema_estadistico`
--

INSERT INTO `tema_estadistico` (`id`, `tema`, `is_active`, `created_at`, `updated_at`, `deleted_at`) VALUES
(1, 'INGRESANTES', 1, '2025-09-04 19:32:56', '2025-09-04 19:32:56', NULL),
(2, 'EGRESADOS', 1, '2025-09-04 19:32:56', '2025-09-04 19:32:56', NULL),
(3, 'TITULADOS', 1, '2025-09-04 19:32:56', '2025-09-04 19:32:56', NULL),
(4, 'MATRICULADOS', 1, '2025-09-04 19:32:56', '2025-09-04 19:32:56', NULL);

-- --------------------------------------------------------

--
-- Estructura de tabla para la tabla `tipo_documentos`
--

CREATE TABLE `tipo_documentos` (
  `id` int(11) NOT NULL,
  `nombre_corto` varchar(10) NOT NULL,
  `nombre` varchar(100) NOT NULL,
  `is_active` tinyint(1) DEFAULT 1,
  `created_at` timestamp NOT NULL DEFAULT current_timestamp(),
  `updated_at` timestamp NOT NULL DEFAULT current_timestamp() ON UPDATE current_timestamp(),
  `deleted_at` timestamp NULL DEFAULT NULL
) ENGINE=InnoDB DEFAULT CHARSET=utf8mb4 COLLATE=utf8mb4_general_ci;

--
-- Volcado de datos para la tabla `tipo_documentos`
--

INSERT INTO `tipo_documentos` (`id`, `nombre_corto`, `nombre`, `is_active`, `created_at`, `updated_at`, `deleted_at`) VALUES
(1, 'DNI', 'Documento Nacional de Identidad', 1, '2025-09-25 16:49:50', '2025-09-26 15:17:19', NULL),
(2, 'Carnet', 'Carnet de Extranjería', 1, '2025-09-26 16:21:19', '2025-09-26 16:21:19', NULL);

-- --------------------------------------------------------

--
-- Estructura de tabla para la tabla `tipo_inversiones`
--

CREATE TABLE `tipo_inversiones` (
  `id` int(11) NOT NULL,
  `nombre` varchar(150) NOT NULL,
  `is_active` tinyint(1) DEFAULT 1,
  `created_at` timestamp NOT NULL DEFAULT current_timestamp(),
  `updated_at` timestamp NOT NULL DEFAULT current_timestamp() ON UPDATE current_timestamp(),
  `deleted_at` timestamp NULL DEFAULT NULL
) ENGINE=InnoDB DEFAULT CHARSET=utf8mb4 COLLATE=utf8mb4_general_ci;

--
-- Volcado de datos para la tabla `tipo_inversiones`
--

INSERT INTO `tipo_inversiones` (`id`, `nombre`, `is_active`, `created_at`, `updated_at`, `deleted_at`) VALUES
(1, 'Inversiones y Reinversiones', 1, '2025-09-04 17:56:22', '2025-09-04 17:56:22', NULL),
(2, 'Obras de Infraestructura', 1, '2025-09-04 17:56:22', '2025-09-04 17:56:22', NULL),
(3, 'Donaciones y Aportes', 1, '2025-09-04 17:56:22', '2025-09-04 17:56:22', NULL);

-- --------------------------------------------------------

--
-- Estructura de tabla para la tabla `tipo_reclamacion`
--

CREATE TABLE `tipo_reclamacion` (
  `id` int(11) NOT NULL,
  `nombre` varchar(50) NOT NULL,
  `descripcion` varchar(255) NOT NULL,
  `is_active` tinyint(1) NOT NULL DEFAULT 1,
  `created_at` timestamp NULL DEFAULT current_timestamp(),
  `updated_at` timestamp NULL DEFAULT current_timestamp() ON UPDATE current_timestamp()
) ENGINE=InnoDB DEFAULT CHARSET=utf8mb4 COLLATE=utf8mb4_unicode_ci;

--
-- Volcado de datos para la tabla `tipo_reclamacion`
--

INSERT INTO `tipo_reclamacion` (`id`, `nombre`, `descripcion`, `is_active`, `created_at`, `updated_at`) VALUES
(1, 'Reclamo', 'Disconformidad relacionada con los servicios educativos prestados o el cobro de los mismos.', 1, '2025-09-17 22:23:55', '2025-09-17 22:23:55'),
(2, 'Queja', 'Disconformidad no relacionada directamente con los servicios, sino con la atención al público.', 1, '2025-09-17 22:23:55', '2025-09-17 22:23:55'),
(3, 'Sugerencia', 'Propuesta de mejora para optimizar nuestros servicios y atención al usuario.', 1, '2025-09-17 22:23:55', '2025-09-17 22:23:55');

-- --------------------------------------------------------

--
-- Estructura de tabla para la tabla `tupa`
--

CREATE TABLE `tupa` (
  `id` int(11) NOT NULL,
  `concepto` varchar(200) NOT NULL,
  `monto` decimal(10,2) NOT NULL,
  `is_active` tinyint(1) DEFAULT 1,
  `created_at` timestamp NOT NULL DEFAULT current_timestamp(),
  `updated_at` timestamp NOT NULL DEFAULT current_timestamp() ON UPDATE current_timestamp(),
  `deleted_at` timestamp NULL DEFAULT NULL
) ENGINE=InnoDB DEFAULT CHARSET=utf8mb4 COLLATE=utf8mb4_general_ci;

--
-- Volcado de datos para la tabla `tupa`
--

INSERT INTO `tupa` (`id`, `concepto`, `monto`, `is_active`, `created_at`, `updated_at`, `deleted_at`) VALUES
(48, 'qwerty', 12.00, 1, '2025-10-24 00:59:05', '2025-10-24 00:59:11', '2025-10-24 00:59:11'),
(49, 'Inscripcion Admision Modalidad Ordinario + Carpeta de Postulante + Prospecto', 90.00, 1, '2025-12-15 13:48:03', '2025-12-15 13:48:03', NULL),
(50, 'Inscripcion Admision Modalidad Extraordinario + Carpeta de postulante + Prospecto', 120.00, 1, '2025-12-15 14:40:25', '2025-12-15 14:40:25', NULL),
(51, 'Traslado Externo a otro IEST', 300.00, 1, '2025-12-15 14:41:22', '2025-12-15 14:41:22', NULL),
(52, 'formato de certificado de estudios en caso de solicitar parcial', 15.00, 1, '2025-12-15 14:41:34', '2025-12-15 14:41:34', NULL),
(53, 'Traslado Externo Proveniente de otro IESTP', 50.00, 1, '2025-12-15 14:42:16', '2025-12-15 14:42:16', NULL),
(54, 'experiencia de certificados de estudios por(semestre)', 25.00, 1, '2025-12-15 14:43:12', '2025-12-15 14:43:12', NULL),
(55, 'Folder de Sustentacion de Trabajo de Aplicacion Profecional o Examen de Suficiencia Profesional', 15.00, 1, '2025-12-15 14:44:25', '2025-12-15 14:44:25', NULL),
(56, 'Folder de Sustentacion de Trabajo de Aplicacion Profecional o Examen de Suficiencia Profesional', 15.00, 1, '2025-12-15 14:44:27', '2025-12-15 14:44:27', NULL),
(57, 'Folder de Sustentacion de Trabajo de Aplicacion Profecional o Examen de Suficiencia Profesional', 15.00, 1, '2025-12-15 14:44:30', '2025-12-15 14:44:30', NULL),
(58, 'Derecho de Examen de Suficiencia Profesional', 100.00, 1, '2025-12-15 14:47:23', '2025-12-15 14:47:23', NULL),
(59, 'Derecho de Declaración de Expedito para Examen de Suficiencia Profecional', 50.00, 1, '2025-12-15 14:50:19', '2025-12-15 14:50:19', NULL),
(60, 'Presentacion de Originalidad Tema del Trabajo de Aplicación Profecional', 150.00, 1, '2025-12-15 14:51:59', '2025-12-15 14:51:59', NULL),
(61, 'Revison  de Borrador del Trabajo de Aplicación Profecional', 150.00, 1, '2025-12-16 14:49:25', '2025-12-16 14:49:25', NULL),
(62, 'Derecho de Sustentación del Trabajo de Aplicacion Profecional', 200.00, 1, '2025-12-16 14:50:34', '2025-12-16 14:50:34', NULL),
(63, 'Derecho de Declaración de Expedito para Trabajo de  Aplicación Profecional', 50.00, 1, '2025-12-16 14:52:27', '2025-12-16 14:52:27', NULL),
(64, 'Folder de Titulación', 15.00, 1, '2025-12-16 14:54:24', '2025-12-16 14:54:24', NULL),
(65, 'Carpeta de Titulación de otras Instituciones', 50.00, 1, '2025-12-16 14:55:35', '2025-12-16 14:55:35', NULL),
(66, 'Derecho de Declaración de Expedito para el Proceso de Titulación', 50.00, 1, '2025-12-16 14:57:17', '2025-12-16 14:57:17', NULL),
(67, 'Derecho de Declaración de Expedito para el Proceso de Titulación', 50.00, 1, '2025-12-16 14:57:19', '2025-12-16 14:57:19', NULL),
(68, 'Derecho por Formato y Caligrafiado de Titulo acorde a la RVM-277-2019-MINEDU', 80.00, 1, '2025-12-16 14:59:56', '2025-12-16 14:59:56', NULL),
(69, 'Derecho de Tramite de Titulo al Ministerio de Educación', 150.00, 1, '2025-12-16 15:01:44', '2025-12-16 15:01:44', NULL),
(70, 'Medalla de Titulo + Porta Titulo', 100.00, 1, '2025-12-16 15:06:34', '2025-12-16 15:06:34', NULL),
(71, 'Derecho de Tramite de Visación de Títulos en la Dirección Regional de Educacion Puno', 15.00, 1, '2025-12-16 15:09:43', '2025-12-16 15:09:43', NULL),
(72, 'Autorización para Titularse en Otra Institución', 200.00, 1, '2025-12-16 15:13:24', '2025-12-16 15:13:24', NULL),
(73, 'Historial de Notas (de todos los semestres estudiados)', 6.00, 1, '2025-12-16 15:24:32', '2025-12-16 15:24:32', NULL),
(74, 'Reporte de Record de Notas (por Semestre)', 6.00, 1, '2025-12-16 15:26:08', '2025-12-16 15:26:08', NULL),
(75, 'Reporte de Record de Notas Integrales del I al VI Semestre', 36.00, 1, '2025-12-16 15:27:56', '2025-12-16 15:27:56', NULL),
(76, 'Constancia de Ingreso', 10.00, 1, '2025-12-16 15:28:32', '2025-12-16 15:28:32', NULL),
(77, 'Constancia de Estudio', 10.00, 1, '2025-12-16 15:29:00', '2025-12-16 15:29:00', NULL),
(78, 'Constancia de Matricula', 10.00, 1, '2025-12-16 15:29:27', '2025-12-16 15:29:27', NULL),
(79, 'Constancia de Egresado', 10.00, 1, '2025-12-16 15:29:46', '2025-12-16 15:29:46', NULL),
(80, 'Constancia de no Adeudar ni compromiso pendiente con el Instituto', 10.00, 1, '2025-12-16 15:32:04', '2025-12-16 15:32:04', NULL),
(81, 'Constancia  de Titulo en Tramite', 10.00, 1, '2025-12-16 15:41:03', '2025-12-16 15:41:03', NULL),
(82, 'Constancia de Consolidación de Nota Modular', 10.00, 1, '2025-12-16 15:42:14', '2025-12-16 15:42:14', NULL),
(83, 'Constancia de registro de Egresado (SISTEMA CONECTA MINEDU)', 10.00, 1, '2025-12-16 15:43:19', '2025-12-16 15:43:19', NULL),
(84, 'Constancia de Donación de Libro', 10.00, 1, '2025-12-16 15:44:25', '2025-12-16 15:44:25', NULL),
(85, 'Constancia de Traslado Licencia', 10.00, 1, '2025-12-16 15:45:08', '2025-12-16 15:45:08', NULL),
(86, 'Constancia de Aprobación de Segunda Lengua', 10.00, 1, '2025-12-16 15:45:52', '2025-12-16 15:45:52', NULL),
(87, 'Constancia de haber Realizado y Aprobado Experiencias Formativas en Situaciones Reales de Trabajo', 10.00, 1, '2025-12-16 15:47:46', '2025-12-16 15:47:46', NULL),
(88, 'Constancia de haber Realizado y Aprobado el trabajo de aplicación profecional y/o  Examen de Suficiencis Profecional', 10.00, 1, '2025-12-16 15:49:53', '2025-12-16 15:49:53', NULL),
(89, 'Diploma de Egresado', 10.00, 1, '2025-12-16 15:50:18', '2025-12-16 15:50:18', NULL),
(90, 'Desarchivamiento de Documentos emitidos', 20.00, 1, '2025-12-16 15:51:19', '2025-12-16 15:51:19', NULL),
(91, 'Expedicion  de certificados de estudios integrales del I al VI semestre', 150.00, 1, '2025-12-16 16:24:29', '2025-12-16 16:24:29', NULL),
(92, 'matricula de ingresantes  y ratificacion de matricula  para estudiantes regulares', 100.00, 1, '2025-12-16 16:26:27', '2025-12-16 16:26:27', NULL),
(93, 'matricula de ingresantes y ratificacion de matricula extemporanea', 130.00, 1, '2025-12-16 16:28:46', '2025-12-16 16:28:46', NULL),
(94, 'descuento  por hermanos  a partir  de segundo semestres (2do hno. 50%)', 50.00, 1, '2025-12-16 16:30:29', '2025-12-16 16:30:29', NULL),
(95, 'descuento por primer puesto (exonerado 100%)', 0.00, 1, '2025-12-16 16:31:49', '2025-12-16 16:31:49', NULL),
(96, 'descuento por segundo puesto (exonerado 50%)', 50.00, 1, '2025-12-16 16:32:49', '2025-12-16 16:32:49', NULL),
(97, 'descuento por tercer puesto ( exonerado 25%)', 75.00, 1, '2025-12-16 16:34:21', '2025-12-16 16:34:21', NULL),
(98, 'matricula por cursos de cargo en el semestre inmediato /anterior', 80.00, 1, '2025-12-16 16:36:22', '2025-12-16 16:36:22', NULL),
(99, 'licencia por estudios (por un año academico)', 120.00, 1, '2025-12-16 16:37:59', '2025-12-16 16:37:59', NULL),
(100, 'reserva de matricula ( por un año academico)', 50.00, 1, '2025-12-16 16:38:35', '2025-12-16 16:38:35', NULL),
(101, 'derechoss por reincorporacion a estudios', 50.00, 1, '2025-12-16 16:39:12', '2025-12-16 16:39:12', NULL),
(102, 'convalidacion de estudios de plan de estudios ( por unidad didactica', 30.00, 1, '2025-12-16 16:40:52', '2025-12-16 16:40:52', NULL),
(103, 'convalidacionde estudios por la modalidad  de otras competencias laborales (por unidad didactica)', 50.00, 1, '2025-12-16 16:42:24', '2025-12-16 16:42:24', NULL),
(104, 'autorizacion y evaluacion extraordinario ( por unidad didactica )', 120.00, 1, '2025-12-16 16:43:58', '2025-12-16 16:43:58', NULL),
(105, 'recuperacion (por unidad didactica)', 50.00, 1, '2025-12-16 16:44:47', '2025-12-16 16:44:47', NULL),
(106, 'juego de formato menbretado para experiencias formativas en situaciones reales  de trabajo', 20.00, 1, '2025-12-16 16:47:02', '2025-12-16 16:47:02', NULL),
(107, 'monitoreo de EFSRT (practicas pre-profecionales)ambito jose domingo choquehuanca', 35.00, 1, '2025-12-16 16:48:27', '2025-12-16 16:48:27', NULL),
(108, 'monitoreo de EFSRT (practicas pre-profecionales) localidades aledas', 25.00, 1, '2025-12-16 16:49:35', '2025-12-16 16:49:35', NULL),
(109, 'revicion de informe de EFSRT por modulo', 25.00, 1, '2025-12-16 16:50:50', '2025-12-16 16:50:50', NULL),
(110, 'certificado por modulo profesional', 30.00, 1, '2025-12-16 16:51:31', '2025-12-16 16:51:31', NULL),
(111, 'fedatear docuementos por hoja', 1.00, 1, '2025-12-16 16:52:22', '2025-12-16 16:52:22', NULL),
(112, 'restificacion de nombres y apellidos', 120.00, 1, '2025-12-16 16:53:09', '2025-12-16 16:53:09', NULL),
(113, 'carnet institucional', 10.00, 1, '2025-12-16 16:53:40', '2025-12-16 16:53:40', NULL),
(114, 'por copia simple de documentos (por hoja)', 0.10, 1, '2025-12-16 16:54:25', '2025-12-16 16:54:25', NULL),
(115, 'compra de CD - ROM institucional con las  sesiones aprendizaje', 5.00, 1, '2025-12-16 16:55:54', '2025-12-16 16:55:54', NULL),
(116, 'alquiler de computadoras (por hoja) para estudiantes', 2.00, 1, '2025-12-16 16:56:43', '2025-12-16 16:56:43', NULL),
(117, 'alquiler por computadoras ( por hoja) para engresados', 5.00, 1, '2025-12-16 16:57:51', '2025-12-16 16:57:51', NULL),
(118, 'alquiler de equipos multimedio ( por hora)', 20.00, 1, '2025-12-16 16:58:33', '2025-12-16 16:58:33', NULL),
(119, 'alquiler de aulas  por mes (por cinco horas diarias)', 200.00, 1, '2025-12-16 16:59:33', '2025-12-16 16:59:33', NULL),
(120, 'alquiler  de auditorium', 100.00, 1, '2025-12-16 17:00:28', '2025-12-16 17:00:28', NULL),
(121, 'alquiler de equipos de sonido', 50.00, 1, '2025-12-16 17:01:11', '2025-12-16 17:01:11', NULL),
(122, 'alquiler de kiosco - cafetin', 80.00, 1, '2025-12-16 17:02:05', '2025-12-16 17:02:05', NULL);

-- --------------------------------------------------------

--
-- Estructura de tabla para la tabla `turno`
--

CREATE TABLE `turno` (
  `id` int(11) NOT NULL,
  `nombre` varchar(100) NOT NULL,
  `is_active` tinyint(1) DEFAULT 1,
  `created_at` timestamp NOT NULL DEFAULT current_timestamp(),
  `updated_at` timestamp NOT NULL DEFAULT current_timestamp() ON UPDATE current_timestamp(),
  `deleted_at` timestamp NULL DEFAULT NULL
) ENGINE=InnoDB DEFAULT CHARSET=utf8mb4 COLLATE=utf8mb4_general_ci;

--
-- Volcado de datos para la tabla `turno`
--

INSERT INTO `turno` (`id`, `nombre`, `is_active`, `created_at`, `updated_at`, `deleted_at`) VALUES
(1, 'Turno Mañana', 1, '2025-09-01 21:50:59', '2025-09-01 21:50:59', NULL),
(2, 'Turno Tarde', 1, '2025-09-01 21:50:59', '2025-09-01 21:50:59', NULL),
(3, 'Turno Noche', 1, '2025-09-01 21:50:59', '2025-09-01 21:50:59', NULL);

-- --------------------------------------------------------

--
-- Estructura de tabla para la tabla `unidades_didacticas`
--

CREATE TABLE `unidades_didacticas` (
  `id` bigint(20) NOT NULL,
  `plana_docente_id` int(11) NOT NULL,
  `programa_curso_id` int(11) NOT NULL,
  `is_active` tinyint(1) NOT NULL DEFAULT 1,
  `created_at` timestamp NULL DEFAULT current_timestamp(),
  `updated_at` timestamp NULL DEFAULT current_timestamp() ON UPDATE current_timestamp()
) ENGINE=InnoDB DEFAULT CHARSET=utf8mb4 COLLATE=utf8mb4_unicode_ci;

--
-- Volcado de datos para la tabla `unidades_didacticas`
--

INSERT INTO `unidades_didacticas` (`id`, `plana_docente_id`, `programa_curso_id`, `is_active`, `created_at`, `updated_at`) VALUES
(11, 90, 229, 1, '2025-11-17 13:40:23', '2025-11-17 13:40:23'),
(12, 85, 273, 1, '2025-12-03 15:58:37', '2025-12-03 15:58:37'),
(13, 86, 266, 1, '2025-12-03 15:59:46', '2025-12-03 15:59:46'),
(14, 85, 265, 1, '2025-12-04 14:41:25', '2025-12-04 14:41:25'),
(15, 89, 253, 1, '2025-12-04 14:46:30', '2025-12-04 14:46:30'),
(16, 94, 238, 1, '2025-12-04 14:47:35', '2025-12-04 14:47:35'),
(17, 93, 272, 1, '2025-12-04 14:48:41', '2025-12-04 14:48:41'),
(18, 91, 250, 1, '2025-12-04 14:49:52', '2025-12-04 14:49:52'),
(19, 91, 265, 1, '2025-12-04 14:50:22', '2025-12-04 14:50:22'),
(20, 84, 269, 1, '2025-12-04 14:51:58', '2025-12-04 14:51:58'),
(21, 84, 272, 1, '2025-12-04 14:52:19', '2025-12-04 14:52:19'),
(22, 84, 274, 1, '2025-12-04 14:52:36', '2025-12-04 14:52:36'),
(23, 87, 252, 1, '2025-12-04 14:53:39', '2025-12-04 14:53:39'),
(24, 87, 267, 1, '2025-12-04 14:54:11', '2025-12-04 14:54:11');

-- --------------------------------------------------------

--
-- Estructura de tabla para la tabla `valores`
--

CREATE TABLE `valores` (
  `id` int(11) NOT NULL,
  `nombre` varchar(150) NOT NULL,
  `descripcion` text DEFAULT NULL,
  `icono` varchar(100) DEFAULT NULL,
  `is_active` tinyint(1) DEFAULT 1,
  `created_at` timestamp NOT NULL DEFAULT current_timestamp(),
  `updated_at` timestamp NOT NULL DEFAULT current_timestamp() ON UPDATE current_timestamp(),
  `deleted_at` timestamp NULL DEFAULT NULL
) ENGINE=InnoDB DEFAULT CHARSET=utf8mb4 COLLATE=utf8mb4_general_ci;

--
-- Volcado de datos para la tabla `valores`
--

INSERT INTO `valores` (`id`, `nombre`, `descripcion`, `icono`, `is_active`, `created_at`, `updated_at`, `deleted_at`) VALUES
(1, 'Respeto a la diversidad', 'Reconocer y valorar la diversidad cultural, social y natural de la Amazonía.', 'fa-solid fa-users', 1, '2025-08-29 20:22:17', '2025-10-03 00:27:53', '2025-10-03 00:27:53'),
(2, 'Integridad', 'Honestidad, transparencia y coherencia entre principios y acciones, siendo ejemplo para la comunidad.', 'fa-solid fa-shield-halved', 1, '2025-08-29 20:22:17', '2025-10-02 00:13:41', '2025-10-02 00:13:41'),
(3, 'Innovación', 'Creatividad, pensamiento crítico y búsqueda constante de nuevas formas de enseñar y aprender.', 'fa-solid fa-bolt', 1, '2025-08-29 20:22:17', '2025-10-02 00:13:36', '2025-10-02 00:13:36'),
(4, 'Respeto', 'Inclusión y dignidad para cada persona, reconociendo su valor único.', 'fa-solid fa-heart', 1, '2025-08-29 20:22:17', '2025-10-02 00:13:32', '2025-10-02 00:13:32'),
(5, 'Responsabilidad', 'Compromiso serio y consciente con el impacto de nuestras acciones en la sociedad.', 'fa-solid fa-briefcase', 1, '2025-08-29 20:22:17', '2025-10-02 00:13:28', '2025-10-02 00:13:28'),
(6, 'Solidaridad', 'Colaboración, apoyo mutuo y compromiso social para construir una comunidad más justa.', 'fa-solid fa-user-group', 1, '2025-08-29 20:22:17', '2025-10-02 00:13:22', '2025-10-02 00:13:22'),
(8, 'Prueba', '--', 'fa-solid fa-flask', 1, '2025-09-11 19:28:32', '2025-09-11 19:28:39', '2025-09-11 19:28:39'),
(9, 'Responsabilidad', 'Cumplir con los deberes académicos, sociales y ambientales.', 'fa-solid fa-user-group', 1, '2025-10-02 00:15:36', '2025-10-03 00:27:49', '2025-10-03 00:27:49'),
(10, 'Solidaridad', 'Practicar la ayuda mutua y el trabajo comunitario.', 'fa-solid fa-heart', 1, '2025-10-02 00:15:54', '2025-10-03 00:27:44', '2025-10-03 00:27:44'),
(11, 'Identidad y orgullo local', 'Fortalecer el sentido de pertenencia a Puerto Inca y orgullo por la cultura local.', 'fa-solid fa-user', 1, '2025-10-02 00:16:09', '2025-10-03 00:27:40', '2025-10-03 00:27:40'),
(12, 'Honestidad e integridad', 'Actuar con transparencia y rectitud en todas las acciones.', 'fa-solid fa-shield-halved', 1, '2025-10-02 00:16:31', '2025-10-03 00:27:26', '2025-10-03 00:27:26'),
(13, 'Innovación', 'Buscar nuevas formas de aprendizaje y solución de problemas.', 'fa-solid fa-lightbulb', 1, '2025-10-02 00:16:44', '2025-10-03 00:27:31', '2025-10-03 00:27:31'),
(14, 'Sostenibilidad', 'Promover prácticas sostenibles que preserven los recursos naturales.', 'fa-solid fa-bolt', 1, '2025-10-02 00:17:02', '2025-10-03 00:27:35', '2025-10-03 00:27:35'),
(15, 'INTEGRIDAD', 'Es decir, se puede afirmar que una persona es íntegra cuando actúa de acuerdo a las ideas que siempre ha manifestado. Esto significa que es confiable.', 'fa-solid fa-users', 1, '2025-10-14 21:50:10', '2025-10-20 09:35:03', NULL),
(16, 'Respeto', 'Valoramos la diversidad, la convivencia armoniosa y la dignidad de todas las personas.', 'fa-solid fa-user', 1, '2025-10-14 21:50:27', '2025-10-20 09:34:11', '2025-10-20 09:34:11'),
(17, 'Transparencia', 'Etica y transparencia profesional educativa entre la comunidad del IESTP', 'fa-solid fa-award', 1, '2025-10-14 22:37:54', '2025-10-20 09:34:07', '2025-10-20 09:34:07'),
(18, 'RESPETO', 'Actuamos de una manera correcta y atenta, respetando la dignidad de todos los miembros de la comunidad educativa.', 'fa-solid fa-user', 1, '2025-10-20 09:35:21', '2025-10-20 09:35:21', NULL),
(19, 'TOLERANCIA', 'Es uno de los valores que permite mejorar las relaciones interpersonales entre los miembros de la comunidad educativa.', 'fa-solid fa-heart', 1, '2025-10-20 09:35:31', '2025-10-20 09:35:31', NULL),
(20, 'EMPATIA', 'Valor que nos hace que los miembros de la comunidad educativa se ayuden entre sí, practicando el altruismo, el amor y preocupación por los demás, y la capacidad de ayudar.', 'fa-solid fa-lightbulb', 1, '2025-10-20 09:35:51', '2025-10-20 09:35:51', NULL),
(21, 'VERDAD', 'En IES, la verdad se evidencia en las acciones realizadas concordantes entre aquello que se afirma con lo que se sabe, se siente o se piensa.', 'fa-solid fa-bolt', 1, '2025-10-20 09:36:03', '2025-10-20 09:36:03', NULL),
(22, 'EQUIDAD', 'En el IES practicamos esta cualidad, dando a cada uno lo que se merece en función de sus méritos o condiciones, no favoreciendo en el trato a una persona o perjudicando a otra.', 'fa-solid fa-user-group', 1, '2025-10-20 09:36:23', '2025-10-20 09:36:23', NULL),
(23, 'SOLIDARIDAD', 'Esto implica generosidad, desprendimiento, espíritu de cooperación y participación dentro del contexto institucional y social, con la participación del personal directivo, docente, administrativo y estudiantes en general de nuestra comunidad educativa.', 'fa-solid fa-globe', 1, '2025-10-20 09:36:39', '2025-10-20 09:36:39', NULL),
(24, 'HONESTIDAD', 'Corresponde a la valoración y el uso de la verdad en todo momento, donde cada actividad, labor e interacción se hace con completa transparencia, sin mentiras.Este valor es y debe ser aplicado por todos los miembros de la comunidad educativa, desde aquellos de alto rango hasta los de menor rango, y no solo debe ser manejado entre ellos, sino hacia cualquier público en el que se enfoque nuestra institución.', 'fa-solid fa-briefcase', 1, '2025-10-20 09:36:51', '2025-10-20 09:36:51', NULL),
(25, 'RESPONSABILIDAD', 'Este es uno de los valores más importantes de la comunidad educativa, ya que permiten que una organización cumpla con lo que promete, ya sea como un servicio hacia su público de enfoque o de parte de los trabajadores, quienes deben cumplir con sus labores.', 'fa-solid fa-rocket', 1, '2025-10-20 09:37:04', '2025-10-20 09:37:04', NULL);

-- --------------------------------------------------------

--
-- Estructura de tabla para la tabla `vision`
--

CREATE TABLE `vision` (
  `id` int(11) NOT NULL,
  `descripcion` text NOT NULL,
  `created_at` timestamp NOT NULL DEFAULT current_timestamp(),
  `updated_at` timestamp NOT NULL DEFAULT current_timestamp() ON UPDATE current_timestamp(),
  `deleted_at` timestamp NULL DEFAULT NULL
) ENGINE=InnoDB DEFAULT CHARSET=utf8mb4 COLLATE=utf8mb4_general_ci;

--
-- Volcado de datos para la tabla `vision`
--

INSERT INTO `vision` (`id`, `descripcion`, `created_at`, `updated_at`, `deleted_at`) VALUES
(1, 'Al 2029, ser un Instituto de Educación Superior líder en la formación integral e inclusiva, promotor de la innovación, emprendimiento, productividad y competitividad, con una oferta formativa de calidad en atención a la demanda laboral del sector productivo, comprometidos a contribuir con la sostenibilidad de la región y del país.', '2025-08-29 20:21:32', '2025-10-20 09:33:53', NULL);

--
-- Índices para tablas volcadas
--

--
-- Indices de la tabla `admision_cronograma`
--
ALTER TABLE `admision_cronograma`
  ADD PRIMARY KEY (`id`);

--
-- Indices de la tabla `admision_documentos`
--
ALTER TABLE `admision_documentos`
  ADD PRIMARY KEY (`id`);

--
-- Indices de la tabla `admision_exonerados`
--
ALTER TABLE `admision_exonerados`
  ADD PRIMARY KEY (`id`);

--
-- Indices de la tabla `admision_modalidades`
--
ALTER TABLE `admision_modalidades`
  ADD PRIMARY KEY (`id`);

--
-- Indices de la tabla `admision_pasos`
--
ALTER TABLE `admision_pasos`
  ADD PRIMARY KEY (`id`);

--
-- Indices de la tabla `admision_proceso`
--
ALTER TABLE `admision_proceso`
  ADD PRIMARY KEY (`id`),
  ADD KEY `fk_proceso_paso` (`admision_paso_id`);

--
-- Indices de la tabla `admision_requisitos`
--
ALTER TABLE `admision_requisitos`
  ADD PRIMARY KEY (`id`),
  ADD KEY `fk_requisito_documento` (`admision_documentos_id`);

--
-- Indices de la tabla `admision_resultados`
--
ALTER TABLE `admision_resultados`
  ADD PRIMARY KEY (`id`),
  ADD KEY `fk_resultado_programa` (`programa_id`),
  ADD KEY `fk_resultado_turno` (`turno_id`);

--
-- Indices de la tabla `admision_titulo`
--
ALTER TABLE `admision_titulo`
  ADD PRIMARY KEY (`id`);

--
-- Indices de la tabla `admision_vacantes`
--
ALTER TABLE `admision_vacantes`
  ADD PRIMARY KEY (`id`),
  ADD KEY `fk_vacantes_programa` (`programa_estudio_id`);

--
-- Indices de la tabla `anio_estadistico`
--
ALTER TABLE `anio_estadistico`
  ADD PRIMARY KEY (`id`);

--
-- Indices de la tabla `becas_beneficiario`
--
ALTER TABLE `becas_beneficiario`
  ADD PRIMARY KEY (`id`),
  ADD KEY `fk_beneficiario_programa` (`programa_id`),
  ADD KEY `fk_beneficiario_beca` (`tipo_beca_id`);

--
-- Indices de la tabla `becas_proceso`
--
ALTER TABLE `becas_proceso`
  ADD PRIMARY KEY (`id`);

--
-- Indices de la tabla `becas_tipo`
--
ALTER TABLE `becas_tipo`
  ADD PRIMARY KEY (`id`);

--
-- Indices de la tabla `colores`
--
ALTER TABLE `colores`
  ADD PRIMARY KEY (`id`),
  ADD UNIQUE KEY `clave` (`clave`);

--
-- Indices de la tabla `datos_academicos`
--
ALTER TABLE `datos_academicos`
  ADD PRIMARY KEY (`id`),
  ADD KEY `fk_academico_docente` (`docente_id`);

--
-- Indices de la tabla `datos_laborales`
--
ALTER TABLE `datos_laborales`
  ADD PRIMARY KEY (`id`),
  ADD KEY `fk_laboral_docente` (`docente_id`);

--
-- Indices de la tabla `datos_personales`
--
ALTER TABLE `datos_personales`
  ADD PRIMARY KEY (`id`),
  ADD UNIQUE KEY `correo` (`correo`),
  ADD KEY `fk_datos_docente` (`docente_id`);

--
-- Indices de la tabla `derechos_consumidor`
--
ALTER TABLE `derechos_consumidor`
  ADD PRIMARY KEY (`id`);

--
-- Indices de la tabla `documentos_gestion`
--
ALTER TABLE `documentos_gestion`
  ADD PRIMARY KEY (`id`);

--
-- Indices de la tabla `estadistica`
--
ALTER TABLE `estadistica`
  ADD PRIMARY KEY (`id`),
  ADD KEY `fk_estadistica_tema` (`tema_estadistico_id`),
  ADD KEY `fk_estadistica_programa` (`programa_estudio_id`),
  ADD KEY `fk_estadistica_anio` (`anio_estadistico_id`);

--
-- Indices de la tabla `estado_reclamo`
--
ALTER TABLE `estado_reclamo`
  ADD PRIMARY KEY (`id`);

--
-- Indices de la tabla `header`
--
ALTER TABLE `header`
  ADD PRIMARY KEY (`id`);

--
-- Indices de la tabla `horario_atencion`
--
ALTER TABLE `horario_atencion`
  ADD PRIMARY KEY (`id`),
  ADD KEY `fk_horario_servicio` (`servicio_complementario_id`);

--
-- Indices de la tabla `informacion_contacto`
--
ALTER TABLE `informacion_contacto`
  ADD PRIMARY KEY (`id`);

--
-- Indices de la tabla `info_importante`
--
ALTER TABLE `info_importante`
  ADD PRIMARY KEY (`id`);

--
-- Indices de la tabla `inicio_beneficios`
--
ALTER TABLE `inicio_beneficios`
  ADD PRIMARY KEY (`id`);

--
-- Indices de la tabla `inicio_carrusel`
--
ALTER TABLE `inicio_carrusel`
  ADD PRIMARY KEY (`id`);

--
-- Indices de la tabla `inicio_estadistica`
--
ALTER TABLE `inicio_estadistica`
  ADD PRIMARY KEY (`id`);

--
-- Indices de la tabla `inicio_hero`
--
ALTER TABLE `inicio_hero`
  ADD PRIMARY KEY (`id`);

--
-- Indices de la tabla `inicio_servicios`
--
ALTER TABLE `inicio_servicios`
  ADD PRIMARY KEY (`id`);

--
-- Indices de la tabla `inicio_testimonios`
--
ALTER TABLE `inicio_testimonios`
  ADD PRIMARY KEY (`id`);

--
-- Indices de la tabla `inversiones`
--
ALTER TABLE `inversiones`
  ADD PRIMARY KEY (`id`),
  ADD KEY `fk_inversion_tipo` (`tipo_inversion_id`);

--
-- Indices de la tabla `licenciamiento`
--
ALTER TABLE `licenciamiento`
  ADD PRIMARY KEY (`id`);

--
-- Indices de la tabla `links_institucionales`
--
ALTER TABLE `links_institucionales`
  ADD PRIMARY KEY (`id`);

--
-- Indices de la tabla `locales`
--
ALTER TABLE `locales`
  ADD PRIMARY KEY (`id`);

--
-- Indices de la tabla `logo`
--
ALTER TABLE `logo`
  ADD PRIMARY KEY (`id`);

--
-- Indices de la tabla `marco_legal`
--
ALTER TABLE `marco_legal`
  ADD PRIMARY KEY (`id`);

--
-- Indices de la tabla `matricula_cronograma`
--
ALTER TABLE `matricula_cronograma`
  ADD PRIMARY KEY (`id`);

--
-- Indices de la tabla `matricula_detalle_requisitos`
--
ALTER TABLE `matricula_detalle_requisitos`
  ADD PRIMARY KEY (`id`),
  ADD KEY `fk_detalle_requisito` (`matricula_requisitos_id`);

--
-- Indices de la tabla `matricula_pasos`
--
ALTER TABLE `matricula_pasos`
  ADD PRIMARY KEY (`id`);

--
-- Indices de la tabla `matricula_requisitos`
--
ALTER TABLE `matricula_requisitos`
  ADD PRIMARY KEY (`id`);

--
-- Indices de la tabla `matricula_tipos`
--
ALTER TABLE `matricula_tipos`
  ADD PRIMARY KEY (`id`);

--
-- Indices de la tabla `migrations`
--
ALTER TABLE `migrations`
  ADD PRIMARY KEY (`id`);

--
-- Indices de la tabla `mision`
--
ALTER TABLE `mision`
  ADD PRIMARY KEY (`id`);

--
-- Indices de la tabla `modulos`
--
ALTER TABLE `modulos`
  ADD PRIMARY KEY (`id`);

--
-- Indices de la tabla `noticias`
--
ALTER TABLE `noticias`
  ADD PRIMARY KEY (`id`);

--
-- Indices de la tabla `organigrama`
--
ALTER TABLE `organigrama`
  ADD PRIMARY KEY (`id`);

--
-- Indices de la tabla `permisos`
--
ALTER TABLE `permisos`
  ADD PRIMARY KEY (`id`),
  ADD UNIQUE KEY `uq_permiso` (`id_rol`,`id_modulo`),
  ADD KEY `fk_permiso_modulo` (`id_modulo`);

--
-- Indices de la tabla `plana_docente`
--
ALTER TABLE `plana_docente`
  ADD PRIMARY KEY (`id`),
  ADD UNIQUE KEY `correo` (`correo`),
  ADD KEY `fk_docente_programa` (`programa_estudio_id`);

--
-- Indices de la tabla `plana_jerarquica`
--
ALTER TABLE `plana_jerarquica`
  ADD PRIMARY KEY (`id`);

--
-- Indices de la tabla `popup`
--
ALTER TABLE `popup`
  ADD PRIMARY KEY (`id`);

--
-- Indices de la tabla `presentacion`
--
ALTER TABLE `presentacion`
  ADD PRIMARY KEY (`id`);

--
-- Indices de la tabla `programas_convenios`
--
ALTER TABLE `programas_convenios`
  ADD PRIMARY KEY (`id`),
  ADD KEY `fk_convenio_programa` (`programa_id`);

--
-- Indices de la tabla `programas_estudios`
--
ALTER TABLE `programas_estudios`
  ADD PRIMARY KEY (`id`);

--
-- Indices de la tabla `programa_areas`
--
ALTER TABLE `programa_areas`
  ADD PRIMARY KEY (`id`),
  ADD KEY `fk_area_programa` (`programa_id`);

--
-- Indices de la tabla `programa_coordinador`
--
ALTER TABLE `programa_coordinador`
  ADD PRIMARY KEY (`id`),
  ADD KEY `fk_coordinador_programa` (`programa_id`);

--
-- Indices de la tabla `programa_cursos_malla`
--
ALTER TABLE `programa_cursos_malla`
  ADD PRIMARY KEY (`id`),
  ADD KEY `fk_curso_semestre` (`semestre_malla_id`);

--
-- Indices de la tabla `programa_egresados`
--
ALTER TABLE `programa_egresados`
  ADD PRIMARY KEY (`id`),
  ADD KEY `fk_egresado_programa` (`programa_id`);

--
-- Indices de la tabla `programa_galeria`
--
ALTER TABLE `programa_galeria`
  ADD PRIMARY KEY (`id`),
  ADD KEY `fk_galeria_programa` (`programa_id`);

--
-- Indices de la tabla `programa_informacion`
--
ALTER TABLE `programa_informacion`
  ADD PRIMARY KEY (`id`),
  ADD KEY `fk_programa_info` (`programa_id`);

--
-- Indices de la tabla `programa_modulos_malla`
--
ALTER TABLE `programa_modulos_malla`
  ADD PRIMARY KEY (`id`),
  ADD KEY `fk_modulo_programa` (`programa_id`);

--
-- Indices de la tabla `programa_perfil`
--
ALTER TABLE `programa_perfil`
  ADD PRIMARY KEY (`id`),
  ADD KEY `fk_perfil_programa` (`programa_id`);

--
-- Indices de la tabla `programa_semestres_malla`
--
ALTER TABLE `programa_semestres_malla`
  ADD PRIMARY KEY (`id`),
  ADD KEY `fk_semestre_modulo` (`modulo_malla_id`);

--
-- Indices de la tabla `reclamos`
--
ALTER TABLE `reclamos`
  ADD PRIMARY KEY (`id`),
  ADD KEY `fk_reclamos_tipo_doc` (`tipo_documento_id`),
  ADD KEY `fk_reclamos_tipo_reclamacion` (`tipo_reclamacion_id`),
  ADD KEY `fk_reclamos_estado` (`estado_id`);

--
-- Indices de la tabla `redes_sociales`
--
ALTER TABLE `redes_sociales`
  ADD PRIMARY KEY (`id`);

--
-- Indices de la tabla `resenia`
--
ALTER TABLE `resenia`
  ADD PRIMARY KEY (`id`);

--
-- Indices de la tabla `revistas`
--
ALTER TABLE `revistas`
  ADD PRIMARY KEY (`id`);

--
-- Indices de la tabla `revista_docente`
--
ALTER TABLE `revista_docente`
  ADD PRIMARY KEY (`id`),
  ADD KEY `revista_id` (`revista_id`),
  ADD KEY `docente_id` (`docente_id`);

--
-- Indices de la tabla `roles`
--
ALTER TABLE `roles`
  ADD PRIMARY KEY (`id`);

--
-- Indices de la tabla `servicios_complementarios`
--
ALTER TABLE `servicios_complementarios`
  ADD PRIMARY KEY (`id`);

--
-- Indices de la tabla `sistemas`
--
ALTER TABLE `sistemas`
  ADD PRIMARY KEY (`id`);

--
-- Indices de la tabla `slider`
--
ALTER TABLE `slider`
  ADD PRIMARY KEY (`id`);

--
-- Indices de la tabla `submodulos`
--
ALTER TABLE `submodulos`
  ADD PRIMARY KEY (`id`),
  ADD KEY `fk_submodulos_header` (`header_id`);

--
-- Indices de la tabla `tema_estadistico`
--
ALTER TABLE `tema_estadistico`
  ADD PRIMARY KEY (`id`);

--
-- Indices de la tabla `tipo_documentos`
--
ALTER TABLE `tipo_documentos`
  ADD PRIMARY KEY (`id`);

--
-- Indices de la tabla `tipo_inversiones`
--
ALTER TABLE `tipo_inversiones`
  ADD PRIMARY KEY (`id`);

--
-- Indices de la tabla `tipo_reclamacion`
--
ALTER TABLE `tipo_reclamacion`
  ADD PRIMARY KEY (`id`);

--
-- Indices de la tabla `tupa`
--
ALTER TABLE `tupa`
  ADD PRIMARY KEY (`id`);

--
-- Indices de la tabla `turno`
--
ALTER TABLE `turno`
  ADD PRIMARY KEY (`id`);

--
-- Indices de la tabla `unidades_didacticas`
--
ALTER TABLE `unidades_didacticas`
  ADD PRIMARY KEY (`id`),
  ADD KEY `fk_unidades_docente` (`plana_docente_id`),
  ADD KEY `fk_unidades_curso` (`programa_curso_id`);

--
-- Indices de la tabla `valores`
--
ALTER TABLE `valores`
  ADD PRIMARY KEY (`id`);

--
-- Indices de la tabla `vision`
--
ALTER TABLE `vision`
  ADD PRIMARY KEY (`id`);

--
-- AUTO_INCREMENT de las tablas volcadas
--

--
-- AUTO_INCREMENT de la tabla `admision_cronograma`
--
ALTER TABLE `admision_cronograma`
  MODIFY `id` int(11) NOT NULL AUTO_INCREMENT, AUTO_INCREMENT=13;

--
-- AUTO_INCREMENT de la tabla `admision_documentos`
--
ALTER TABLE `admision_documentos`
  MODIFY `id` int(11) NOT NULL AUTO_INCREMENT, AUTO_INCREMENT=3;

--
-- AUTO_INCREMENT de la tabla `admision_exonerados`
--
ALTER TABLE `admision_exonerados`
  MODIFY `id` int(11) NOT NULL AUTO_INCREMENT, AUTO_INCREMENT=13;

--
-- AUTO_INCREMENT de la tabla `admision_modalidades`
--
ALTER TABLE `admision_modalidades`
  MODIFY `id` int(11) NOT NULL AUTO_INCREMENT, AUTO_INCREMENT=10;

--
-- AUTO_INCREMENT de la tabla `admision_pasos`
--
ALTER TABLE `admision_pasos`
  MODIFY `id` int(11) NOT NULL AUTO_INCREMENT, AUTO_INCREMENT=15;

--
-- AUTO_INCREMENT de la tabla `admision_proceso`
--
ALTER TABLE `admision_proceso`
  MODIFY `id` int(11) NOT NULL AUTO_INCREMENT, AUTO_INCREMENT=26;

--
-- AUTO_INCREMENT de la tabla `admision_requisitos`
--
ALTER TABLE `admision_requisitos`
  MODIFY `id` int(11) NOT NULL AUTO_INCREMENT, AUTO_INCREMENT=24;

--
-- AUTO_INCREMENT de la tabla `admision_resultados`
--
ALTER TABLE `admision_resultados`
  MODIFY `id` int(11) NOT NULL AUTO_INCREMENT, AUTO_INCREMENT=11;

--
-- AUTO_INCREMENT de la tabla `admision_titulo`
--
ALTER TABLE `admision_titulo`
  MODIFY `id` int(11) NOT NULL AUTO_INCREMENT, AUTO_INCREMENT=2;

--
-- AUTO_INCREMENT de la tabla `admision_vacantes`
--
ALTER TABLE `admision_vacantes`
  MODIFY `id` int(11) NOT NULL AUTO_INCREMENT, AUTO_INCREMENT=10;

--
-- AUTO_INCREMENT de la tabla `anio_estadistico`
--
ALTER TABLE `anio_estadistico`
  MODIFY `id` int(11) NOT NULL AUTO_INCREMENT, AUTO_INCREMENT=7;

--
-- AUTO_INCREMENT de la tabla `becas_beneficiario`
--
ALTER TABLE `becas_beneficiario`
  MODIFY `id` int(11) NOT NULL AUTO_INCREMENT, AUTO_INCREMENT=29;

--
-- AUTO_INCREMENT de la tabla `becas_proceso`
--
ALTER TABLE `becas_proceso`
  MODIFY `id` int(11) NOT NULL AUTO_INCREMENT, AUTO_INCREMENT=7;

--
-- AUTO_INCREMENT de la tabla `becas_tipo`
--
ALTER TABLE `becas_tipo`
  MODIFY `id` int(11) NOT NULL AUTO_INCREMENT, AUTO_INCREMENT=10;

--
-- AUTO_INCREMENT de la tabla `colores`
--
ALTER TABLE `colores`
  MODIFY `id` int(11) NOT NULL AUTO_INCREMENT, AUTO_INCREMENT=6;

--
-- AUTO_INCREMENT de la tabla `datos_academicos`
--
ALTER TABLE `datos_academicos`
  MODIFY `id` int(11) NOT NULL AUTO_INCREMENT, AUTO_INCREMENT=2;

--
-- AUTO_INCREMENT de la tabla `datos_laborales`
--
ALTER TABLE `datos_laborales`
  MODIFY `id` int(11) NOT NULL AUTO_INCREMENT, AUTO_INCREMENT=2;

--
-- AUTO_INCREMENT de la tabla `datos_personales`
--
ALTER TABLE `datos_personales`
  MODIFY `id` int(11) NOT NULL AUTO_INCREMENT, AUTO_INCREMENT=6;

--
-- AUTO_INCREMENT de la tabla `derechos_consumidor`
--
ALTER TABLE `derechos_consumidor`
  MODIFY `id` int(11) NOT NULL AUTO_INCREMENT, AUTO_INCREMENT=15;

--
-- AUTO_INCREMENT de la tabla `documentos_gestion`
--
ALTER TABLE `documentos_gestion`
  MODIFY `id` int(11) NOT NULL AUTO_INCREMENT, AUTO_INCREMENT=27;

--
-- AUTO_INCREMENT de la tabla `estadistica`
--
ALTER TABLE `estadistica`
  MODIFY `id` int(11) NOT NULL AUTO_INCREMENT, AUTO_INCREMENT=129;

--
-- AUTO_INCREMENT de la tabla `estado_reclamo`
--
ALTER TABLE `estado_reclamo`
  MODIFY `id` int(11) NOT NULL AUTO_INCREMENT, AUTO_INCREMENT=5;

--
-- AUTO_INCREMENT de la tabla `header`
--
ALTER TABLE `header`
  MODIFY `id` bigint(20) UNSIGNED NOT NULL AUTO_INCREMENT, AUTO_INCREMENT=10;

--
-- AUTO_INCREMENT de la tabla `horario_atencion`
--
ALTER TABLE `horario_atencion`
  MODIFY `id` int(11) NOT NULL AUTO_INCREMENT, AUTO_INCREMENT=10;

--
-- AUTO_INCREMENT de la tabla `informacion_contacto`
--
ALTER TABLE `informacion_contacto`
  MODIFY `id` int(11) NOT NULL AUTO_INCREMENT, AUTO_INCREMENT=2;

--
-- AUTO_INCREMENT de la tabla `info_importante`
--
ALTER TABLE `info_importante`
  MODIFY `id` int(11) NOT NULL AUTO_INCREMENT, AUTO_INCREMENT=8;

--
-- AUTO_INCREMENT de la tabla `inicio_beneficios`
--
ALTER TABLE `inicio_beneficios`
  MODIFY `id` int(11) NOT NULL AUTO_INCREMENT, AUTO_INCREMENT=25;

--
-- AUTO_INCREMENT de la tabla `inicio_carrusel`
--
ALTER TABLE `inicio_carrusel`
  MODIFY `id` int(10) UNSIGNED NOT NULL AUTO_INCREMENT;

--
-- AUTO_INCREMENT de la tabla `inicio_estadistica`
--
ALTER TABLE `inicio_estadistica`
  MODIFY `id` int(11) NOT NULL AUTO_INCREMENT, AUTO_INCREMENT=13;

--
-- AUTO_INCREMENT de la tabla `inicio_hero`
--
ALTER TABLE `inicio_hero`
  MODIFY `id` int(11) NOT NULL AUTO_INCREMENT, AUTO_INCREMENT=2;

--
-- AUTO_INCREMENT de la tabla `inicio_servicios`
--
ALTER TABLE `inicio_servicios`
  MODIFY `id` int(11) NOT NULL AUTO_INCREMENT, AUTO_INCREMENT=15;

--
-- AUTO_INCREMENT de la tabla `inicio_testimonios`
--
ALTER TABLE `inicio_testimonios`
  MODIFY `id` int(11) NOT NULL AUTO_INCREMENT, AUTO_INCREMENT=11;

--
-- AUTO_INCREMENT de la tabla `inversiones`
--
ALTER TABLE `inversiones`
  MODIFY `id` int(11) NOT NULL AUTO_INCREMENT, AUTO_INCREMENT=15;

--
-- AUTO_INCREMENT de la tabla `licenciamiento`
--
ALTER TABLE `licenciamiento`
  MODIFY `id` int(11) NOT NULL AUTO_INCREMENT, AUTO_INCREMENT=12;

--
-- AUTO_INCREMENT de la tabla `links_institucionales`
--
ALTER TABLE `links_institucionales`
  MODIFY `id` int(11) NOT NULL AUTO_INCREMENT, AUTO_INCREMENT=5;

--
-- AUTO_INCREMENT de la tabla `locales`
--
ALTER TABLE `locales`
  MODIFY `id` int(11) NOT NULL AUTO_INCREMENT, AUTO_INCREMENT=5;

--
-- AUTO_INCREMENT de la tabla `logo`
--
ALTER TABLE `logo`
  MODIFY `id` int(11) NOT NULL AUTO_INCREMENT, AUTO_INCREMENT=2;

--
-- AUTO_INCREMENT de la tabla `marco_legal`
--
ALTER TABLE `marco_legal`
  MODIFY `id` int(11) NOT NULL AUTO_INCREMENT, AUTO_INCREMENT=4;

--
-- AUTO_INCREMENT de la tabla `matricula_cronograma`
--
ALTER TABLE `matricula_cronograma`
  MODIFY `id` int(11) NOT NULL AUTO_INCREMENT, AUTO_INCREMENT=6;

--
-- AUTO_INCREMENT de la tabla `matricula_detalle_requisitos`
--
ALTER TABLE `matricula_detalle_requisitos`
  MODIFY `id` int(11) NOT NULL AUTO_INCREMENT, AUTO_INCREMENT=36;

--
-- AUTO_INCREMENT de la tabla `matricula_pasos`
--
ALTER TABLE `matricula_pasos`
  MODIFY `id` int(11) NOT NULL AUTO_INCREMENT, AUTO_INCREMENT=12;

--
-- AUTO_INCREMENT de la tabla `matricula_requisitos`
--
ALTER TABLE `matricula_requisitos`
  MODIFY `id` int(11) NOT NULL AUTO_INCREMENT, AUTO_INCREMENT=14;

--
-- AUTO_INCREMENT de la tabla `matricula_tipos`
--
ALTER TABLE `matricula_tipos`
  MODIFY `id` int(11) NOT NULL AUTO_INCREMENT, AUTO_INCREMENT=11;

--
-- AUTO_INCREMENT de la tabla `migrations`
--
ALTER TABLE `migrations`
  MODIFY `id` int(10) UNSIGNED NOT NULL AUTO_INCREMENT, AUTO_INCREMENT=4;

--
-- AUTO_INCREMENT de la tabla `mision`
--
ALTER TABLE `mision`
  MODIFY `id` int(11) NOT NULL AUTO_INCREMENT, AUTO_INCREMENT=2;

--
-- AUTO_INCREMENT de la tabla `modulos`
--
ALTER TABLE `modulos`
  MODIFY `id` int(11) NOT NULL AUTO_INCREMENT, AUTO_INCREMENT=11;

--
-- AUTO_INCREMENT de la tabla `noticias`
--
ALTER TABLE `noticias`
  MODIFY `id` int(11) NOT NULL AUTO_INCREMENT, AUTO_INCREMENT=18;

--
-- AUTO_INCREMENT de la tabla `organigrama`
--
ALTER TABLE `organigrama`
  MODIFY `id` int(11) NOT NULL AUTO_INCREMENT, AUTO_INCREMENT=2;

--
-- AUTO_INCREMENT de la tabla `permisos`
--
ALTER TABLE `permisos`
  MODIFY `id` int(11) NOT NULL AUTO_INCREMENT, AUTO_INCREMENT=82;

--
-- AUTO_INCREMENT de la tabla `plana_docente`
--
ALTER TABLE `plana_docente`
  MODIFY `id` int(11) NOT NULL AUTO_INCREMENT, AUTO_INCREMENT=95;

--
-- AUTO_INCREMENT de la tabla `plana_jerarquica`
--
ALTER TABLE `plana_jerarquica`
  MODIFY `id` int(11) NOT NULL AUTO_INCREMENT, AUTO_INCREMENT=39;

--
-- AUTO_INCREMENT de la tabla `popup`
--
ALTER TABLE `popup`
  MODIFY `id` int(11) NOT NULL AUTO_INCREMENT, AUTO_INCREMENT=4;

--
-- AUTO_INCREMENT de la tabla `presentacion`
--
ALTER TABLE `presentacion`
  MODIFY `id` int(11) NOT NULL AUTO_INCREMENT, AUTO_INCREMENT=2;

--
-- AUTO_INCREMENT de la tabla `programas_convenios`
--
ALTER TABLE `programas_convenios`
  MODIFY `id` int(11) NOT NULL AUTO_INCREMENT, AUTO_INCREMENT=55;

--
-- AUTO_INCREMENT de la tabla `programas_estudios`
--
ALTER TABLE `programas_estudios`
  MODIFY `id` int(11) NOT NULL AUTO_INCREMENT, AUTO_INCREMENT=19;

--
-- AUTO_INCREMENT de la tabla `programa_areas`
--
ALTER TABLE `programa_areas`
  MODIFY `id` int(11) NOT NULL AUTO_INCREMENT, AUTO_INCREMENT=121;

--
-- AUTO_INCREMENT de la tabla `programa_coordinador`
--
ALTER TABLE `programa_coordinador`
  MODIFY `id` int(11) NOT NULL AUTO_INCREMENT, AUTO_INCREMENT=15;

--
-- AUTO_INCREMENT de la tabla `programa_cursos_malla`
--
ALTER TABLE `programa_cursos_malla`
  MODIFY `id` int(11) NOT NULL AUTO_INCREMENT, AUTO_INCREMENT=275;

--
-- AUTO_INCREMENT de la tabla `programa_egresados`
--
ALTER TABLE `programa_egresados`
  MODIFY `id` int(11) NOT NULL AUTO_INCREMENT, AUTO_INCREMENT=35;

--
-- AUTO_INCREMENT de la tabla `programa_galeria`
--
ALTER TABLE `programa_galeria`
  MODIFY `id` int(11) NOT NULL AUTO_INCREMENT, AUTO_INCREMENT=29;

--
-- AUTO_INCREMENT de la tabla `programa_informacion`
--
ALTER TABLE `programa_informacion`
  MODIFY `id` int(11) NOT NULL AUTO_INCREMENT, AUTO_INCREMENT=25;

--
-- AUTO_INCREMENT de la tabla `programa_modulos_malla`
--
ALTER TABLE `programa_modulos_malla`
  MODIFY `id` int(11) NOT NULL AUTO_INCREMENT, AUTO_INCREMENT=33;

--
-- AUTO_INCREMENT de la tabla `programa_perfil`
--
ALTER TABLE `programa_perfil`
  MODIFY `id` int(11) NOT NULL AUTO_INCREMENT, AUTO_INCREMENT=16;

--
-- AUTO_INCREMENT de la tabla `programa_semestres_malla`
--
ALTER TABLE `programa_semestres_malla`
  MODIFY `id` int(11) NOT NULL AUTO_INCREMENT, AUTO_INCREMENT=110;

--
-- AUTO_INCREMENT de la tabla `reclamos`
--
ALTER TABLE `reclamos`
  MODIFY `id` bigint(20) NOT NULL AUTO_INCREMENT, AUTO_INCREMENT=17;

--
-- AUTO_INCREMENT de la tabla `redes_sociales`
--
ALTER TABLE `redes_sociales`
  MODIFY `id` int(11) NOT NULL AUTO_INCREMENT, AUTO_INCREMENT=11;

--
-- AUTO_INCREMENT de la tabla `resenia`
--
ALTER TABLE `resenia`
  MODIFY `id` int(11) NOT NULL AUTO_INCREMENT, AUTO_INCREMENT=12;

--
-- AUTO_INCREMENT de la tabla `revistas`
--
ALTER TABLE `revistas`
  MODIFY `id` int(11) NOT NULL AUTO_INCREMENT;

--
-- AUTO_INCREMENT de la tabla `revista_docente`
--
ALTER TABLE `revista_docente`
  MODIFY `id` int(11) NOT NULL AUTO_INCREMENT;

--
-- AUTO_INCREMENT de la tabla `roles`
--
ALTER TABLE `roles`
  MODIFY `id` int(11) NOT NULL AUTO_INCREMENT, AUTO_INCREMENT=9;

--
-- AUTO_INCREMENT de la tabla `servicios_complementarios`
--
ALTER TABLE `servicios_complementarios`
  MODIFY `id` int(11) NOT NULL AUTO_INCREMENT, AUTO_INCREMENT=12;

--
-- AUTO_INCREMENT de la tabla `sistemas`
--
ALTER TABLE `sistemas`
  MODIFY `id` int(11) NOT NULL AUTO_INCREMENT, AUTO_INCREMENT=9;

--
-- AUTO_INCREMENT de la tabla `slider`
--
ALTER TABLE `slider`
  MODIFY `id` bigint(20) UNSIGNED NOT NULL AUTO_INCREMENT, AUTO_INCREMENT=6;

--
-- AUTO_INCREMENT de la tabla `submodulos`
--
ALTER TABLE `submodulos`
  MODIFY `id` bigint(20) UNSIGNED NOT NULL AUTO_INCREMENT, AUTO_INCREMENT=30;

--
-- AUTO_INCREMENT de la tabla `tema_estadistico`
--
ALTER TABLE `tema_estadistico`
  MODIFY `id` int(11) NOT NULL AUTO_INCREMENT, AUTO_INCREMENT=5;

--
-- AUTO_INCREMENT de la tabla `tipo_documentos`
--
ALTER TABLE `tipo_documentos`
  MODIFY `id` int(11) NOT NULL AUTO_INCREMENT, AUTO_INCREMENT=3;

--
-- AUTO_INCREMENT de la tabla `tipo_inversiones`
--
ALTER TABLE `tipo_inversiones`
  MODIFY `id` int(11) NOT NULL AUTO_INCREMENT, AUTO_INCREMENT=4;

--
-- AUTO_INCREMENT de la tabla `tipo_reclamacion`
--
ALTER TABLE `tipo_reclamacion`
  MODIFY `id` int(11) NOT NULL AUTO_INCREMENT, AUTO_INCREMENT=4;

--
-- AUTO_INCREMENT de la tabla `tupa`
--
ALTER TABLE `tupa`
  MODIFY `id` int(11) NOT NULL AUTO_INCREMENT, AUTO_INCREMENT=123;

--
-- AUTO_INCREMENT de la tabla `turno`
--
ALTER TABLE `turno`
  MODIFY `id` int(11) NOT NULL AUTO_INCREMENT, AUTO_INCREMENT=4;

--
-- AUTO_INCREMENT de la tabla `unidades_didacticas`
--
ALTER TABLE `unidades_didacticas`
  MODIFY `id` bigint(20) NOT NULL AUTO_INCREMENT, AUTO_INCREMENT=25;

--
-- AUTO_INCREMENT de la tabla `valores`
--
ALTER TABLE `valores`
  MODIFY `id` int(11) NOT NULL AUTO_INCREMENT, AUTO_INCREMENT=26;

--
-- AUTO_INCREMENT de la tabla `vision`
--
ALTER TABLE `vision`
  MODIFY `id` int(11) NOT NULL AUTO_INCREMENT, AUTO_INCREMENT=2;

--
-- Restricciones para tablas volcadas
--

--
-- Filtros para la tabla `admision_proceso`
--
ALTER TABLE `admision_proceso`
  ADD CONSTRAINT `fk_proceso_paso` FOREIGN KEY (`admision_paso_id`) REFERENCES `admision_pasos` (`id`);

--
-- Filtros para la tabla `admision_requisitos`
--
ALTER TABLE `admision_requisitos`
  ADD CONSTRAINT `fk_requisito_documento` FOREIGN KEY (`admision_documentos_id`) REFERENCES `admision_documentos` (`id`);

--
-- Filtros para la tabla `admision_resultados`
--
ALTER TABLE `admision_resultados`
  ADD CONSTRAINT `fk_resultado_programa` FOREIGN KEY (`programa_id`) REFERENCES `programas_estudios` (`id`),
  ADD CONSTRAINT `fk_resultado_turno` FOREIGN KEY (`turno_id`) REFERENCES `turno` (`id`);

--
-- Filtros para la tabla `admision_vacantes`
--
ALTER TABLE `admision_vacantes`
  ADD CONSTRAINT `fk_vacantes_programa` FOREIGN KEY (`programa_estudio_id`) REFERENCES `programas_estudios` (`id`);

--
-- Filtros para la tabla `becas_beneficiario`
--
ALTER TABLE `becas_beneficiario`
  ADD CONSTRAINT `fk_beneficiario_beca` FOREIGN KEY (`tipo_beca_id`) REFERENCES `becas_tipo` (`id`),
  ADD CONSTRAINT `fk_beneficiario_programa` FOREIGN KEY (`programa_id`) REFERENCES `programas_estudios` (`id`);

--
-- Filtros para la tabla `datos_academicos`
--
ALTER TABLE `datos_academicos`
  ADD CONSTRAINT `fk_academico_docente` FOREIGN KEY (`docente_id`) REFERENCES `plana_docente` (`id`);

--
-- Filtros para la tabla `datos_laborales`
--
ALTER TABLE `datos_laborales`
  ADD CONSTRAINT `fk_laboral_docente` FOREIGN KEY (`docente_id`) REFERENCES `plana_docente` (`id`);

--
-- Filtros para la tabla `datos_personales`
--
ALTER TABLE `datos_personales`
  ADD CONSTRAINT `fk_datos_docente` FOREIGN KEY (`docente_id`) REFERENCES `plana_docente` (`id`);

--
-- Filtros para la tabla `estadistica`
--
ALTER TABLE `estadistica`
  ADD CONSTRAINT `fk_estadistica_anio` FOREIGN KEY (`anio_estadistico_id`) REFERENCES `anio_estadistico` (`id`),
  ADD CONSTRAINT `fk_estadistica_programa` FOREIGN KEY (`programa_estudio_id`) REFERENCES `programas_estudios` (`id`),
  ADD CONSTRAINT `fk_estadistica_tema` FOREIGN KEY (`tema_estadistico_id`) REFERENCES `tema_estadistico` (`id`);

--
-- Filtros para la tabla `horario_atencion`
--
ALTER TABLE `horario_atencion`
  ADD CONSTRAINT `fk_horario_servicio` FOREIGN KEY (`servicio_complementario_id`) REFERENCES `servicios_complementarios` (`id`);

--
-- Filtros para la tabla `inversiones`
--
ALTER TABLE `inversiones`
  ADD CONSTRAINT `fk_inversion_tipo` FOREIGN KEY (`tipo_inversion_id`) REFERENCES `tipo_inversiones` (`id`);

--
-- Filtros para la tabla `matricula_detalle_requisitos`
--
ALTER TABLE `matricula_detalle_requisitos`
  ADD CONSTRAINT `fk_detalle_requisito` FOREIGN KEY (`matricula_requisitos_id`) REFERENCES `matricula_requisitos` (`id`);

--
-- Filtros para la tabla `permisos`
--
ALTER TABLE `permisos`
  ADD CONSTRAINT `fk_permiso_modulo` FOREIGN KEY (`id_modulo`) REFERENCES `modulos` (`id`),
  ADD CONSTRAINT `fk_permiso_rol` FOREIGN KEY (`id_rol`) REFERENCES `roles` (`id`);

--
-- Filtros para la tabla `plana_docente`
--
ALTER TABLE `plana_docente`
  ADD CONSTRAINT `fk_docente_programa` FOREIGN KEY (`programa_estudio_id`) REFERENCES `programas_estudios` (`id`);

--
-- Filtros para la tabla `programas_convenios`
--
ALTER TABLE `programas_convenios`
  ADD CONSTRAINT `fk_convenio_programa` FOREIGN KEY (`programa_id`) REFERENCES `programas_estudios` (`id`);

--
-- Filtros para la tabla `programa_areas`
--
ALTER TABLE `programa_areas`
  ADD CONSTRAINT `fk_area_programa` FOREIGN KEY (`programa_id`) REFERENCES `programas_estudios` (`id`);

--
-- Filtros para la tabla `programa_coordinador`
--
ALTER TABLE `programa_coordinador`
  ADD CONSTRAINT `fk_coordinador_programa` FOREIGN KEY (`programa_id`) REFERENCES `programas_estudios` (`id`);

--
-- Filtros para la tabla `programa_cursos_malla`
--
ALTER TABLE `programa_cursos_malla`
  ADD CONSTRAINT `fk_curso_semestre` FOREIGN KEY (`semestre_malla_id`) REFERENCES `programa_semestres_malla` (`id`);

--
-- Filtros para la tabla `programa_egresados`
--
ALTER TABLE `programa_egresados`
  ADD CONSTRAINT `fk_egresado_programa` FOREIGN KEY (`programa_id`) REFERENCES `programas_estudios` (`id`);

--
-- Filtros para la tabla `programa_galeria`
--
ALTER TABLE `programa_galeria`
  ADD CONSTRAINT `fk_galeria_programa` FOREIGN KEY (`programa_id`) REFERENCES `programas_estudios` (`id`);

--
-- Filtros para la tabla `programa_informacion`
--
ALTER TABLE `programa_informacion`
  ADD CONSTRAINT `fk_programa_info` FOREIGN KEY (`programa_id`) REFERENCES `programas_estudios` (`id`);

--
-- Filtros para la tabla `programa_modulos_malla`
--
ALTER TABLE `programa_modulos_malla`
  ADD CONSTRAINT `fk_modulo_programa` FOREIGN KEY (`programa_id`) REFERENCES `programas_estudios` (`id`);

--
-- Filtros para la tabla `programa_perfil`
--
ALTER TABLE `programa_perfil`
  ADD CONSTRAINT `fk_perfil_programa` FOREIGN KEY (`programa_id`) REFERENCES `programas_estudios` (`id`);

--
-- Filtros para la tabla `programa_semestres_malla`
--
ALTER TABLE `programa_semestres_malla`
  ADD CONSTRAINT `fk_semestre_modulo` FOREIGN KEY (`modulo_malla_id`) REFERENCES `programa_modulos_malla` (`id`);

--
-- Filtros para la tabla `reclamos`
--
ALTER TABLE `reclamos`
  ADD CONSTRAINT `fk_reclamos_estado` FOREIGN KEY (`estado_id`) REFERENCES `estado_reclamo` (`id`),
  ADD CONSTRAINT `fk_reclamos_tipo_doc` FOREIGN KEY (`tipo_documento_id`) REFERENCES `tipo_documentos` (`id`),
  ADD CONSTRAINT `fk_reclamos_tipo_reclamacion` FOREIGN KEY (`tipo_reclamacion_id`) REFERENCES `tipo_reclamacion` (`id`);

--
-- Filtros para la tabla `revista_docente`
--
ALTER TABLE `revista_docente`
  ADD CONSTRAINT `fk_revista_docente_docente` FOREIGN KEY (`docente_id`) REFERENCES `plana_docente` (`id`) ON DELETE CASCADE ON UPDATE CASCADE,
  ADD CONSTRAINT `fk_revista_docente_revista` FOREIGN KEY (`revista_id`) REFERENCES `revistas` (`id`) ON DELETE CASCADE ON UPDATE CASCADE;

--
-- Filtros para la tabla `submodulos`
--
ALTER TABLE `submodulos`
  ADD CONSTRAINT `fk_submodulos_header` FOREIGN KEY (`header_id`) REFERENCES `header` (`id`) ON DELETE CASCADE;

--
-- Filtros para la tabla `unidades_didacticas`
--
ALTER TABLE `unidades_didacticas`
  ADD CONSTRAINT `fk_unidades_curso` FOREIGN KEY (`programa_curso_id`) REFERENCES `programa_cursos_malla` (`id`) ON DELETE CASCADE ON UPDATE CASCADE,
  ADD CONSTRAINT `fk_unidades_docente` FOREIGN KEY (`plana_docente_id`) REFERENCES `plana_docente` (`id`) ON DELETE CASCADE ON UPDATE CASCADE;
COMMIT;

